{"version":"1.0","provider_name":"Steve L. Elkas Funeral Home","provider_url":"https:\/\/www.steveelkas.com\/en\/","title":"Abb\u00e9 Pierre Doyon &#8212; Steve L. Elkas Funeral Home","type":"rich","width":600,"height":338,"html":"<blockquote class=\"wp-embedded-content\" data-secret=\"OuZ2vnA0pP\"><a href=\"https:\/\/www.steveelkas.com\/en\/obituaries\/abbe-pierre-doyon\/\">Abb\u00e9 Pierre Doyon<\/a><\/blockquote><iframe sandbox=\"allow-scripts\" security=\"restricted\" src=\"https:\/\/www.steveelkas.com\/en\/obituaries\/abbe-pierre-doyon\/embed\/#?secret=OuZ2vnA0pP\" width=\"600\" height=\"338\" title=\"&#8220;Abb\u00e9 Pierre Doyon&#8221; &#8212; Steve L. Elkas Funeral Home\" data-secret=\"OuZ2vnA0pP\" frameborder=\"0\" marginwidth=\"0\" marginheight=\"0\" scrolling=\"no\" class=\"wp-embedded-content\"><\/iframe><script type=\"text\/javascript\">\n\/* <![CDATA[ *\/\n\/*! This file is auto-generated *\/\n!function(d,l){\"use strict\";l.querySelector&&d.addEventListener&&\"undefined\"!=typeof URL&&(d.wp=d.wp||{},d.wp.receiveEmbedMessage||(d.wp.receiveEmbedMessage=function(e){var t=e.data;if((t||t.secret||t.message||t.value)&&!\/[^a-zA-Z0-9]\/.test(t.secret)){for(var s,r,n,a=l.querySelectorAll('iframe[data-secret=\"'+t.secret+'\"]'),o=l.querySelectorAll('blockquote[data-secret=\"'+t.secret+'\"]'),c=new RegExp(\"^https?:$\",\"i\"),i=0;i<o.length;i++)o[i].style.display=\"none\";for(i=0;i<a.length;i++)s=a[i],e.source===s.contentWindow&&(s.removeAttribute(\"style\"),\"height\"===t.message?(1e3<(r=parseInt(t.value,10))?r=1e3:~~r<200&&(r=200),s.height=r):\"link\"===t.message&&(r=new URL(s.getAttribute(\"src\")),n=new URL(t.value),c.test(n.protocol))&&n.host===r.host&&l.activeElement===s&&(d.top.location.href=t.value))}},d.addEventListener(\"message\",d.wp.receiveEmbedMessage,!1),l.addEventListener(\"DOMContentLoaded\",function(){for(var e,t,s=l.querySelectorAll(\"iframe.wp-embedded-content\"),r=0;r<s.length;r++)(t=(e=s[r]).getAttribute(\"data-secret\"))||(t=Math.random().toString(36).substring(2,12),e.src+=\"#?secret=\"+t,e.setAttribute(\"data-secret\",t)),e.contentWindow.postMessage({message:\"ready\",secret:t},\"*\")},!1)))}(window,document);\n\/\/# sourceURL=https:\/\/www.steveelkas.com\/wp-includes\/js\/wp-embed.min.js\n\/* ]]> *\/\n<\/script>\n","thumbnail_url":"https:\/\/www.steveelkas.com\/wp-content\/uploads\/2022\/07\/Doyon-Pierre-2.jpg","thumbnail_width":289,"thumbnail_height":448,"description":"\u00c0 l\u2019H\u00f4tel-Dieu de Sherbrooke, le 13 juillet 2022 \u00e0 l\u2019\u00e2ge de 88 ans, est d\u00e9c\u00e9d\u00e9 l\u2019abb\u00e9 Pierre Doyon, fils de feu Henri Doyon et de feu Margaret Bisson. La famille vous accueillera au Complexe fun\u00e9raire Steve Elkas, 4230, rue Bertrand-Fabi, Sherbrooke, le vendredi 29 juillet 2022 de 14h \u00e0 16h et de 19h \u00e0 21h. [&hellip;]"}

Abbé Pierre Doyon &#8212; Steve L. Elkas Funeral Home

<blockquote class="wp-embedded-content" data-secret="OuZ2vnA0pP"><a href="https://www.steveelkas.com/en/obituaries/abbe-pierre-doyon/">Abbé Pierre Doyon</a></blockquote><iframe sandbox="allow-scripts" security="restricted" src="https://www.steveelkas.com/en/obituaries/abbe-pierre-doyon/embed/#?secret=OuZ2vnA0pP" width="600" height="338" title="&#8220;Abbé Pierre Doyon&#8221; &#8212; Steve L. Elkas Funeral Home" data-secret="OuZ2vnA0pP" frameborder="0" marginwidth="0" marginheight="0" scrolling="no" class="wp-embedded-content"></iframe><script type="text/javascript">
/* <![CDATA[ */
/*! This file is auto-generated */
!function(d,l){"use strict";l.querySelector&&d.addEventListener&&"undefined"!=typeof URL&&(d.wp=d.wp||{},d.wp.receiveEmbedMessage||(d.wp.receiveEmbedMessage=function(e){var t=e.data;if((t||t.secret||t.message||t.value)&&!/[^a-zA-Z0-9]/.test(t.secret)){for(var s,r,n,a=l.querySelectorAll('iframe[data-secret="'+t.secret+'"]'),o=l.querySelectorAll('blockquote[data-secret="'+t.secret+'"]'),c=new RegExp("^https?:$","i"),i=0;i<o.length;i++)o[i].style.display="none";for(i=0;i<a.length;i++)s=a[i],e.source===s.contentWindow&&(s.removeAttribute("style"),"height"===t.message?(1e3<(r=parseInt(t.value,10))?r=1e3:~~r<200&&(r=200),s.height=r):"link"===t.message&&(r=new URL(s.getAttribute("src")),n=new URL(t.value),c.test(n.protocol))&&n.host===r.host&&l.activeElement===s&&(d.top.location.href=t.value))}},d.addEventListener("message",d.wp.receiveEmbedMessage,!1),l.addEventListener("DOMContentLoaded",function(){for(var e,t,s=l.querySelectorAll("iframe.wp-embedded-content"),r=0;r<s.length;r++)(t=(e=s[r]).getAttribute("data-secret"))||(t=Math.random().toString(36).substring(2,12),e.src+="#?secret="+t,e.setAttribute("data-secret",t)),e.contentWindow.postMessage({message:"ready",secret:t},"*")},!1)))}(window,document);
//# sourceURL=https://www.steveelkas.com/wp-includes/js/wp-embed.min.js
/* ]]> */
</script>

À l’Hôtel-Dieu de Sherbrooke, le 13 juillet 2022 à l’âge de 88 ans, est décédé l’abbé Pierre Doyon, fils de feu Henri Doyon et de feu Margaret Bisson. La famille vous accueillera au Complexe funéraire Steve Elkas, 4230, rue Bertrand-Fabi, Sherbrooke, le vendredi 29 juillet 2022 de 14h à 16h et de 19h à 21h. [&hellip;]
