{"version":"1.0","provider_name":"Steve L. Elkas Funeral Home","provider_url":"https:\/\/www.steveelkas.com\/en\/","title":"Allyson Lambert &#8212; Steve L. Elkas Funeral Home","type":"rich","width":600,"height":338,"html":"<blockquote class=\"wp-embedded-content\" data-secret=\"gvikUqL5YD\"><a href=\"https:\/\/www.steveelkas.com\/en\/obituaries\/allyson-lambert\/\">Allyson Lambert<\/a><\/blockquote><iframe sandbox=\"allow-scripts\" security=\"restricted\" src=\"https:\/\/www.steveelkas.com\/en\/obituaries\/allyson-lambert\/embed\/#?secret=gvikUqL5YD\" width=\"600\" height=\"338\" title=\"&#8220;Allyson Lambert&#8221; &#8212; Steve L. Elkas Funeral Home\" data-secret=\"gvikUqL5YD\" frameborder=\"0\" marginwidth=\"0\" marginheight=\"0\" scrolling=\"no\" class=\"wp-embedded-content\"><\/iframe><script type=\"text\/javascript\">\n\/* <![CDATA[ *\/\n\/*! This file is auto-generated *\/\n!function(d,l){\"use strict\";l.querySelector&&d.addEventListener&&\"undefined\"!=typeof URL&&(d.wp=d.wp||{},d.wp.receiveEmbedMessage||(d.wp.receiveEmbedMessage=function(e){var t=e.data;if((t||t.secret||t.message||t.value)&&!\/[^a-zA-Z0-9]\/.test(t.secret)){for(var s,r,n,a=l.querySelectorAll('iframe[data-secret=\"'+t.secret+'\"]'),o=l.querySelectorAll('blockquote[data-secret=\"'+t.secret+'\"]'),c=new RegExp(\"^https?:$\",\"i\"),i=0;i<o.length;i++)o[i].style.display=\"none\";for(i=0;i<a.length;i++)s=a[i],e.source===s.contentWindow&&(s.removeAttribute(\"style\"),\"height\"===t.message?(1e3<(r=parseInt(t.value,10))?r=1e3:~~r<200&&(r=200),s.height=r):\"link\"===t.message&&(r=new URL(s.getAttribute(\"src\")),n=new URL(t.value),c.test(n.protocol))&&n.host===r.host&&l.activeElement===s&&(d.top.location.href=t.value))}},d.addEventListener(\"message\",d.wp.receiveEmbedMessage,!1),l.addEventListener(\"DOMContentLoaded\",function(){for(var e,t,s=l.querySelectorAll(\"iframe.wp-embedded-content\"),r=0;r<s.length;r++)(t=(e=s[r]).getAttribute(\"data-secret\"))||(t=Math.random().toString(36).substring(2,12),e.src+=\"#?secret=\"+t,e.setAttribute(\"data-secret\",t)),e.contentWindow.postMessage({message:\"ready\",secret:t},\"*\")},!1)))}(window,document);\n\/\/# sourceURL=https:\/\/www.steveelkas.com\/wp-includes\/js\/wp-embed.min.js\n\/* ]]> *\/\n<\/script>\n","thumbnail_url":"https:\/\/www.steveelkas.com\/wp-content\/uploads\/2022\/07\/Allyson-Lambert.jpeg","thumbnail_width":620,"thumbnail_height":662,"description":"Le malheur de l\u2019avoir perdu ne doit pas te faire oublier le bonheur de l\u2019avoir connu. Au CHUS Fleurimont, est d\u00e9c\u00e9d\u00e9e Allyson Lambert \u00e0 l\u2019\u00e2ge de 21 ans. Allyson laisse dans le deuil ses parents David Lambert et Genevi\u00e8ve Poulin, son beau-p\u00e8re Dany Leblanc, sa s\u0153ur Anabelle, son fr\u00e8re Nathan, son ami de c\u0153ur Hugo [&hellip;]"}

Le malheur de l’avoir perdu ne doit pas te faire oublier le bonheur de l’avoir connu. Au CHUS Fleurimont, est décédée Allyson Lambert à l’âge de 21 ans. Allyson laisse dans le deuil ses parents David Lambert et Geneviève Poulin, son beau-père Dany Leblanc, sa sœur Anabelle, son frère Nathan, son ami de cœur Hugo [&hellip;]
