{"version":"1.0","provider_name":"Steve L. Elkas Funeral Home","provider_url":"https:\/\/www.steveelkas.com\/en\/","title":"Ana Felicia Gigu\u00e8re &#8212; Steve L. Elkas Funeral Home","type":"rich","width":600,"height":338,"html":"<blockquote class=\"wp-embedded-content\" data-secret=\"rGPq7L0nj8\"><a href=\"https:\/\/www.steveelkas.com\/en\/obituaries\/ana-felicia-ana-felicia\/\">Ana Felicia Gigu\u00e8re<\/a><\/blockquote><iframe sandbox=\"allow-scripts\" security=\"restricted\" src=\"https:\/\/www.steveelkas.com\/en\/obituaries\/ana-felicia-ana-felicia\/embed\/#?secret=rGPq7L0nj8\" width=\"600\" height=\"338\" title=\"&#8220;Ana Felicia Gigu\u00e8re&#8221; &#8212; Steve L. Elkas Funeral Home\" data-secret=\"rGPq7L0nj8\" frameborder=\"0\" marginwidth=\"0\" marginheight=\"0\" scrolling=\"no\" class=\"wp-embedded-content\"><\/iframe><script type=\"text\/javascript\">\n\/* <![CDATA[ *\/\n\/*! This file is auto-generated *\/\n!function(d,l){\"use strict\";l.querySelector&&d.addEventListener&&\"undefined\"!=typeof URL&&(d.wp=d.wp||{},d.wp.receiveEmbedMessage||(d.wp.receiveEmbedMessage=function(e){var t=e.data;if((t||t.secret||t.message||t.value)&&!\/[^a-zA-Z0-9]\/.test(t.secret)){for(var s,r,n,a=l.querySelectorAll('iframe[data-secret=\"'+t.secret+'\"]'),o=l.querySelectorAll('blockquote[data-secret=\"'+t.secret+'\"]'),c=new RegExp(\"^https?:$\",\"i\"),i=0;i<o.length;i++)o[i].style.display=\"none\";for(i=0;i<a.length;i++)s=a[i],e.source===s.contentWindow&&(s.removeAttribute(\"style\"),\"height\"===t.message?(1e3<(r=parseInt(t.value,10))?r=1e3:~~r<200&&(r=200),s.height=r):\"link\"===t.message&&(r=new URL(s.getAttribute(\"src\")),n=new URL(t.value),c.test(n.protocol))&&n.host===r.host&&l.activeElement===s&&(d.top.location.href=t.value))}},d.addEventListener(\"message\",d.wp.receiveEmbedMessage,!1),l.addEventListener(\"DOMContentLoaded\",function(){for(var e,t,s=l.querySelectorAll(\"iframe.wp-embedded-content\"),r=0;r<s.length;r++)(t=(e=s[r]).getAttribute(\"data-secret\"))||(t=Math.random().toString(36).substring(2,12),e.src+=\"#?secret=\"+t,e.setAttribute(\"data-secret\",t)),e.contentWindow.postMessage({message:\"ready\",secret:t},\"*\")},!1)))}(window,document);\n\/\/# sourceURL=https:\/\/www.steveelkas.com\/wp-includes\/js\/wp-embed.min.js\n\/* ]]> *\/\n<\/script>\n","thumbnail_url":"https:\/\/www.steveelkas.com\/wp-content\/uploads\/2022\/05\/ana-felicia.jpeg","thumbnail_width":671,"thumbnail_height":553,"description":"C&#8217;est avec une tristesse infinie que nous annon\u00e7ons le d\u00e9c\u00e8s de Ana Felicia Gigu\u00e8re mercredi le 11 Mai 2022 au CHUS Fleurimont \u00e0 Sherbrooke. Elle habitait \u00e0 Sherbrooke. Elle \u00e9tait la fille de Anne-Gabrielle Gigu\u00e8re (Nicolas Perron). Outre ses parents, elle laisse dans le deuil\u00a0: son fr\u00e8re Louis-Charles Gigu\u00e8re, ses soeurs\u00a0Helsa et Amalya Gigu\u00e8re Perron, [&hellip;]"}

Ana Felicia Giguère &#8212; Steve L. Elkas Funeral Home

<blockquote class="wp-embedded-content" data-secret="rGPq7L0nj8"><a href="https://www.steveelkas.com/en/obituaries/ana-felicia-ana-felicia/">Ana Felicia Giguère</a></blockquote><iframe sandbox="allow-scripts" security="restricted" src="https://www.steveelkas.com/en/obituaries/ana-felicia-ana-felicia/embed/#?secret=rGPq7L0nj8" width="600" height="338" title="&#8220;Ana Felicia Giguère&#8221; &#8212; Steve L. Elkas Funeral Home" data-secret="rGPq7L0nj8" frameborder="0" marginwidth="0" marginheight="0" scrolling="no" class="wp-embedded-content"></iframe><script type="text/javascript">
/* <![CDATA[ */
/*! This file is auto-generated */
!function(d,l){"use strict";l.querySelector&&d.addEventListener&&"undefined"!=typeof URL&&(d.wp=d.wp||{},d.wp.receiveEmbedMessage||(d.wp.receiveEmbedMessage=function(e){var t=e.data;if((t||t.secret||t.message||t.value)&&!/[^a-zA-Z0-9]/.test(t.secret)){for(var s,r,n,a=l.querySelectorAll('iframe[data-secret="'+t.secret+'"]'),o=l.querySelectorAll('blockquote[data-secret="'+t.secret+'"]'),c=new RegExp("^https?:$","i"),i=0;i<o.length;i++)o[i].style.display="none";for(i=0;i<a.length;i++)s=a[i],e.source===s.contentWindow&&(s.removeAttribute("style"),"height"===t.message?(1e3<(r=parseInt(t.value,10))?r=1e3:~~r<200&&(r=200),s.height=r):"link"===t.message&&(r=new URL(s.getAttribute("src")),n=new URL(t.value),c.test(n.protocol))&&n.host===r.host&&l.activeElement===s&&(d.top.location.href=t.value))}},d.addEventListener("message",d.wp.receiveEmbedMessage,!1),l.addEventListener("DOMContentLoaded",function(){for(var e,t,s=l.querySelectorAll("iframe.wp-embedded-content"),r=0;r<s.length;r++)(t=(e=s[r]).getAttribute("data-secret"))||(t=Math.random().toString(36).substring(2,12),e.src+="#?secret="+t,e.setAttribute("data-secret",t)),e.contentWindow.postMessage({message:"ready",secret:t},"*")},!1)))}(window,document);
//# sourceURL=https://www.steveelkas.com/wp-includes/js/wp-embed.min.js
/* ]]> */
</script>

C&#8217;est avec une tristesse infinie que nous annonçons le décès de Ana Felicia Giguère mercredi le 11 Mai 2022 au CHUS Fleurimont à Sherbrooke. Elle habitait à Sherbrooke. Elle était la fille de Anne-Gabrielle Giguère (Nicolas Perron). Outre ses parents, elle laisse dans le deuil : son frère Louis-Charles Giguère, ses soeurs Helsa et Amalya Giguère Perron, [&hellip;]
