{"version":"1.0","provider_name":"Steve L. Elkas Funeral Home","provider_url":"https:\/\/www.steveelkas.com\/en\/","title":"Daniel Downey &#8212; Steve L. Elkas Funeral Home","type":"rich","width":600,"height":338,"html":"<blockquote class=\"wp-embedded-content\" data-secret=\"IRXcYWq6WF\"><a href=\"https:\/\/www.steveelkas.com\/en\/obituaries\/daniel-downey\/\">Daniel Downey<\/a><\/blockquote><iframe sandbox=\"allow-scripts\" security=\"restricted\" src=\"https:\/\/www.steveelkas.com\/en\/obituaries\/daniel-downey\/embed\/#?secret=IRXcYWq6WF\" width=\"600\" height=\"338\" title=\"&#8220;Daniel Downey&#8221; &#8212; Steve L. Elkas Funeral Home\" data-secret=\"IRXcYWq6WF\" frameborder=\"0\" marginwidth=\"0\" marginheight=\"0\" scrolling=\"no\" class=\"wp-embedded-content\"><\/iframe><script type=\"text\/javascript\">\n\/* <![CDATA[ *\/\n\/*! This file is auto-generated *\/\n!function(d,l){\"use strict\";l.querySelector&&d.addEventListener&&\"undefined\"!=typeof URL&&(d.wp=d.wp||{},d.wp.receiveEmbedMessage||(d.wp.receiveEmbedMessage=function(e){var t=e.data;if((t||t.secret||t.message||t.value)&&!\/[^a-zA-Z0-9]\/.test(t.secret)){for(var s,r,n,a=l.querySelectorAll('iframe[data-secret=\"'+t.secret+'\"]'),o=l.querySelectorAll('blockquote[data-secret=\"'+t.secret+'\"]'),c=new RegExp(\"^https?:$\",\"i\"),i=0;i<o.length;i++)o[i].style.display=\"none\";for(i=0;i<a.length;i++)s=a[i],e.source===s.contentWindow&&(s.removeAttribute(\"style\"),\"height\"===t.message?(1e3<(r=parseInt(t.value,10))?r=1e3:~~r<200&&(r=200),s.height=r):\"link\"===t.message&&(r=new URL(s.getAttribute(\"src\")),n=new URL(t.value),c.test(n.protocol))&&n.host===r.host&&l.activeElement===s&&(d.top.location.href=t.value))}},d.addEventListener(\"message\",d.wp.receiveEmbedMessage,!1),l.addEventListener(\"DOMContentLoaded\",function(){for(var e,t,s=l.querySelectorAll(\"iframe.wp-embedded-content\"),r=0;r<s.length;r++)(t=(e=s[r]).getAttribute(\"data-secret\"))||(t=Math.random().toString(36).substring(2,12),e.src+=\"#?secret=\"+t,e.setAttribute(\"data-secret\",t)),e.contentWindow.postMessage({message:\"ready\",secret:t},\"*\")},!1)))}(window,document);\n\/\/# sourceURL=https:\/\/www.steveelkas.com\/wp-includes\/js\/wp-embed.min.js\n\/* ]]> *\/\n<\/script>\n","thumbnail_url":"https:\/\/www.steveelkas.com\/wp-content\/uploads\/2019\/08\/daniel-downey382-2-707x1024.jpg","thumbnail_width":707,"thumbnail_height":1024,"description":"C\u2019est avec beaucoup de tristesse que nous vous annon\u00e7ons le d\u00e9c\u00e8s de Daniel Downey, survenu au CHUS H\u00f4tel-Dieu de Sherbrooke, le 15 ao\u00fbt 2019, \u00e0 l\u2019\u00e2ge de 61 ans. Il \u00e9tait le fils de Richard Downey et de C\u00e9cile Dion Downey. La famille vous accueillera au Complexe Steve L. Elkas, 4230 rue Bertrand Fabi, Sherbrooke, [&hellip;]"}

C’est avec beaucoup de tristesse que nous vous annonçons le décès de Daniel Downey, survenu au CHUS Hôtel-Dieu de Sherbrooke, le 15 août 2019, à l’âge de 61 ans. Il était le fils de Richard Downey et de Cécile Dion Downey. La famille vous accueillera au Complexe Steve L. Elkas, 4230 rue Bertrand Fabi, Sherbrooke, [&hellip;]
