{"version":"1.0","provider_name":"Steve L. Elkas Funeral Home","provider_url":"https:\/\/www.steveelkas.com\/en\/","title":"Denise B\u00e9rard &#8212; Steve L. Elkas Funeral Home","type":"rich","width":600,"height":338,"html":"<blockquote class=\"wp-embedded-content\" data-secret=\"9aPgk2hn2R\"><a href=\"https:\/\/www.steveelkas.com\/en\/obituaries\/denise-berard\/\">Denise B\u00e9rard<\/a><\/blockquote><iframe sandbox=\"allow-scripts\" security=\"restricted\" src=\"https:\/\/www.steveelkas.com\/en\/obituaries\/denise-berard\/embed\/#?secret=9aPgk2hn2R\" width=\"600\" height=\"338\" title=\"&#8220;Denise B\u00e9rard&#8221; &#8212; Steve L. Elkas Funeral Home\" data-secret=\"9aPgk2hn2R\" frameborder=\"0\" marginwidth=\"0\" marginheight=\"0\" scrolling=\"no\" class=\"wp-embedded-content\"><\/iframe><script type=\"text\/javascript\">\n\/* <![CDATA[ *\/\n\/*! This file is auto-generated *\/\n!function(d,l){\"use strict\";l.querySelector&&d.addEventListener&&\"undefined\"!=typeof URL&&(d.wp=d.wp||{},d.wp.receiveEmbedMessage||(d.wp.receiveEmbedMessage=function(e){var t=e.data;if((t||t.secret||t.message||t.value)&&!\/[^a-zA-Z0-9]\/.test(t.secret)){for(var s,r,n,a=l.querySelectorAll('iframe[data-secret=\"'+t.secret+'\"]'),o=l.querySelectorAll('blockquote[data-secret=\"'+t.secret+'\"]'),c=new RegExp(\"^https?:$\",\"i\"),i=0;i<o.length;i++)o[i].style.display=\"none\";for(i=0;i<a.length;i++)s=a[i],e.source===s.contentWindow&&(s.removeAttribute(\"style\"),\"height\"===t.message?(1e3<(r=parseInt(t.value,10))?r=1e3:~~r<200&&(r=200),s.height=r):\"link\"===t.message&&(r=new URL(s.getAttribute(\"src\")),n=new URL(t.value),c.test(n.protocol))&&n.host===r.host&&l.activeElement===s&&(d.top.location.href=t.value))}},d.addEventListener(\"message\",d.wp.receiveEmbedMessage,!1),l.addEventListener(\"DOMContentLoaded\",function(){for(var e,t,s=l.querySelectorAll(\"iframe.wp-embedded-content\"),r=0;r<s.length;r++)(t=(e=s[r]).getAttribute(\"data-secret\"))||(t=Math.random().toString(36).substring(2,12),e.src+=\"#?secret=\"+t,e.setAttribute(\"data-secret\",t)),e.contentWindow.postMessage({message:\"ready\",secret:t},\"*\")},!1)))}(window,document);\n\/\/# sourceURL=https:\/\/www.steveelkas.com\/wp-includes\/js\/wp-embed.min.js\n\/* ]]> *\/\n<\/script>\n","thumbnail_url":"https:\/\/www.steveelkas.com\/wp-content\/uploads\/2022\/07\/Denise-Berard.jpg","thumbnail_width":234,"thumbnail_height":237,"description":"\u00c0 Sherbrooke, le 03 juillet, \u00e0 l\u2019\u00e2ge de 89 ans, est d\u00e9c\u00e9d\u00e9e Mme Denise B\u00e9rard \u00e9pouse de feu L\u00e9o Beaulieu. Elle \u00e9tait la fille de feu Arthur B\u00e9rard et feu Fleur-Ange Loriot et demeurait \u00e0 Sherbrooke. Elle laisse dans le deuil ses enfants : Solange (Michel), Marjolaine (Gabriel), Fran\u00e7ois (Linda), Brigitte (Luc), Laurent, Judith (Marc); [&hellip;]"}

Denise Bérard &#8212; Steve L. Elkas Funeral Home

<blockquote class="wp-embedded-content" data-secret="9aPgk2hn2R"><a href="https://www.steveelkas.com/en/obituaries/denise-berard/">Denise Bérard</a></blockquote><iframe sandbox="allow-scripts" security="restricted" src="https://www.steveelkas.com/en/obituaries/denise-berard/embed/#?secret=9aPgk2hn2R" width="600" height="338" title="&#8220;Denise Bérard&#8221; &#8212; Steve L. Elkas Funeral Home" data-secret="9aPgk2hn2R" frameborder="0" marginwidth="0" marginheight="0" scrolling="no" class="wp-embedded-content"></iframe><script type="text/javascript">
/* <![CDATA[ */
/*! This file is auto-generated */
!function(d,l){"use strict";l.querySelector&&d.addEventListener&&"undefined"!=typeof URL&&(d.wp=d.wp||{},d.wp.receiveEmbedMessage||(d.wp.receiveEmbedMessage=function(e){var t=e.data;if((t||t.secret||t.message||t.value)&&!/[^a-zA-Z0-9]/.test(t.secret)){for(var s,r,n,a=l.querySelectorAll('iframe[data-secret="'+t.secret+'"]'),o=l.querySelectorAll('blockquote[data-secret="'+t.secret+'"]'),c=new RegExp("^https?:$","i"),i=0;i<o.length;i++)o[i].style.display="none";for(i=0;i<a.length;i++)s=a[i],e.source===s.contentWindow&&(s.removeAttribute("style"),"height"===t.message?(1e3<(r=parseInt(t.value,10))?r=1e3:~~r<200&&(r=200),s.height=r):"link"===t.message&&(r=new URL(s.getAttribute("src")),n=new URL(t.value),c.test(n.protocol))&&n.host===r.host&&l.activeElement===s&&(d.top.location.href=t.value))}},d.addEventListener("message",d.wp.receiveEmbedMessage,!1),l.addEventListener("DOMContentLoaded",function(){for(var e,t,s=l.querySelectorAll("iframe.wp-embedded-content"),r=0;r<s.length;r++)(t=(e=s[r]).getAttribute("data-secret"))||(t=Math.random().toString(36).substring(2,12),e.src+="#?secret="+t,e.setAttribute("data-secret",t)),e.contentWindow.postMessage({message:"ready",secret:t},"*")},!1)))}(window,document);
//# sourceURL=https://www.steveelkas.com/wp-includes/js/wp-embed.min.js
/* ]]> */
</script>

À Sherbrooke, le 03 juillet, à l’âge de 89 ans, est décédée Mme Denise Bérard épouse de feu Léo Beaulieu. Elle était la fille de feu Arthur Bérard et feu Fleur-Ange Loriot et demeurait à Sherbrooke. Elle laisse dans le deuil ses enfants : Solange (Michel), Marjolaine (Gabriel), François (Linda), Brigitte (Luc), Laurent, Judith (Marc); [&hellip;]
