{"version":"1.0","provider_name":"Steve L. Elkas Funeral Home","provider_url":"https:\/\/www.steveelkas.com\/en\/","title":"Fr\u00e8re Gilles Rancourt &#8212; Steve L. Elkas Funeral Home","type":"rich","width":600,"height":338,"html":"<blockquote class=\"wp-embedded-content\" data-secret=\"QP6UCjc3LR\"><a href=\"https:\/\/www.steveelkas.com\/en\/obituaries\/frere-gilles-rancourt\/\">Fr\u00e8re Gilles Rancourt<\/a><\/blockquote><iframe sandbox=\"allow-scripts\" security=\"restricted\" src=\"https:\/\/www.steveelkas.com\/en\/obituaries\/frere-gilles-rancourt\/embed\/#?secret=QP6UCjc3LR\" width=\"600\" height=\"338\" title=\"&#8220;Fr\u00e8re Gilles Rancourt&#8221; &#8212; Steve L. Elkas Funeral Home\" data-secret=\"QP6UCjc3LR\" frameborder=\"0\" marginwidth=\"0\" marginheight=\"0\" scrolling=\"no\" class=\"wp-embedded-content\"><\/iframe><script type=\"text\/javascript\">\n\/* <![CDATA[ *\/\n\/*! This file is auto-generated *\/\n!function(d,l){\"use strict\";l.querySelector&&d.addEventListener&&\"undefined\"!=typeof URL&&(d.wp=d.wp||{},d.wp.receiveEmbedMessage||(d.wp.receiveEmbedMessage=function(e){var t=e.data;if((t||t.secret||t.message||t.value)&&!\/[^a-zA-Z0-9]\/.test(t.secret)){for(var s,r,n,a=l.querySelectorAll('iframe[data-secret=\"'+t.secret+'\"]'),o=l.querySelectorAll('blockquote[data-secret=\"'+t.secret+'\"]'),c=new RegExp(\"^https?:$\",\"i\"),i=0;i<o.length;i++)o[i].style.display=\"none\";for(i=0;i<a.length;i++)s=a[i],e.source===s.contentWindow&&(s.removeAttribute(\"style\"),\"height\"===t.message?(1e3<(r=parseInt(t.value,10))?r=1e3:~~r<200&&(r=200),s.height=r):\"link\"===t.message&&(r=new URL(s.getAttribute(\"src\")),n=new URL(t.value),c.test(n.protocol))&&n.host===r.host&&l.activeElement===s&&(d.top.location.href=t.value))}},d.addEventListener(\"message\",d.wp.receiveEmbedMessage,!1),l.addEventListener(\"DOMContentLoaded\",function(){for(var e,t,s=l.querySelectorAll(\"iframe.wp-embedded-content\"),r=0;r<s.length;r++)(t=(e=s[r]).getAttribute(\"data-secret\"))||(t=Math.random().toString(36).substring(2,12),e.src+=\"#?secret=\"+t,e.setAttribute(\"data-secret\",t)),e.contentWindow.postMessage({message:\"ready\",secret:t},\"*\")},!1)))}(window,document);\n\/\/# sourceURL=https:\/\/www.steveelkas.com\/wp-includes\/js\/wp-embed.min.js\n\/* ]]> *\/\n<\/script>\n","thumbnail_url":"https:\/\/www.steveelkas.com\/wp-content\/uploads\/2022\/05\/Gilles-Rancourt.jpg","thumbnail_width":802,"thumbnail_height":942,"description":"Le 5 mai 2022, \u00e0 l\u2019infirmerie L\u2019Oasis des Fr\u00e8res du Sacr\u00e9-C\u0153ur de Sherbrooke, est d\u00e9c\u00e9d\u00e9 le fr\u00e8re Gilles Rancourt. N\u00e9 \u00e0 Sherbrooke le 1er juin 1928, il \u00e9tait le seul survivant des huit enfants d\u2019H\u00e9l\u00e8ne de Canac Marquis et de Jean-Ernest Rancourt. Il a exerc\u00e9 son apostolat pendant plus de 60 ans dans les services [&hellip;]"}

Frère Gilles Rancourt &#8212; Steve L. Elkas Funeral Home

<blockquote class="wp-embedded-content" data-secret="QP6UCjc3LR"><a href="https://www.steveelkas.com/en/obituaries/frere-gilles-rancourt/">Frère Gilles Rancourt</a></blockquote><iframe sandbox="allow-scripts" security="restricted" src="https://www.steveelkas.com/en/obituaries/frere-gilles-rancourt/embed/#?secret=QP6UCjc3LR" width="600" height="338" title="&#8220;Frère Gilles Rancourt&#8221; &#8212; Steve L. Elkas Funeral Home" data-secret="QP6UCjc3LR" frameborder="0" marginwidth="0" marginheight="0" scrolling="no" class="wp-embedded-content"></iframe><script type="text/javascript">
/* <![CDATA[ */
/*! This file is auto-generated */
!function(d,l){"use strict";l.querySelector&&d.addEventListener&&"undefined"!=typeof URL&&(d.wp=d.wp||{},d.wp.receiveEmbedMessage||(d.wp.receiveEmbedMessage=function(e){var t=e.data;if((t||t.secret||t.message||t.value)&&!/[^a-zA-Z0-9]/.test(t.secret)){for(var s,r,n,a=l.querySelectorAll('iframe[data-secret="'+t.secret+'"]'),o=l.querySelectorAll('blockquote[data-secret="'+t.secret+'"]'),c=new RegExp("^https?:$","i"),i=0;i<o.length;i++)o[i].style.display="none";for(i=0;i<a.length;i++)s=a[i],e.source===s.contentWindow&&(s.removeAttribute("style"),"height"===t.message?(1e3<(r=parseInt(t.value,10))?r=1e3:~~r<200&&(r=200),s.height=r):"link"===t.message&&(r=new URL(s.getAttribute("src")),n=new URL(t.value),c.test(n.protocol))&&n.host===r.host&&l.activeElement===s&&(d.top.location.href=t.value))}},d.addEventListener("message",d.wp.receiveEmbedMessage,!1),l.addEventListener("DOMContentLoaded",function(){for(var e,t,s=l.querySelectorAll("iframe.wp-embedded-content"),r=0;r<s.length;r++)(t=(e=s[r]).getAttribute("data-secret"))||(t=Math.random().toString(36).substring(2,12),e.src+="#?secret="+t,e.setAttribute("data-secret",t)),e.contentWindow.postMessage({message:"ready",secret:t},"*")},!1)))}(window,document);
//# sourceURL=https://www.steveelkas.com/wp-includes/js/wp-embed.min.js
/* ]]> */
</script>

Le 5 mai 2022, à l’infirmerie L’Oasis des Frères du Sacré-Cœur de Sherbrooke, est décédé le frère Gilles Rancourt. Né à Sherbrooke le 1er juin 1928, il était le seul survivant des huit enfants d’Hélène de Canac Marquis et de Jean-Ernest Rancourt. Il a exercé son apostolat pendant plus de 60 ans dans les services [&hellip;]
