{"version":"1.0","provider_name":"Steve L. Elkas Funeral Home","provider_url":"https:\/\/www.steveelkas.com\/en\/","title":"GASTON DENIS &#8212; Steve L. Elkas Funeral Home","type":"rich","width":600,"height":338,"html":"<blockquote class=\"wp-embedded-content\" data-secret=\"FLezCj29oY\"><a href=\"https:\/\/www.steveelkas.com\/en\/obituaries\/gaston-denis\/\">GASTON DENIS<\/a><\/blockquote><iframe sandbox=\"allow-scripts\" security=\"restricted\" src=\"https:\/\/www.steveelkas.com\/en\/obituaries\/gaston-denis\/embed\/#?secret=FLezCj29oY\" width=\"600\" height=\"338\" title=\"&#8220;GASTON DENIS&#8221; &#8212; Steve L. Elkas Funeral Home\" data-secret=\"FLezCj29oY\" frameborder=\"0\" marginwidth=\"0\" marginheight=\"0\" scrolling=\"no\" class=\"wp-embedded-content\"><\/iframe><script type=\"text\/javascript\">\n\/* <![CDATA[ *\/\n\/*! This file is auto-generated *\/\n!function(d,l){\"use strict\";l.querySelector&&d.addEventListener&&\"undefined\"!=typeof URL&&(d.wp=d.wp||{},d.wp.receiveEmbedMessage||(d.wp.receiveEmbedMessage=function(e){var t=e.data;if((t||t.secret||t.message||t.value)&&!\/[^a-zA-Z0-9]\/.test(t.secret)){for(var s,r,n,a=l.querySelectorAll('iframe[data-secret=\"'+t.secret+'\"]'),o=l.querySelectorAll('blockquote[data-secret=\"'+t.secret+'\"]'),c=new RegExp(\"^https?:$\",\"i\"),i=0;i<o.length;i++)o[i].style.display=\"none\";for(i=0;i<a.length;i++)s=a[i],e.source===s.contentWindow&&(s.removeAttribute(\"style\"),\"height\"===t.message?(1e3<(r=parseInt(t.value,10))?r=1e3:~~r<200&&(r=200),s.height=r):\"link\"===t.message&&(r=new URL(s.getAttribute(\"src\")),n=new URL(t.value),c.test(n.protocol))&&n.host===r.host&&l.activeElement===s&&(d.top.location.href=t.value))}},d.addEventListener(\"message\",d.wp.receiveEmbedMessage,!1),l.addEventListener(\"DOMContentLoaded\",function(){for(var e,t,s=l.querySelectorAll(\"iframe.wp-embedded-content\"),r=0;r<s.length;r++)(t=(e=s[r]).getAttribute(\"data-secret\"))||(t=Math.random().toString(36).substring(2,12),e.src+=\"#?secret=\"+t,e.setAttribute(\"data-secret\",t)),e.contentWindow.postMessage({message:\"ready\",secret:t},\"*\")},!1)))}(window,document);\n\/\/# sourceURL=https:\/\/www.steveelkas.com\/wp-includes\/js\/wp-embed.min.js\n\/* ]]> *\/\n<\/script>\n","thumbnail_url":"https:\/\/www.steveelkas.com\/wp-content\/uploads\/2019\/09\/Gaston-Denis-ao\u00fbt-2019.jpg","thumbnail_width":1472,"thumbnail_height":1980,"description":"\u00c0 Sherbrooke, le 27 ao\u00fbt 2019, est d\u00e9c\u00e9d\u00e9 Gaston Denis \u00e0 l&#8217;\u00e2ge 87 ans. Il \u00e9tait le fils de feu Priscilla Paquette et de feu Clovis Denis. Outre sa compagne Lucie Venne,il laisse dans le deuil les enfants de son mariage avec feu Suzanne St-Pierre : Fran\u00e7ois (Lucie Labb\u00e9), \u00c9laine et Pierre (Manon Seeley); sa [&hellip;]"}

https://www.steveelkas.com/wp-content/uploads/2019/09/Gaston-Denis-août-2019.jpg

À Sherbrooke, le 27 août 2019, est décédé Gaston Denis à l&#8217;âge 87 ans. Il était le fils de feu Priscilla Paquette et de feu Clovis Denis. Outre sa compagne Lucie Venne,il laisse dans le deuil les enfants de son mariage avec feu Suzanne St-Pierre : François (Lucie Labbé), Élaine et Pierre (Manon Seeley); sa [&hellip;]
