{"version":"1.0","provider_name":"Steve L. Elkas Funeral Home","provider_url":"https:\/\/www.steveelkas.com\/en\/","title":"GERMAINE BOULANGER COT\u00c9 - SHERBROOKE - Avis de d\u00e9c\u00e8s &#8212; Steve L. Elkas Funeral Home","type":"rich","width":600,"height":338,"html":"<blockquote class=\"wp-embedded-content\" data-secret=\"Ggmw1rZpxy\"><a href=\"https:\/\/www.steveelkas.com\/en\/obituaries\/germaine-boulanger-cote-sherbrooke-avis-de-deces\/\">GERMAINE BOULANGER COT\u00c9 &#8211; SHERBROOKE &#8211; Avis de d\u00e9c\u00e8s<\/a><\/blockquote><iframe sandbox=\"allow-scripts\" security=\"restricted\" src=\"https:\/\/www.steveelkas.com\/en\/obituaries\/germaine-boulanger-cote-sherbrooke-avis-de-deces\/embed\/#?secret=Ggmw1rZpxy\" width=\"600\" height=\"338\" title=\"&#8220;GERMAINE BOULANGER COT\u00c9 &#8211; SHERBROOKE &#8211; Avis de d\u00e9c\u00e8s&#8221; &#8212; Steve L. Elkas Funeral Home\" data-secret=\"Ggmw1rZpxy\" frameborder=\"0\" marginwidth=\"0\" marginheight=\"0\" scrolling=\"no\" class=\"wp-embedded-content\"><\/iframe><script type=\"text\/javascript\">\n\/* <![CDATA[ *\/\n\/*! This file is auto-generated *\/\n!function(d,l){\"use strict\";l.querySelector&&d.addEventListener&&\"undefined\"!=typeof URL&&(d.wp=d.wp||{},d.wp.receiveEmbedMessage||(d.wp.receiveEmbedMessage=function(e){var t=e.data;if((t||t.secret||t.message||t.value)&&!\/[^a-zA-Z0-9]\/.test(t.secret)){for(var s,r,n,a=l.querySelectorAll('iframe[data-secret=\"'+t.secret+'\"]'),o=l.querySelectorAll('blockquote[data-secret=\"'+t.secret+'\"]'),c=new RegExp(\"^https?:$\",\"i\"),i=0;i<o.length;i++)o[i].style.display=\"none\";for(i=0;i<a.length;i++)s=a[i],e.source===s.contentWindow&&(s.removeAttribute(\"style\"),\"height\"===t.message?(1e3<(r=parseInt(t.value,10))?r=1e3:~~r<200&&(r=200),s.height=r):\"link\"===t.message&&(r=new URL(s.getAttribute(\"src\")),n=new URL(t.value),c.test(n.protocol))&&n.host===r.host&&l.activeElement===s&&(d.top.location.href=t.value))}},d.addEventListener(\"message\",d.wp.receiveEmbedMessage,!1),l.addEventListener(\"DOMContentLoaded\",function(){for(var e,t,s=l.querySelectorAll(\"iframe.wp-embedded-content\"),r=0;r<s.length;r++)(t=(e=s[r]).getAttribute(\"data-secret\"))||(t=Math.random().toString(36).substring(2,12),e.src+=\"#?secret=\"+t,e.setAttribute(\"data-secret\",t)),e.contentWindow.postMessage({message:\"ready\",secret:t},\"*\")},!1)))}(window,document);\n\/\/# sourceURL=https:\/\/www.steveelkas.com\/wp-includes\/js\/wp-embed.min.js\n\/* ]]> *\/\n<\/script>\n","thumbnail_url":"https:\/\/www.steveelkas.com\/wp-content\/uploads\/2018\/10\/germaine-boulanger2.jpg","thumbnail_width":1829,"thumbnail_height":2422,"description":"Au CHUS-H\u00f4tel Dieu de Sherbrooke, le 8 octobre 2018, \u00e0 l&#8217;\u00e2ge de 90 ans, est d\u00e9c\u00e9d\u00e9e Mme Germaine Boulanger Cot\u00e9, fille de feu Aim\u00e9 Boulanger et de feu Delia Hains et \u00e9pouse de feu Paul Cot\u00e9, demeurant \u00e0 Sherbrooke, Qc. La famille vous accueillera au Complexe Steve Elkas Inc., 4230 boul. Bertrand- Fabi, Sherbrooke, le [&hellip;]"}

GERMAINE BOULANGER COTÉ - SHERBROOKE - Avis de décès &#8212; Steve L. Elkas Funeral Home

<blockquote class="wp-embedded-content" data-secret="Ggmw1rZpxy"><a href="https://www.steveelkas.com/en/obituaries/germaine-boulanger-cote-sherbrooke-avis-de-deces/">GERMAINE BOULANGER COTÉ &#8211; SHERBROOKE &#8211; Avis de décès</a></blockquote><iframe sandbox="allow-scripts" security="restricted" src="https://www.steveelkas.com/en/obituaries/germaine-boulanger-cote-sherbrooke-avis-de-deces/embed/#?secret=Ggmw1rZpxy" width="600" height="338" title="&#8220;GERMAINE BOULANGER COTÉ &#8211; SHERBROOKE &#8211; Avis de décès&#8221; &#8212; Steve L. Elkas Funeral Home" data-secret="Ggmw1rZpxy" frameborder="0" marginwidth="0" marginheight="0" scrolling="no" class="wp-embedded-content"></iframe><script type="text/javascript">
/* <![CDATA[ */
/*! This file is auto-generated */
!function(d,l){"use strict";l.querySelector&&d.addEventListener&&"undefined"!=typeof URL&&(d.wp=d.wp||{},d.wp.receiveEmbedMessage||(d.wp.receiveEmbedMessage=function(e){var t=e.data;if((t||t.secret||t.message||t.value)&&!/[^a-zA-Z0-9]/.test(t.secret)){for(var s,r,n,a=l.querySelectorAll('iframe[data-secret="'+t.secret+'"]'),o=l.querySelectorAll('blockquote[data-secret="'+t.secret+'"]'),c=new RegExp("^https?:$","i"),i=0;i<o.length;i++)o[i].style.display="none";for(i=0;i<a.length;i++)s=a[i],e.source===s.contentWindow&&(s.removeAttribute("style"),"height"===t.message?(1e3<(r=parseInt(t.value,10))?r=1e3:~~r<200&&(r=200),s.height=r):"link"===t.message&&(r=new URL(s.getAttribute("src")),n=new URL(t.value),c.test(n.protocol))&&n.host===r.host&&l.activeElement===s&&(d.top.location.href=t.value))}},d.addEventListener("message",d.wp.receiveEmbedMessage,!1),l.addEventListener("DOMContentLoaded",function(){for(var e,t,s=l.querySelectorAll("iframe.wp-embedded-content"),r=0;r<s.length;r++)(t=(e=s[r]).getAttribute("data-secret"))||(t=Math.random().toString(36).substring(2,12),e.src+="#?secret="+t,e.setAttribute("data-secret",t)),e.contentWindow.postMessage({message:"ready",secret:t},"*")},!1)))}(window,document);
//# sourceURL=https://www.steveelkas.com/wp-includes/js/wp-embed.min.js
/* ]]> */
</script>

Au CHUS-Hôtel Dieu de Sherbrooke, le 8 octobre 2018, à l&#8217;âge de 90 ans, est décédée Mme Germaine Boulanger Coté, fille de feu Aimé Boulanger et de feu Delia Hains et épouse de feu Paul Coté, demeurant à Sherbrooke, Qc. La famille vous accueillera au Complexe Steve Elkas Inc., 4230 boul. Bertrand- Fabi, Sherbrooke, le [&hellip;]
