{"version":"1.0","provider_name":"Steve L. Elkas Funeral Home","provider_url":"https:\/\/www.steveelkas.com\/en\/","title":"Jesse Vaillancourt-Levesque &#8212; Steve L. Elkas Funeral Home","type":"rich","width":600,"height":338,"html":"<blockquote class=\"wp-embedded-content\" data-secret=\"oDNGzWXg3s\"><a href=\"https:\/\/www.steveelkas.com\/en\/obituaries\/jesse-vaillancourt-levesque\/\">Jesse Vaillancourt-Levesque<\/a><\/blockquote><iframe sandbox=\"allow-scripts\" security=\"restricted\" src=\"https:\/\/www.steveelkas.com\/en\/obituaries\/jesse-vaillancourt-levesque\/embed\/#?secret=oDNGzWXg3s\" width=\"600\" height=\"338\" title=\"&#8220;Jesse Vaillancourt-Levesque&#8221; &#8212; Steve L. Elkas Funeral Home\" data-secret=\"oDNGzWXg3s\" frameborder=\"0\" marginwidth=\"0\" marginheight=\"0\" scrolling=\"no\" class=\"wp-embedded-content\"><\/iframe><script type=\"text\/javascript\">\n\/* <![CDATA[ *\/\n\/*! This file is auto-generated *\/\n!function(d,l){\"use strict\";l.querySelector&&d.addEventListener&&\"undefined\"!=typeof URL&&(d.wp=d.wp||{},d.wp.receiveEmbedMessage||(d.wp.receiveEmbedMessage=function(e){var t=e.data;if((t||t.secret||t.message||t.value)&&!\/[^a-zA-Z0-9]\/.test(t.secret)){for(var s,r,n,a=l.querySelectorAll('iframe[data-secret=\"'+t.secret+'\"]'),o=l.querySelectorAll('blockquote[data-secret=\"'+t.secret+'\"]'),c=new RegExp(\"^https?:$\",\"i\"),i=0;i<o.length;i++)o[i].style.display=\"none\";for(i=0;i<a.length;i++)s=a[i],e.source===s.contentWindow&&(s.removeAttribute(\"style\"),\"height\"===t.message?(1e3<(r=parseInt(t.value,10))?r=1e3:~~r<200&&(r=200),s.height=r):\"link\"===t.message&&(r=new URL(s.getAttribute(\"src\")),n=new URL(t.value),c.test(n.protocol))&&n.host===r.host&&l.activeElement===s&&(d.top.location.href=t.value))}},d.addEventListener(\"message\",d.wp.receiveEmbedMessage,!1),l.addEventListener(\"DOMContentLoaded\",function(){for(var e,t,s=l.querySelectorAll(\"iframe.wp-embedded-content\"),r=0;r<s.length;r++)(t=(e=s[r]).getAttribute(\"data-secret\"))||(t=Math.random().toString(36).substring(2,12),e.src+=\"#?secret=\"+t,e.setAttribute(\"data-secret\",t)),e.contentWindow.postMessage({message:\"ready\",secret:t},\"*\")},!1)))}(window,document);\n\/\/# sourceURL=https:\/\/www.steveelkas.com\/wp-includes\/js\/wp-embed.min.js\n\/* ]]> *\/\n<\/script>\n","thumbnail_url":"https:\/\/www.steveelkas.com\/wp-content\/uploads\/2026\/03\/Jesse-Vaillancourt-Levesque.jpeg.jpg","thumbnail_width":408,"thumbnail_height":550,"description":"\u00c0 Sherbrooke, le 16 f\u00e9vrier 2026 \u00e0 l&#8217;\u00e2ge de 32 ans,\u00a0est d\u00e9c\u00e9d\u00e9 Jesse Vaillancourt-Levesque, conjoint de M\u00e9lissa Moreau et fils de Yannick Levesque et de Nathalie Vaillancourt.\u00a0 Il demeurait \u00e0 Sherbrooke. Outre sa conjointe et ses parents, Jesse laisse dans le deuil son fils Jakob; ses fr\u00e8res Ayden et Olivier; ses s\u0153urs\u00a0: Sabrina-Rose, Tess et [&hellip;]"}

À Sherbrooke, le 16 février 2026 à l&#8217;âge de 32 ans, est décédé Jesse Vaillancourt-Levesque, conjoint de Mélissa Moreau et fils de Yannick Levesque et de Nathalie Vaillancourt.  Il demeurait à Sherbrooke. Outre sa conjointe et ses parents, Jesse laisse dans le deuil son fils Jakob; ses frères Ayden et Olivier; ses sœurs : Sabrina-Rose, Tess et [&hellip;]
