{"version":"1.0","provider_name":"Steve L. Elkas Funeral Home","provider_url":"https:\/\/www.steveelkas.com\/en\/","title":"M. Alain Boisvert &#8212; Steve L. Elkas Funeral Home","type":"rich","width":600,"height":338,"html":"<blockquote class=\"wp-embedded-content\" data-secret=\"v0Zb6NN3M9\"><a href=\"https:\/\/www.steveelkas.com\/en\/obituaries\/m-alain-boisvert\/\">M. Alain Boisvert<\/a><\/blockquote><iframe sandbox=\"allow-scripts\" security=\"restricted\" src=\"https:\/\/www.steveelkas.com\/en\/obituaries\/m-alain-boisvert\/embed\/#?secret=v0Zb6NN3M9\" width=\"600\" height=\"338\" title=\"&#8220;M. Alain Boisvert&#8221; &#8212; Steve L. Elkas Funeral Home\" data-secret=\"v0Zb6NN3M9\" frameborder=\"0\" marginwidth=\"0\" marginheight=\"0\" scrolling=\"no\" class=\"wp-embedded-content\"><\/iframe><script type=\"text\/javascript\">\n\/* <![CDATA[ *\/\n\/*! This file is auto-generated *\/\n!function(d,l){\"use strict\";l.querySelector&&d.addEventListener&&\"undefined\"!=typeof URL&&(d.wp=d.wp||{},d.wp.receiveEmbedMessage||(d.wp.receiveEmbedMessage=function(e){var t=e.data;if((t||t.secret||t.message||t.value)&&!\/[^a-zA-Z0-9]\/.test(t.secret)){for(var s,r,n,a=l.querySelectorAll('iframe[data-secret=\"'+t.secret+'\"]'),o=l.querySelectorAll('blockquote[data-secret=\"'+t.secret+'\"]'),c=new RegExp(\"^https?:$\",\"i\"),i=0;i<o.length;i++)o[i].style.display=\"none\";for(i=0;i<a.length;i++)s=a[i],e.source===s.contentWindow&&(s.removeAttribute(\"style\"),\"height\"===t.message?(1e3<(r=parseInt(t.value,10))?r=1e3:~~r<200&&(r=200),s.height=r):\"link\"===t.message&&(r=new URL(s.getAttribute(\"src\")),n=new URL(t.value),c.test(n.protocol))&&n.host===r.host&&l.activeElement===s&&(d.top.location.href=t.value))}},d.addEventListener(\"message\",d.wp.receiveEmbedMessage,!1),l.addEventListener(\"DOMContentLoaded\",function(){for(var e,t,s=l.querySelectorAll(\"iframe.wp-embedded-content\"),r=0;r<s.length;r++)(t=(e=s[r]).getAttribute(\"data-secret\"))||(t=Math.random().toString(36).substring(2,12),e.src+=\"#?secret=\"+t,e.setAttribute(\"data-secret\",t)),e.contentWindow.postMessage({message:\"ready\",secret:t},\"*\")},!1)))}(window,document);\n\/\/# sourceURL=https:\/\/www.steveelkas.com\/wp-includes\/js\/wp-embed.min.js\n\/* ]]> *\/\n<\/script>\n","thumbnail_url":"https:\/\/www.steveelkas.com\/wp-content\/uploads\/2020\/09\/Alain-Boisvert-scaled.jpg","thumbnail_width":4224,"thumbnail_height":5632,"description":"Apr\u00e8s un long combat, c\u2019est avec beaucoup de chagrin que nous vous informons du d\u00e9c\u00e8s de monsieur Alain Boisvert, le 31 Ao\u00fbt 2020, \u00e0 l\u2019\u00e2ge de 44 ans. Il \u00e9tait le fils d\u2019Yvette Poulin et de feu Ga\u00ebtan Boisvert. Outre sa m\u00e8re, il laisse dans le deuil sa s\u0153ur Nathalie (Daniel), son fr\u00e8re \u00c9ric, ses [&hellip;]"}

Après un long combat, c’est avec beaucoup de chagrin que nous vous informons du décès de monsieur Alain Boisvert, le 31 Août 2020, à l’âge de 44 ans. Il était le fils d’Yvette Poulin et de feu Gaëtan Boisvert. Outre sa mère, il laisse dans le deuil sa sœur Nathalie (Daniel), son frère Éric, ses [&hellip;]
