{"version":"1.0","provider_name":"Steve L. Elkas Funeral Home","provider_url":"https:\/\/www.steveelkas.com\/en\/","title":"M. Alain Dupuis &#8212; Steve L. Elkas Funeral Home","type":"rich","width":600,"height":338,"html":"<blockquote class=\"wp-embedded-content\" data-secret=\"G00qIy7mcE\"><a href=\"https:\/\/www.steveelkas.com\/en\/obituaries\/m-alain-dupuis\/\">M. Alain Dupuis<\/a><\/blockquote><iframe sandbox=\"allow-scripts\" security=\"restricted\" src=\"https:\/\/www.steveelkas.com\/en\/obituaries\/m-alain-dupuis\/embed\/#?secret=G00qIy7mcE\" width=\"600\" height=\"338\" title=\"&#8220;M. Alain Dupuis&#8221; &#8212; Steve L. Elkas Funeral Home\" data-secret=\"G00qIy7mcE\" frameborder=\"0\" marginwidth=\"0\" marginheight=\"0\" scrolling=\"no\" class=\"wp-embedded-content\"><\/iframe><script type=\"text\/javascript\">\n\/* <![CDATA[ *\/\n\/*! This file is auto-generated *\/\n!function(d,l){\"use strict\";l.querySelector&&d.addEventListener&&\"undefined\"!=typeof URL&&(d.wp=d.wp||{},d.wp.receiveEmbedMessage||(d.wp.receiveEmbedMessage=function(e){var t=e.data;if((t||t.secret||t.message||t.value)&&!\/[^a-zA-Z0-9]\/.test(t.secret)){for(var s,r,n,a=l.querySelectorAll('iframe[data-secret=\"'+t.secret+'\"]'),o=l.querySelectorAll('blockquote[data-secret=\"'+t.secret+'\"]'),c=new RegExp(\"^https?:$\",\"i\"),i=0;i<o.length;i++)o[i].style.display=\"none\";for(i=0;i<a.length;i++)s=a[i],e.source===s.contentWindow&&(s.removeAttribute(\"style\"),\"height\"===t.message?(1e3<(r=parseInt(t.value,10))?r=1e3:~~r<200&&(r=200),s.height=r):\"link\"===t.message&&(r=new URL(s.getAttribute(\"src\")),n=new URL(t.value),c.test(n.protocol))&&n.host===r.host&&l.activeElement===s&&(d.top.location.href=t.value))}},d.addEventListener(\"message\",d.wp.receiveEmbedMessage,!1),l.addEventListener(\"DOMContentLoaded\",function(){for(var e,t,s=l.querySelectorAll(\"iframe.wp-embedded-content\"),r=0;r<s.length;r++)(t=(e=s[r]).getAttribute(\"data-secret\"))||(t=Math.random().toString(36).substring(2,12),e.src+=\"#?secret=\"+t,e.setAttribute(\"data-secret\",t)),e.contentWindow.postMessage({message:\"ready\",secret:t},\"*\")},!1)))}(window,document);\n\/\/# sourceURL=https:\/\/www.steveelkas.com\/wp-includes\/js\/wp-embed.min.js\n\/* ]]> *\/\n<\/script>\n","thumbnail_url":"https:\/\/www.steveelkas.com\/wp-content\/uploads\/2020\/02\/Alain-Dupuis.jpeg","thumbnail_width":766,"thumbnail_height":1036,"description":"\u00c0 Sherbrooke, le 31 janvier 2020, paisiblement dans son sommeil, comme un petit oiseau qui prend son envol, est d\u00e9c\u00e9d\u00e9 \u00e0 l\u2019\u00e2ge de 65 ans Monsieur Alain Dupuis, \u00e9poux de Lise Brault, fils de Aline Dub\u00e9 et de feu Rosaire Dupuis. La famille vous accueillera au COMPLEXE FUN\u00c9RAIRE STEVE L.ELKAS Inc. 4230, RUE BERTRAND-FABI, (ROCK-FOREST) [&hellip;]"}

À Sherbrooke, le 31 janvier 2020, paisiblement dans son sommeil, comme un petit oiseau qui prend son envol, est décédé à l’âge de 65 ans Monsieur Alain Dupuis, époux de Lise Brault, fils de Aline Dubé et de feu Rosaire Dupuis. La famille vous accueillera au COMPLEXE FUNÉRAIRE STEVE L.ELKAS Inc. 4230, RUE BERTRAND-FABI, (ROCK-FOREST) [&hellip;]
