{"version":"1.0","provider_name":"Steve L. Elkas Funeral Home","provider_url":"https:\/\/www.steveelkas.com\/en\/","title":"M. Alain Laporte &#8212; Steve L. Elkas Funeral Home","type":"rich","width":600,"height":338,"html":"<blockquote class=\"wp-embedded-content\" data-secret=\"q2trbOknt7\"><a href=\"https:\/\/www.steveelkas.com\/en\/obituaries\/m-alain-laporte\/\">M. Alain Laporte<\/a><\/blockquote><iframe sandbox=\"allow-scripts\" security=\"restricted\" src=\"https:\/\/www.steveelkas.com\/en\/obituaries\/m-alain-laporte\/embed\/#?secret=q2trbOknt7\" width=\"600\" height=\"338\" title=\"&#8220;M. Alain Laporte&#8221; &#8212; Steve L. Elkas Funeral Home\" data-secret=\"q2trbOknt7\" frameborder=\"0\" marginwidth=\"0\" marginheight=\"0\" scrolling=\"no\" class=\"wp-embedded-content\"><\/iframe><script type=\"text\/javascript\">\n\/* <![CDATA[ *\/\n\/*! This file is auto-generated *\/\n!function(d,l){\"use strict\";l.querySelector&&d.addEventListener&&\"undefined\"!=typeof URL&&(d.wp=d.wp||{},d.wp.receiveEmbedMessage||(d.wp.receiveEmbedMessage=function(e){var t=e.data;if((t||t.secret||t.message||t.value)&&!\/[^a-zA-Z0-9]\/.test(t.secret)){for(var s,r,n,a=l.querySelectorAll('iframe[data-secret=\"'+t.secret+'\"]'),o=l.querySelectorAll('blockquote[data-secret=\"'+t.secret+'\"]'),c=new RegExp(\"^https?:$\",\"i\"),i=0;i<o.length;i++)o[i].style.display=\"none\";for(i=0;i<a.length;i++)s=a[i],e.source===s.contentWindow&&(s.removeAttribute(\"style\"),\"height\"===t.message?(1e3<(r=parseInt(t.value,10))?r=1e3:~~r<200&&(r=200),s.height=r):\"link\"===t.message&&(r=new URL(s.getAttribute(\"src\")),n=new URL(t.value),c.test(n.protocol))&&n.host===r.host&&l.activeElement===s&&(d.top.location.href=t.value))}},d.addEventListener(\"message\",d.wp.receiveEmbedMessage,!1),l.addEventListener(\"DOMContentLoaded\",function(){for(var e,t,s=l.querySelectorAll(\"iframe.wp-embedded-content\"),r=0;r<s.length;r++)(t=(e=s[r]).getAttribute(\"data-secret\"))||(t=Math.random().toString(36).substring(2,12),e.src+=\"#?secret=\"+t,e.setAttribute(\"data-secret\",t)),e.contentWindow.postMessage({message:\"ready\",secret:t},\"*\")},!1)))}(window,document);\n\/\/# sourceURL=https:\/\/www.steveelkas.com\/wp-includes\/js\/wp-embed.min.js\n\/* ]]> *\/\n<\/script>\n","thumbnail_url":"https:\/\/www.steveelkas.com\/wp-content\/uploads\/2022\/06\/Alain-Laporte.jpg","thumbnail_width":224,"thumbnail_height":319,"description":"Au CHUS Fleurimont de Sherbrooke, le 29 mai 2022, \u00e0 l&#8217;\u00e2ge de 58 ans, est d\u00e9c\u00e9d\u00e9 M. Alain Laporte, conjoint de Sylvie Lacasse et fils de Claude Laporte et de feu Denise Fortier.\u00a0 Il demeurait \u00e0 Sherbrooke. La direction des fun\u00e9railles \u00e0 \u00e9t\u00e9 confi\u00e9 \u00e0 la: R\u00c9SIDENCE FUN\u00c9RAIRE STEVE L.ELKAS INC. 601, RUE DU CONSEIL, [&hellip;]"}

Au CHUS Fleurimont de Sherbrooke, le 29 mai 2022, à l&#8217;âge de 58 ans, est décédé M. Alain Laporte, conjoint de Sylvie Lacasse et fils de Claude Laporte et de feu Denise Fortier.  Il demeurait à Sherbrooke. La direction des funérailles à été confié à la: RÉSIDENCE FUNÉRAIRE STEVE L.ELKAS INC. 601, RUE DU CONSEIL, [&hellip;]
