{"version":"1.0","provider_name":"Steve L. Elkas Funeral Home","provider_url":"https:\/\/www.steveelkas.com\/en\/","title":"M. Alphonse Saumier &#8212; Steve L. Elkas Funeral Home","type":"rich","width":600,"height":338,"html":"<blockquote class=\"wp-embedded-content\" data-secret=\"vqlp92EaxQ\"><a href=\"https:\/\/www.steveelkas.com\/en\/obituaries\/m-alphonse-saumier\/\">M. Alphonse Saumier<\/a><\/blockquote><iframe sandbox=\"allow-scripts\" security=\"restricted\" src=\"https:\/\/www.steveelkas.com\/en\/obituaries\/m-alphonse-saumier\/embed\/#?secret=vqlp92EaxQ\" width=\"600\" height=\"338\" title=\"&#8220;M. Alphonse Saumier&#8221; &#8212; Steve L. Elkas Funeral Home\" data-secret=\"vqlp92EaxQ\" frameborder=\"0\" marginwidth=\"0\" marginheight=\"0\" scrolling=\"no\" class=\"wp-embedded-content\"><\/iframe><script type=\"text\/javascript\">\n\/* <![CDATA[ *\/\n\/*! This file is auto-generated *\/\n!function(d,l){\"use strict\";l.querySelector&&d.addEventListener&&\"undefined\"!=typeof URL&&(d.wp=d.wp||{},d.wp.receiveEmbedMessage||(d.wp.receiveEmbedMessage=function(e){var t=e.data;if((t||t.secret||t.message||t.value)&&!\/[^a-zA-Z0-9]\/.test(t.secret)){for(var s,r,n,a=l.querySelectorAll('iframe[data-secret=\"'+t.secret+'\"]'),o=l.querySelectorAll('blockquote[data-secret=\"'+t.secret+'\"]'),c=new RegExp(\"^https?:$\",\"i\"),i=0;i<o.length;i++)o[i].style.display=\"none\";for(i=0;i<a.length;i++)s=a[i],e.source===s.contentWindow&&(s.removeAttribute(\"style\"),\"height\"===t.message?(1e3<(r=parseInt(t.value,10))?r=1e3:~~r<200&&(r=200),s.height=r):\"link\"===t.message&&(r=new URL(s.getAttribute(\"src\")),n=new URL(t.value),c.test(n.protocol))&&n.host===r.host&&l.activeElement===s&&(d.top.location.href=t.value))}},d.addEventListener(\"message\",d.wp.receiveEmbedMessage,!1),l.addEventListener(\"DOMContentLoaded\",function(){for(var e,t,s=l.querySelectorAll(\"iframe.wp-embedded-content\"),r=0;r<s.length;r++)(t=(e=s[r]).getAttribute(\"data-secret\"))||(t=Math.random().toString(36).substring(2,12),e.src+=\"#?secret=\"+t,e.setAttribute(\"data-secret\",t)),e.contentWindow.postMessage({message:\"ready\",secret:t},\"*\")},!1)))}(window,document);\n\/\/# sourceURL=https:\/\/www.steveelkas.com\/wp-includes\/js\/wp-embed.min.js\n\/* ]]> *\/\n<\/script>\n","thumbnail_url":"https:\/\/www.steveelkas.com\/wp-content\/uploads\/2023\/01\/Alphonese-Saumier.jpg","thumbnail_width":277,"thumbnail_height":384,"description":"\u00c0 Sherbrooke, le 9 janvier 2023, est d\u00e9c\u00e9d\u00e9 M. Alphonse Saumier \u00e0 l\u2019\u00e2ge de 99 ans. Il \u00e9tait le fils de feu Alfred Saumier et de feu Alma Pelletier. M. Saumier laisse dans le deuil son \u00e9pouse des 70 derni\u00e8res ann\u00e9es, Mme Monique Nadeau; ses enfants : Alain (Diane), Marc (H\u00e9l\u00e8ne), Anne-Marie (Luc), Mich\u00e8le (Anthony); [&hellip;]"}

À Sherbrooke, le 9 janvier 2023, est décédé M. Alphonse Saumier à l’âge de 99 ans. Il était le fils de feu Alfred Saumier et de feu Alma Pelletier. M. Saumier laisse dans le deuil son épouse des 70 dernières années, Mme Monique Nadeau; ses enfants : Alain (Diane), Marc (Hélène), Anne-Marie (Luc), Michèle (Anthony); [&hellip;]
