{"version":"1.0","provider_name":"Steve L. Elkas Funeral Home","provider_url":"https:\/\/www.steveelkas.com\/en\/","title":"M. Andr\u00e9 Boulanger &#8212; Steve L. Elkas Funeral Home","type":"rich","width":600,"height":338,"html":"<blockquote class=\"wp-embedded-content\" data-secret=\"yPTbjsEydP\"><a href=\"https:\/\/www.steveelkas.com\/en\/obituaries\/m-andre-boulanger\/\">M. Andr\u00e9 Boulanger<\/a><\/blockquote><iframe sandbox=\"allow-scripts\" security=\"restricted\" src=\"https:\/\/www.steveelkas.com\/en\/obituaries\/m-andre-boulanger\/embed\/#?secret=yPTbjsEydP\" width=\"600\" height=\"338\" title=\"&#8220;M. Andr\u00e9 Boulanger&#8221; &#8212; Steve L. Elkas Funeral Home\" data-secret=\"yPTbjsEydP\" frameborder=\"0\" marginwidth=\"0\" marginheight=\"0\" scrolling=\"no\" class=\"wp-embedded-content\"><\/iframe><script type=\"text\/javascript\">\n\/* <![CDATA[ *\/\n\/*! This file is auto-generated *\/\n!function(d,l){\"use strict\";l.querySelector&&d.addEventListener&&\"undefined\"!=typeof URL&&(d.wp=d.wp||{},d.wp.receiveEmbedMessage||(d.wp.receiveEmbedMessage=function(e){var t=e.data;if((t||t.secret||t.message||t.value)&&!\/[^a-zA-Z0-9]\/.test(t.secret)){for(var s,r,n,a=l.querySelectorAll('iframe[data-secret=\"'+t.secret+'\"]'),o=l.querySelectorAll('blockquote[data-secret=\"'+t.secret+'\"]'),c=new RegExp(\"^https?:$\",\"i\"),i=0;i<o.length;i++)o[i].style.display=\"none\";for(i=0;i<a.length;i++)s=a[i],e.source===s.contentWindow&&(s.removeAttribute(\"style\"),\"height\"===t.message?(1e3<(r=parseInt(t.value,10))?r=1e3:~~r<200&&(r=200),s.height=r):\"link\"===t.message&&(r=new URL(s.getAttribute(\"src\")),n=new URL(t.value),c.test(n.protocol))&&n.host===r.host&&l.activeElement===s&&(d.top.location.href=t.value))}},d.addEventListener(\"message\",d.wp.receiveEmbedMessage,!1),l.addEventListener(\"DOMContentLoaded\",function(){for(var e,t,s=l.querySelectorAll(\"iframe.wp-embedded-content\"),r=0;r<s.length;r++)(t=(e=s[r]).getAttribute(\"data-secret\"))||(t=Math.random().toString(36).substring(2,12),e.src+=\"#?secret=\"+t,e.setAttribute(\"data-secret\",t)),e.contentWindow.postMessage({message:\"ready\",secret:t},\"*\")},!1)))}(window,document);\n\/\/# sourceURL=https:\/\/www.steveelkas.com\/wp-includes\/js\/wp-embed.min.js\n\/* ]]> *\/\n<\/script>\n","thumbnail_url":"https:\/\/www.steveelkas.com\/wp-content\/uploads\/2020\/07\/Andr\u00e9-Boulanger072.jpg","thumbnail_width":1235,"thumbnail_height":1389,"description":"Le 22 juin 2020 \u00e0 Sherbrooke est d\u00e9c\u00e9d\u00e9 M. Andr\u00e9 Boulanger, fils de feu Lucien Boulanger et de feu Gertrude Lapierre. Il laisse dans le deuil son fils F\u00e9lix, ses s\u0153urs et fr\u00e8res Th\u00e9r\u00e8se (Jean-Louis), feu Fran\u00e7oise, Yvon (Huguette), Jean-Luc,\u00a0 Michel (Cl\u00e9mence), ainsi que Lucie (Pierre-Paul). La famille vous accueillera le dimanche 12 juillet 2020 [&hellip;]"}

M. André Boulanger &#8212; Steve L. Elkas Funeral Home

<blockquote class="wp-embedded-content" data-secret="yPTbjsEydP"><a href="https://www.steveelkas.com/en/obituaries/m-andre-boulanger/">M. André Boulanger</a></blockquote><iframe sandbox="allow-scripts" security="restricted" src="https://www.steveelkas.com/en/obituaries/m-andre-boulanger/embed/#?secret=yPTbjsEydP" width="600" height="338" title="&#8220;M. André Boulanger&#8221; &#8212; Steve L. Elkas Funeral Home" data-secret="yPTbjsEydP" frameborder="0" marginwidth="0" marginheight="0" scrolling="no" class="wp-embedded-content"></iframe><script type="text/javascript">
/* <![CDATA[ */
/*! This file is auto-generated */
!function(d,l){"use strict";l.querySelector&&d.addEventListener&&"undefined"!=typeof URL&&(d.wp=d.wp||{},d.wp.receiveEmbedMessage||(d.wp.receiveEmbedMessage=function(e){var t=e.data;if((t||t.secret||t.message||t.value)&&!/[^a-zA-Z0-9]/.test(t.secret)){for(var s,r,n,a=l.querySelectorAll('iframe[data-secret="'+t.secret+'"]'),o=l.querySelectorAll('blockquote[data-secret="'+t.secret+'"]'),c=new RegExp("^https?:$","i"),i=0;i<o.length;i++)o[i].style.display="none";for(i=0;i<a.length;i++)s=a[i],e.source===s.contentWindow&&(s.removeAttribute("style"),"height"===t.message?(1e3<(r=parseInt(t.value,10))?r=1e3:~~r<200&&(r=200),s.height=r):"link"===t.message&&(r=new URL(s.getAttribute("src")),n=new URL(t.value),c.test(n.protocol))&&n.host===r.host&&l.activeElement===s&&(d.top.location.href=t.value))}},d.addEventListener("message",d.wp.receiveEmbedMessage,!1),l.addEventListener("DOMContentLoaded",function(){for(var e,t,s=l.querySelectorAll("iframe.wp-embedded-content"),r=0;r<s.length;r++)(t=(e=s[r]).getAttribute("data-secret"))||(t=Math.random().toString(36).substring(2,12),e.src+="#?secret="+t,e.setAttribute("data-secret",t)),e.contentWindow.postMessage({message:"ready",secret:t},"*")},!1)))}(window,document);
//# sourceURL=https://www.steveelkas.com/wp-includes/js/wp-embed.min.js
/* ]]> */
</script>

https://www.steveelkas.com/wp-content/uploads/2020/07/André-Boulanger072.jpg

Le 22 juin 2020 à Sherbrooke est décédé M. André Boulanger, fils de feu Lucien Boulanger et de feu Gertrude Lapierre. Il laisse dans le deuil son fils Félix, ses sœurs et frères Thérèse (Jean-Louis), feu Françoise, Yvon (Huguette), Jean-Luc,  Michel (Clémence), ainsi que Lucie (Pierre-Paul). La famille vous accueillera le dimanche 12 juillet 2020 [&hellip;]
