{"version":"1.0","provider_name":"Steve L. Elkas Funeral Home","provider_url":"https:\/\/www.steveelkas.com\/en\/","title":"M. Andrea Nadeau &#8212; Steve L. Elkas Funeral Home","type":"rich","width":600,"height":338,"html":"<blockquote class=\"wp-embedded-content\" data-secret=\"IjBWi12CQZ\"><a href=\"https:\/\/www.steveelkas.com\/en\/obituaries\/m-andrea-nadeau-2\/\">M. Andrea Nadeau<\/a><\/blockquote><iframe sandbox=\"allow-scripts\" security=\"restricted\" src=\"https:\/\/www.steveelkas.com\/en\/obituaries\/m-andrea-nadeau-2\/embed\/#?secret=IjBWi12CQZ\" width=\"600\" height=\"338\" title=\"&#8220;M. Andrea Nadeau&#8221; &#8212; Steve L. Elkas Funeral Home\" data-secret=\"IjBWi12CQZ\" frameborder=\"0\" marginwidth=\"0\" marginheight=\"0\" scrolling=\"no\" class=\"wp-embedded-content\"><\/iframe><script type=\"text\/javascript\">\n\/* <![CDATA[ *\/\n\/*! This file is auto-generated *\/\n!function(d,l){\"use strict\";l.querySelector&&d.addEventListener&&\"undefined\"!=typeof URL&&(d.wp=d.wp||{},d.wp.receiveEmbedMessage||(d.wp.receiveEmbedMessage=function(e){var t=e.data;if((t||t.secret||t.message||t.value)&&!\/[^a-zA-Z0-9]\/.test(t.secret)){for(var s,r,n,a=l.querySelectorAll('iframe[data-secret=\"'+t.secret+'\"]'),o=l.querySelectorAll('blockquote[data-secret=\"'+t.secret+'\"]'),c=new RegExp(\"^https?:$\",\"i\"),i=0;i<o.length;i++)o[i].style.display=\"none\";for(i=0;i<a.length;i++)s=a[i],e.source===s.contentWindow&&(s.removeAttribute(\"style\"),\"height\"===t.message?(1e3<(r=parseInt(t.value,10))?r=1e3:~~r<200&&(r=200),s.height=r):\"link\"===t.message&&(r=new URL(s.getAttribute(\"src\")),n=new URL(t.value),c.test(n.protocol))&&n.host===r.host&&l.activeElement===s&&(d.top.location.href=t.value))}},d.addEventListener(\"message\",d.wp.receiveEmbedMessage,!1),l.addEventListener(\"DOMContentLoaded\",function(){for(var e,t,s=l.querySelectorAll(\"iframe.wp-embedded-content\"),r=0;r<s.length;r++)(t=(e=s[r]).getAttribute(\"data-secret\"))||(t=Math.random().toString(36).substring(2,12),e.src+=\"#?secret=\"+t,e.setAttribute(\"data-secret\",t)),e.contentWindow.postMessage({message:\"ready\",secret:t},\"*\")},!1)))}(window,document);\n\/\/# sourceURL=https:\/\/www.steveelkas.com\/wp-includes\/js\/wp-embed.min.js\n\/* ]]> *\/\n<\/script>\n","thumbnail_url":"https:\/\/www.steveelkas.com\/wp-content\/uploads\/2022\/07\/andrea-nadeau-1.jpg","thumbnail_width":1473,"thumbnail_height":1864,"description":"Born November 1, 1940, in Saint-Alfred-de-Beauce. He died peacefully July 3, 2022, in Sherbrooke with loved ones at his side. Son of the late Paul-\u00c9mile Nadeau et the late Ir\u00e8ne Breton. He leaves to mourn his wife Muriel Lafontaine (married in Port Colborne, Ontario in 1961) and his sons Andr\u00e9 (Beth), Paul (Carmen), and Rick [&hellip;]"}

Born November 1, 1940, in Saint-Alfred-de-Beauce. He died peacefully July 3, 2022, in Sherbrooke with loved ones at his side. Son of the late Paul-Émile Nadeau et the late Irène Breton. He leaves to mourn his wife Muriel Lafontaine (married in Port Colborne, Ontario in 1961) and his sons André (Beth), Paul (Carmen), and Rick [&hellip;]
