{"version":"1.0","provider_name":"Steve L. Elkas Funeral Home","provider_url":"https:\/\/www.steveelkas.com\/en\/","title":"M. Armand Baillargeon &#8212; Steve L. Elkas Funeral Home","type":"rich","width":600,"height":338,"html":"<blockquote class=\"wp-embedded-content\" data-secret=\"plz7M5eYRx\"><a href=\"https:\/\/www.steveelkas.com\/en\/obituaries\/m-armand-baillargeon-2\/\">M. Armand Baillargeon<\/a><\/blockquote><iframe sandbox=\"allow-scripts\" security=\"restricted\" src=\"https:\/\/www.steveelkas.com\/en\/obituaries\/m-armand-baillargeon-2\/embed\/#?secret=plz7M5eYRx\" width=\"600\" height=\"338\" title=\"&#8220;M. Armand Baillargeon&#8221; &#8212; Steve L. Elkas Funeral Home\" data-secret=\"plz7M5eYRx\" frameborder=\"0\" marginwidth=\"0\" marginheight=\"0\" scrolling=\"no\" class=\"wp-embedded-content\"><\/iframe><script type=\"text\/javascript\">\n\/* <![CDATA[ *\/\n\/*! This file is auto-generated *\/\n!function(d,l){\"use strict\";l.querySelector&&d.addEventListener&&\"undefined\"!=typeof URL&&(d.wp=d.wp||{},d.wp.receiveEmbedMessage||(d.wp.receiveEmbedMessage=function(e){var t=e.data;if((t||t.secret||t.message||t.value)&&!\/[^a-zA-Z0-9]\/.test(t.secret)){for(var s,r,n,a=l.querySelectorAll('iframe[data-secret=\"'+t.secret+'\"]'),o=l.querySelectorAll('blockquote[data-secret=\"'+t.secret+'\"]'),c=new RegExp(\"^https?:$\",\"i\"),i=0;i<o.length;i++)o[i].style.display=\"none\";for(i=0;i<a.length;i++)s=a[i],e.source===s.contentWindow&&(s.removeAttribute(\"style\"),\"height\"===t.message?(1e3<(r=parseInt(t.value,10))?r=1e3:~~r<200&&(r=200),s.height=r):\"link\"===t.message&&(r=new URL(s.getAttribute(\"src\")),n=new URL(t.value),c.test(n.protocol))&&n.host===r.host&&l.activeElement===s&&(d.top.location.href=t.value))}},d.addEventListener(\"message\",d.wp.receiveEmbedMessage,!1),l.addEventListener(\"DOMContentLoaded\",function(){for(var e,t,s=l.querySelectorAll(\"iframe.wp-embedded-content\"),r=0;r<s.length;r++)(t=(e=s[r]).getAttribute(\"data-secret\"))||(t=Math.random().toString(36).substring(2,12),e.src+=\"#?secret=\"+t,e.setAttribute(\"data-secret\",t)),e.contentWindow.postMessage({message:\"ready\",secret:t},\"*\")},!1)))}(window,document);\n\/\/# sourceURL=https:\/\/www.steveelkas.com\/wp-includes\/js\/wp-embed.min.js\n\/* ]]> *\/\n<\/script>\n","thumbnail_url":"https:\/\/www.steveelkas.com\/wp-content\/uploads\/2022\/05\/Armand-Baillargeon.jpg","thumbnail_width":345,"thumbnail_height":517,"description":"Au CHUS H\u00f4tel-Dieu de Sherbrooke, le 14 janvier 2022, \u00e0 l\u2019\u00e2ge de 75 ans, suite \u00e0 un combat contre le cancer, est d\u00e9c\u00e9d\u00e9 M. Armand Baillargeon, \u00a0\u00e9poux\u00a0 de Denise Th\u00e9berge, demeurant \u00e0 Stoke. M. Baillargeon laisse dans le deuil outre son \u00e9pouse, son fils Jonathan (Genevi\u00e8ve), son p\u00e8re Jean (feu \u00c9milie Brochu). Il laisse aussi [&hellip;]"}

Au CHUS Hôtel-Dieu de Sherbrooke, le 14 janvier 2022, à l’âge de 75 ans, suite à un combat contre le cancer, est décédé M. Armand Baillargeon,  époux  de Denise Théberge, demeurant à Stoke. M. Baillargeon laisse dans le deuil outre son épouse, son fils Jonathan (Geneviève), son père Jean (feu Émilie Brochu). Il laisse aussi [&hellip;]
