{"version":"1.0","provider_name":"Steve L. Elkas Funeral Home","provider_url":"https:\/\/www.steveelkas.com\/en\/","title":"M. Benjamin Nadeau &#8212; Steve L. Elkas Funeral Home","type":"rich","width":600,"height":338,"html":"<blockquote class=\"wp-embedded-content\" data-secret=\"9UlAILiCHd\"><a href=\"https:\/\/www.steveelkas.com\/en\/obituaries\/m-benjamin-nadeau\/\">M. Benjamin Nadeau<\/a><\/blockquote><iframe sandbox=\"allow-scripts\" security=\"restricted\" src=\"https:\/\/www.steveelkas.com\/en\/obituaries\/m-benjamin-nadeau\/embed\/#?secret=9UlAILiCHd\" width=\"600\" height=\"338\" title=\"&#8220;M. Benjamin Nadeau&#8221; &#8212; Steve L. Elkas Funeral Home\" data-secret=\"9UlAILiCHd\" frameborder=\"0\" marginwidth=\"0\" marginheight=\"0\" scrolling=\"no\" class=\"wp-embedded-content\"><\/iframe><script type=\"text\/javascript\">\n\/* <![CDATA[ *\/\n\/*! This file is auto-generated *\/\n!function(d,l){\"use strict\";l.querySelector&&d.addEventListener&&\"undefined\"!=typeof URL&&(d.wp=d.wp||{},d.wp.receiveEmbedMessage||(d.wp.receiveEmbedMessage=function(e){var t=e.data;if((t||t.secret||t.message||t.value)&&!\/[^a-zA-Z0-9]\/.test(t.secret)){for(var s,r,n,a=l.querySelectorAll('iframe[data-secret=\"'+t.secret+'\"]'),o=l.querySelectorAll('blockquote[data-secret=\"'+t.secret+'\"]'),c=new RegExp(\"^https?:$\",\"i\"),i=0;i<o.length;i++)o[i].style.display=\"none\";for(i=0;i<a.length;i++)s=a[i],e.source===s.contentWindow&&(s.removeAttribute(\"style\"),\"height\"===t.message?(1e3<(r=parseInt(t.value,10))?r=1e3:~~r<200&&(r=200),s.height=r):\"link\"===t.message&&(r=new URL(s.getAttribute(\"src\")),n=new URL(t.value),c.test(n.protocol))&&n.host===r.host&&l.activeElement===s&&(d.top.location.href=t.value))}},d.addEventListener(\"message\",d.wp.receiveEmbedMessage,!1),l.addEventListener(\"DOMContentLoaded\",function(){for(var e,t,s=l.querySelectorAll(\"iframe.wp-embedded-content\"),r=0;r<s.length;r++)(t=(e=s[r]).getAttribute(\"data-secret\"))||(t=Math.random().toString(36).substring(2,12),e.src+=\"#?secret=\"+t,e.setAttribute(\"data-secret\",t)),e.contentWindow.postMessage({message:\"ready\",secret:t},\"*\")},!1)))}(window,document);\n\/\/# sourceURL=https:\/\/www.steveelkas.com\/wp-includes\/js\/wp-embed.min.js\n\/* ]]> *\/\n<\/script>\n","thumbnail_url":"https:\/\/www.steveelkas.com\/wp-content\/uploads\/2022\/08\/Benjamin-Nadeau-scaled.jpeg","thumbnail_width":1919,"thumbnail_height":2560,"description":"Benjamin Nadeau 26 janvier 1979 &#8211; 13 ao\u00fbt 2022 Nous avons le regret de vous annoncer le d\u00e9c\u00e8s de\u00a0Benjamin Nadeau le 13 ao\u00fbt dernier \u00e0 l\u2019\u00e2ge de 43 ans. Benjamin \u00e9tait un p\u00e8re d\u00e9vou\u00e9. Il laisse dans le deuil sa raison de vivre : sa fille Esmya Nadeau, \u00e2g\u00e9e de 14 ans. Il laisse \u00e9galement [&hellip;]"}

Benjamin Nadeau 26 janvier 1979 &#8211; 13 août 2022 Nous avons le regret de vous annoncer le décès de Benjamin Nadeau le 13 août dernier à l’âge de 43 ans. Benjamin était un père dévoué. Il laisse dans le deuil sa raison de vivre : sa fille Esmya Nadeau, âgée de 14 ans. Il laisse également [&hellip;]
