{"version":"1.0","provider_name":"Steve L. Elkas Funeral Home","provider_url":"https:\/\/www.steveelkas.com\/en\/","title":"M. Benoit Gagnon &#8212; Steve L. Elkas Funeral Home","type":"rich","width":600,"height":338,"html":"<blockquote class=\"wp-embedded-content\" data-secret=\"Sw0VwsNyXo\"><a href=\"https:\/\/www.steveelkas.com\/en\/obituaries\/m-benoit-gagnon\/\">M. Benoit Gagnon<\/a><\/blockquote><iframe sandbox=\"allow-scripts\" security=\"restricted\" src=\"https:\/\/www.steveelkas.com\/en\/obituaries\/m-benoit-gagnon\/embed\/#?secret=Sw0VwsNyXo\" width=\"600\" height=\"338\" title=\"&#8220;M. Benoit Gagnon&#8221; &#8212; Steve L. Elkas Funeral Home\" data-secret=\"Sw0VwsNyXo\" frameborder=\"0\" marginwidth=\"0\" marginheight=\"0\" scrolling=\"no\" class=\"wp-embedded-content\"><\/iframe><script type=\"text\/javascript\">\n\/* <![CDATA[ *\/\n\/*! This file is auto-generated *\/\n!function(d,l){\"use strict\";l.querySelector&&d.addEventListener&&\"undefined\"!=typeof URL&&(d.wp=d.wp||{},d.wp.receiveEmbedMessage||(d.wp.receiveEmbedMessage=function(e){var t=e.data;if((t||t.secret||t.message||t.value)&&!\/[^a-zA-Z0-9]\/.test(t.secret)){for(var s,r,n,a=l.querySelectorAll('iframe[data-secret=\"'+t.secret+'\"]'),o=l.querySelectorAll('blockquote[data-secret=\"'+t.secret+'\"]'),c=new RegExp(\"^https?:$\",\"i\"),i=0;i<o.length;i++)o[i].style.display=\"none\";for(i=0;i<a.length;i++)s=a[i],e.source===s.contentWindow&&(s.removeAttribute(\"style\"),\"height\"===t.message?(1e3<(r=parseInt(t.value,10))?r=1e3:~~r<200&&(r=200),s.height=r):\"link\"===t.message&&(r=new URL(s.getAttribute(\"src\")),n=new URL(t.value),c.test(n.protocol))&&n.host===r.host&&l.activeElement===s&&(d.top.location.href=t.value))}},d.addEventListener(\"message\",d.wp.receiveEmbedMessage,!1),l.addEventListener(\"DOMContentLoaded\",function(){for(var e,t,s=l.querySelectorAll(\"iframe.wp-embedded-content\"),r=0;r<s.length;r++)(t=(e=s[r]).getAttribute(\"data-secret\"))||(t=Math.random().toString(36).substring(2,12),e.src+=\"#?secret=\"+t,e.setAttribute(\"data-secret\",t)),e.contentWindow.postMessage({message:\"ready\",secret:t},\"*\")},!1)))}(window,document);\n\/\/# sourceURL=https:\/\/www.steveelkas.com\/wp-includes\/js\/wp-embed.min.js\n\/* ]]> *\/\n<\/script>\n","thumbnail_url":"https:\/\/www.steveelkas.com\/wp-content\/uploads\/2020\/06\/benoit-gagnon.jpg","thumbnail_width":1156,"thumbnail_height":1379,"description":"\u00c0 la R\u00e9sidence Murray de Sherbrooke, le 29 mai 2020, \u00e0 l\u2019\u00e2ge de 89 ans, est d\u00e9c\u00e9d\u00e9 M. Benoit Gagnon, \u00e9poux de Mme Fernande Champigny, demeurant \u00e0 Sherbrooke. La famille sera pr\u00e9sente au Complexe fun\u00e9raire Steve Elkas, 4230, rue Bertrand Fabi, Sherbrooke, pour recevoir les condol\u00e9ances, le vendredi 19 juin 2020 de 19 h \u00e0 [&hellip;]"}

À la Résidence Murray de Sherbrooke, le 29 mai 2020, à l’âge de 89 ans, est décédé M. Benoit Gagnon, époux de Mme Fernande Champigny, demeurant à Sherbrooke. La famille sera présente au Complexe funéraire Steve Elkas, 4230, rue Bertrand Fabi, Sherbrooke, pour recevoir les condoléances, le vendredi 19 juin 2020 de 19 h à [&hellip;]
