{"version":"1.0","provider_name":"Steve L. Elkas Funeral Home","provider_url":"https:\/\/www.steveelkas.com\/en\/","title":"M. Camille Le Blanc &#8212; Steve L. Elkas Funeral Home","type":"rich","width":600,"height":338,"html":"<blockquote class=\"wp-embedded-content\" data-secret=\"w4mcH4BwyH\"><a href=\"https:\/\/www.steveelkas.com\/en\/obituaries\/m-camille-le-blanc\/\">M. Camille Le Blanc<\/a><\/blockquote><iframe sandbox=\"allow-scripts\" security=\"restricted\" src=\"https:\/\/www.steveelkas.com\/en\/obituaries\/m-camille-le-blanc\/embed\/#?secret=w4mcH4BwyH\" width=\"600\" height=\"338\" title=\"&#8220;M. Camille Le Blanc&#8221; &#8212; Steve L. Elkas Funeral Home\" data-secret=\"w4mcH4BwyH\" frameborder=\"0\" marginwidth=\"0\" marginheight=\"0\" scrolling=\"no\" class=\"wp-embedded-content\"><\/iframe><script type=\"text\/javascript\">\n\/* <![CDATA[ *\/\n\/*! This file is auto-generated *\/\n!function(d,l){\"use strict\";l.querySelector&&d.addEventListener&&\"undefined\"!=typeof URL&&(d.wp=d.wp||{},d.wp.receiveEmbedMessage||(d.wp.receiveEmbedMessage=function(e){var t=e.data;if((t||t.secret||t.message||t.value)&&!\/[^a-zA-Z0-9]\/.test(t.secret)){for(var s,r,n,a=l.querySelectorAll('iframe[data-secret=\"'+t.secret+'\"]'),o=l.querySelectorAll('blockquote[data-secret=\"'+t.secret+'\"]'),c=new RegExp(\"^https?:$\",\"i\"),i=0;i<o.length;i++)o[i].style.display=\"none\";for(i=0;i<a.length;i++)s=a[i],e.source===s.contentWindow&&(s.removeAttribute(\"style\"),\"height\"===t.message?(1e3<(r=parseInt(t.value,10))?r=1e3:~~r<200&&(r=200),s.height=r):\"link\"===t.message&&(r=new URL(s.getAttribute(\"src\")),n=new URL(t.value),c.test(n.protocol))&&n.host===r.host&&l.activeElement===s&&(d.top.location.href=t.value))}},d.addEventListener(\"message\",d.wp.receiveEmbedMessage,!1),l.addEventListener(\"DOMContentLoaded\",function(){for(var e,t,s=l.querySelectorAll(\"iframe.wp-embedded-content\"),r=0;r<s.length;r++)(t=(e=s[r]).getAttribute(\"data-secret\"))||(t=Math.random().toString(36).substring(2,12),e.src+=\"#?secret=\"+t,e.setAttribute(\"data-secret\",t)),e.contentWindow.postMessage({message:\"ready\",secret:t},\"*\")},!1)))}(window,document);\n\/\/# sourceURL=https:\/\/www.steveelkas.com\/wp-includes\/js\/wp-embed.min.js\n\/* ]]> *\/\n<\/script>\n","thumbnail_url":"https:\/\/www.steveelkas.com\/wp-content\/uploads\/2022\/06\/Le-Blanc.jpeg","thumbnail_width":392,"thumbnail_height":558,"description":"\u00c0\u00a0 Sherbrooke, le 28 juin\u00a0 2022, est\u00a0 d\u00e9c\u00e9d\u00e9 monsieur\u00a0 Camille Le Blanc \u00e0 l\u2019\u00e2ge de 89 ans. Il \u00e9tait le fils de feu G\u00e9d\u00e9on Le Blanc, de feu C\u00e9lina Chico\u00efne et l&#8217;\u00e9poux de feu madame Suzanne Sage, demeurant \u00e0 Sherbrooke. Il laisse dans le deuil ses enfants : Michel (Marie-Claude), Daniel (Jos\u00e9e), Martin (Am\u00e9lie) et [&hellip;]"}

À  Sherbrooke, le 28 juin  2022, est  décédé monsieur  Camille Le Blanc à l’âge de 89 ans. Il était le fils de feu Gédéon Le Blanc, de feu Célina Chicoïne et l&#8217;époux de feu madame Suzanne Sage, demeurant à Sherbrooke. Il laisse dans le deuil ses enfants : Michel (Marie-Claude), Daniel (Josée), Martin (Amélie) et [&hellip;]
