{"version":"1.0","provider_name":"Steve L. Elkas Funeral Home","provider_url":"https:\/\/www.steveelkas.com\/en\/","title":"M. CHARLES TESSIER &#8212; Steve L. Elkas Funeral Home","type":"rich","width":600,"height":338,"html":"<blockquote class=\"wp-embedded-content\" data-secret=\"R7aoCmuWt8\"><a href=\"https:\/\/www.steveelkas.com\/en\/obituaries\/m-charles-tessier\/\">M. CHARLES TESSIER<\/a><\/blockquote><iframe sandbox=\"allow-scripts\" security=\"restricted\" src=\"https:\/\/www.steveelkas.com\/en\/obituaries\/m-charles-tessier\/embed\/#?secret=R7aoCmuWt8\" width=\"600\" height=\"338\" title=\"&#8220;M. CHARLES TESSIER&#8221; &#8212; Steve L. Elkas Funeral Home\" data-secret=\"R7aoCmuWt8\" frameborder=\"0\" marginwidth=\"0\" marginheight=\"0\" scrolling=\"no\" class=\"wp-embedded-content\"><\/iframe><script type=\"text\/javascript\">\n\/* <![CDATA[ *\/\n\/*! This file is auto-generated *\/\n!function(d,l){\"use strict\";l.querySelector&&d.addEventListener&&\"undefined\"!=typeof URL&&(d.wp=d.wp||{},d.wp.receiveEmbedMessage||(d.wp.receiveEmbedMessage=function(e){var t=e.data;if((t||t.secret||t.message||t.value)&&!\/[^a-zA-Z0-9]\/.test(t.secret)){for(var s,r,n,a=l.querySelectorAll('iframe[data-secret=\"'+t.secret+'\"]'),o=l.querySelectorAll('blockquote[data-secret=\"'+t.secret+'\"]'),c=new RegExp(\"^https?:$\",\"i\"),i=0;i<o.length;i++)o[i].style.display=\"none\";for(i=0;i<a.length;i++)s=a[i],e.source===s.contentWindow&&(s.removeAttribute(\"style\"),\"height\"===t.message?(1e3<(r=parseInt(t.value,10))?r=1e3:~~r<200&&(r=200),s.height=r):\"link\"===t.message&&(r=new URL(s.getAttribute(\"src\")),n=new URL(t.value),c.test(n.protocol))&&n.host===r.host&&l.activeElement===s&&(d.top.location.href=t.value))}},d.addEventListener(\"message\",d.wp.receiveEmbedMessage,!1),l.addEventListener(\"DOMContentLoaded\",function(){for(var e,t,s=l.querySelectorAll(\"iframe.wp-embedded-content\"),r=0;r<s.length;r++)(t=(e=s[r]).getAttribute(\"data-secret\"))||(t=Math.random().toString(36).substring(2,12),e.src+=\"#?secret=\"+t,e.setAttribute(\"data-secret\",t)),e.contentWindow.postMessage({message:\"ready\",secret:t},\"*\")},!1)))}(window,document);\n\/\/# sourceURL=https:\/\/www.steveelkas.com\/wp-includes\/js\/wp-embed.min.js\n\/* ]]> *\/\n<\/script>\n","thumbnail_url":"https:\/\/www.steveelkas.com\/wp-content\/uploads\/2020\/05\/Charles-Tessier.jpeg","thumbnail_width":1777,"thumbnail_height":2222,"description":"CHARLES TESSIER (1930 &#8211; 2020) C&#8217;est avec une grande tristesse que nous annon\u00e7ons le d\u00e9c\u00e8s de Dr Charles Tessier,dentiste,\u00e0 Sherbrooke,survenu le 29 avril 2020 \u00e0 l\u2019\u00e2ge de 90 ans.Il \u00e9tait l\u2019\u00e9poux de feu Constance Joncas et fr\u00e8re de feu Annette,H\u00e9l\u00e8ne et Yvette Tessier. La famille vous accueillera au Complexe fun\u00e9raire Steve L. Elkas Inc., 4230 [&hellip;]"}

CHARLES TESSIER (1930 &#8211; 2020) C&#8217;est avec une grande tristesse que nous annonçons le décès de Dr Charles Tessier,dentiste,à Sherbrooke,survenu le 29 avril 2020 à l’âge de 90 ans.Il était l’époux de feu Constance Joncas et frère de feu Annette,Hélène et Yvette Tessier. La famille vous accueillera au Complexe funéraire Steve L. Elkas Inc., 4230 [&hellip;]
