{"version":"1.0","provider_name":"Steve L. Elkas Funeral Home","provider_url":"https:\/\/www.steveelkas.com\/en\/","title":"M. Clermont Caron &#8212; Steve L. Elkas Funeral Home","type":"rich","width":600,"height":338,"html":"<blockquote class=\"wp-embedded-content\" data-secret=\"44X6pgZIWF\"><a href=\"https:\/\/www.steveelkas.com\/en\/obituaries\/m-clermont-caron\/\">M. Clermont Caron<\/a><\/blockquote><iframe sandbox=\"allow-scripts\" security=\"restricted\" src=\"https:\/\/www.steveelkas.com\/en\/obituaries\/m-clermont-caron\/embed\/#?secret=44X6pgZIWF\" width=\"600\" height=\"338\" title=\"&#8220;M. Clermont Caron&#8221; &#8212; Steve L. Elkas Funeral Home\" data-secret=\"44X6pgZIWF\" frameborder=\"0\" marginwidth=\"0\" marginheight=\"0\" scrolling=\"no\" class=\"wp-embedded-content\"><\/iframe><script type=\"text\/javascript\">\n\/* <![CDATA[ *\/\n\/*! This file is auto-generated *\/\n!function(d,l){\"use strict\";l.querySelector&&d.addEventListener&&\"undefined\"!=typeof URL&&(d.wp=d.wp||{},d.wp.receiveEmbedMessage||(d.wp.receiveEmbedMessage=function(e){var t=e.data;if((t||t.secret||t.message||t.value)&&!\/[^a-zA-Z0-9]\/.test(t.secret)){for(var s,r,n,a=l.querySelectorAll('iframe[data-secret=\"'+t.secret+'\"]'),o=l.querySelectorAll('blockquote[data-secret=\"'+t.secret+'\"]'),c=new RegExp(\"^https?:$\",\"i\"),i=0;i<o.length;i++)o[i].style.display=\"none\";for(i=0;i<a.length;i++)s=a[i],e.source===s.contentWindow&&(s.removeAttribute(\"style\"),\"height\"===t.message?(1e3<(r=parseInt(t.value,10))?r=1e3:~~r<200&&(r=200),s.height=r):\"link\"===t.message&&(r=new URL(s.getAttribute(\"src\")),n=new URL(t.value),c.test(n.protocol))&&n.host===r.host&&l.activeElement===s&&(d.top.location.href=t.value))}},d.addEventListener(\"message\",d.wp.receiveEmbedMessage,!1),l.addEventListener(\"DOMContentLoaded\",function(){for(var e,t,s=l.querySelectorAll(\"iframe.wp-embedded-content\"),r=0;r<s.length;r++)(t=(e=s[r]).getAttribute(\"data-secret\"))||(t=Math.random().toString(36).substring(2,12),e.src+=\"#?secret=\"+t,e.setAttribute(\"data-secret\",t)),e.contentWindow.postMessage({message:\"ready\",secret:t},\"*\")},!1)))}(window,document);\n\/\/# sourceURL=https:\/\/www.steveelkas.com\/wp-includes\/js\/wp-embed.min.js\n\/* ]]> *\/\n<\/script>\n","thumbnail_url":"https:\/\/www.steveelkas.com\/wp-content\/uploads\/2022\/12\/Clairmont-Caron-002.jpg","thumbnail_width":517,"thumbnail_height":588,"description":"\u00c0 l\u2019Institut de cardiologie de Montr\u00e9al, le 10 d\u00e9cembre 2022, \u00e0 l\u2019\u00e2ge de 75 ans, est d\u00e9c\u00e9d\u00e9 M. Clermont Caron, \u00e9poux de Mme Sylvie Vidal, demeurant \u00e0 Sherbrooke. Outre son \u00e9pouse, il laisse dans le deuil ses enfants; Jos\u00e9e (Fran\u00e7ois), Pascal (Cynthia) et Dana (St\u00e9phane), ses petits-enfants; \u00c9thienne, Rosemarie, Bess et Aimy, ses fr\u00e8res et [&hellip;]"}

À l’Institut de cardiologie de Montréal, le 10 décembre 2022, à l’âge de 75 ans, est décédé M. Clermont Caron, époux de Mme Sylvie Vidal, demeurant à Sherbrooke. Outre son épouse, il laisse dans le deuil ses enfants; Josée (François), Pascal (Cynthia) et Dana (Stéphane), ses petits-enfants; Éthienne, Rosemarie, Bess et Aimy, ses frères et [&hellip;]
