{"version":"1.0","provider_name":"Steve L. Elkas Funeral Home","provider_url":"https:\/\/www.steveelkas.com\/en\/","title":"M. Daniel Breault &#8212; Steve L. Elkas Funeral Home","type":"rich","width":600,"height":338,"html":"<blockquote class=\"wp-embedded-content\" data-secret=\"duMXre6xY4\"><a href=\"https:\/\/www.steveelkas.com\/en\/obituaries\/m-daniel-breault\/\">M. Daniel Breault<\/a><\/blockquote><iframe sandbox=\"allow-scripts\" security=\"restricted\" src=\"https:\/\/www.steveelkas.com\/en\/obituaries\/m-daniel-breault\/embed\/#?secret=duMXre6xY4\" width=\"600\" height=\"338\" title=\"&#8220;M. Daniel Breault&#8221; &#8212; Steve L. Elkas Funeral Home\" data-secret=\"duMXre6xY4\" frameborder=\"0\" marginwidth=\"0\" marginheight=\"0\" scrolling=\"no\" class=\"wp-embedded-content\"><\/iframe><script type=\"text\/javascript\">\n\/* <![CDATA[ *\/\n\/*! This file is auto-generated *\/\n!function(d,l){\"use strict\";l.querySelector&&d.addEventListener&&\"undefined\"!=typeof URL&&(d.wp=d.wp||{},d.wp.receiveEmbedMessage||(d.wp.receiveEmbedMessage=function(e){var t=e.data;if((t||t.secret||t.message||t.value)&&!\/[^a-zA-Z0-9]\/.test(t.secret)){for(var s,r,n,a=l.querySelectorAll('iframe[data-secret=\"'+t.secret+'\"]'),o=l.querySelectorAll('blockquote[data-secret=\"'+t.secret+'\"]'),c=new RegExp(\"^https?:$\",\"i\"),i=0;i<o.length;i++)o[i].style.display=\"none\";for(i=0;i<a.length;i++)s=a[i],e.source===s.contentWindow&&(s.removeAttribute(\"style\"),\"height\"===t.message?(1e3<(r=parseInt(t.value,10))?r=1e3:~~r<200&&(r=200),s.height=r):\"link\"===t.message&&(r=new URL(s.getAttribute(\"src\")),n=new URL(t.value),c.test(n.protocol))&&n.host===r.host&&l.activeElement===s&&(d.top.location.href=t.value))}},d.addEventListener(\"message\",d.wp.receiveEmbedMessage,!1),l.addEventListener(\"DOMContentLoaded\",function(){for(var e,t,s=l.querySelectorAll(\"iframe.wp-embedded-content\"),r=0;r<s.length;r++)(t=(e=s[r]).getAttribute(\"data-secret\"))||(t=Math.random().toString(36).substring(2,12),e.src+=\"#?secret=\"+t,e.setAttribute(\"data-secret\",t)),e.contentWindow.postMessage({message:\"ready\",secret:t},\"*\")},!1)))}(window,document);\n\/\/# sourceURL=https:\/\/www.steveelkas.com\/wp-includes\/js\/wp-embed.min.js\n\/* ]]> *\/\n<\/script>\n","thumbnail_url":"https:\/\/www.steveelkas.com\/wp-content\/uploads\/2022\/10\/Daniel-Breault.jpg","thumbnail_width":372,"thumbnail_height":415,"description":"Le 22 septembre 2022, \u00e0 la suite d\u2019une longue maladie, est d\u00e9c\u00e9d\u00e9 Daniel Breault \u00e0 l\u2019\u00e2ge de 64 ans. Il laisse dans le deuil sa m\u00e8re Monique Thibault, son p\u00e8re Yvon Breault, ses fr\u00e8res et s\u0153ur\u00a0: Pierre (Sylvie Raymond), Alain, Sophie (Stephan Longpr\u00e9) et Jean-Fran\u00e7ois (V\u00e9ronique d\u2019Aragon), sa ni\u00e8ce \u00c9lizabeth Longpr\u00e9 (Maxime C\u00f4t\u00e9), son filleul [&hellip;]"}

Le 22 septembre 2022, à la suite d’une longue maladie, est décédé Daniel Breault à l’âge de 64 ans. Il laisse dans le deuil sa mère Monique Thibault, son père Yvon Breault, ses frères et sœur : Pierre (Sylvie Raymond), Alain, Sophie (Stephan Longpré) et Jean-François (Véronique d’Aragon), sa nièce Élizabeth Longpré (Maxime Côté), son filleul [&hellip;]
