{"version":"1.0","provider_name":"Steve L. Elkas Funeral Home","provider_url":"https:\/\/www.steveelkas.com\/en\/","title":"M. Denis Tremblay &#8212; Steve L. Elkas Funeral Home","type":"rich","width":600,"height":338,"html":"<blockquote class=\"wp-embedded-content\" data-secret=\"ZPuLfR6RXa\"><a href=\"https:\/\/www.steveelkas.com\/en\/obituaries\/m-denis-tremblay\/\">M. Denis Tremblay<\/a><\/blockquote><iframe sandbox=\"allow-scripts\" security=\"restricted\" src=\"https:\/\/www.steveelkas.com\/en\/obituaries\/m-denis-tremblay\/embed\/#?secret=ZPuLfR6RXa\" width=\"600\" height=\"338\" title=\"&#8220;M. Denis Tremblay&#8221; &#8212; Steve L. Elkas Funeral Home\" data-secret=\"ZPuLfR6RXa\" frameborder=\"0\" marginwidth=\"0\" marginheight=\"0\" scrolling=\"no\" class=\"wp-embedded-content\"><\/iframe><script type=\"text\/javascript\">\n\/* <![CDATA[ *\/\n\/*! This file is auto-generated *\/\n!function(d,l){\"use strict\";l.querySelector&&d.addEventListener&&\"undefined\"!=typeof URL&&(d.wp=d.wp||{},d.wp.receiveEmbedMessage||(d.wp.receiveEmbedMessage=function(e){var t=e.data;if((t||t.secret||t.message||t.value)&&!\/[^a-zA-Z0-9]\/.test(t.secret)){for(var s,r,n,a=l.querySelectorAll('iframe[data-secret=\"'+t.secret+'\"]'),o=l.querySelectorAll('blockquote[data-secret=\"'+t.secret+'\"]'),c=new RegExp(\"^https?:$\",\"i\"),i=0;i<o.length;i++)o[i].style.display=\"none\";for(i=0;i<a.length;i++)s=a[i],e.source===s.contentWindow&&(s.removeAttribute(\"style\"),\"height\"===t.message?(1e3<(r=parseInt(t.value,10))?r=1e3:~~r<200&&(r=200),s.height=r):\"link\"===t.message&&(r=new URL(s.getAttribute(\"src\")),n=new URL(t.value),c.test(n.protocol))&&n.host===r.host&&l.activeElement===s&&(d.top.location.href=t.value))}},d.addEventListener(\"message\",d.wp.receiveEmbedMessage,!1),l.addEventListener(\"DOMContentLoaded\",function(){for(var e,t,s=l.querySelectorAll(\"iframe.wp-embedded-content\"),r=0;r<s.length;r++)(t=(e=s[r]).getAttribute(\"data-secret\"))||(t=Math.random().toString(36).substring(2,12),e.src+=\"#?secret=\"+t,e.setAttribute(\"data-secret\",t)),e.contentWindow.postMessage({message:\"ready\",secret:t},\"*\")},!1)))}(window,document);\n\/\/# sourceURL=https:\/\/www.steveelkas.com\/wp-includes\/js\/wp-embed.min.js\n\/* ]]> *\/\n<\/script>\n","thumbnail_url":"https:\/\/www.steveelkas.com\/wp-content\/uploads\/2022\/05\/Denis-Tremblay081-scaled.jpg","thumbnail_width":2133,"thumbnail_height":2560,"description":"Au CHUS H\u00f4tel-Dieu, le 23 avril 2022 est d\u00e9c\u00e9d\u00e9 monsieur Denis Tremblay \u00e0 l\u2019\u00e2ge de 94 ans. Il \u00e9tait le fils de feu Arthur Tremblay, de feu Emilia Gauthier et l\u2019\u00e9poux de feu Carmen Lessard. P\u00e8re de feu ses jumeaux Yvan et Yvette et feu Ren\u00e9, il laisse dans le deuil ses enfants\u00a0: Yvon, France, [&hellip;]"}

Au CHUS Hôtel-Dieu, le 23 avril 2022 est décédé monsieur Denis Tremblay à l’âge de 94 ans. Il était le fils de feu Arthur Tremblay, de feu Emilia Gauthier et l’époux de feu Carmen Lessard. Père de feu ses jumeaux Yvan et Yvette et feu René, il laisse dans le deuil ses enfants : Yvon, France, [&hellip;]
