{"version":"1.0","provider_name":"Steve L. Elkas Funeral Home","provider_url":"https:\/\/www.steveelkas.com\/en\/","title":"M. Denis Vachon &#8212; Steve L. Elkas Funeral Home","type":"rich","width":600,"height":338,"html":"<blockquote class=\"wp-embedded-content\" data-secret=\"5yJKlRBcu6\"><a href=\"https:\/\/www.steveelkas.com\/en\/obituaries\/m-denis-vachon\/\">M. Denis Vachon<\/a><\/blockquote><iframe sandbox=\"allow-scripts\" security=\"restricted\" src=\"https:\/\/www.steveelkas.com\/en\/obituaries\/m-denis-vachon\/embed\/#?secret=5yJKlRBcu6\" width=\"600\" height=\"338\" title=\"&#8220;M. Denis Vachon&#8221; &#8212; Steve L. Elkas Funeral Home\" data-secret=\"5yJKlRBcu6\" frameborder=\"0\" marginwidth=\"0\" marginheight=\"0\" scrolling=\"no\" class=\"wp-embedded-content\"><\/iframe><script type=\"text\/javascript\">\n\/* <![CDATA[ *\/\n\/*! This file is auto-generated *\/\n!function(d,l){\"use strict\";l.querySelector&&d.addEventListener&&\"undefined\"!=typeof URL&&(d.wp=d.wp||{},d.wp.receiveEmbedMessage||(d.wp.receiveEmbedMessage=function(e){var t=e.data;if((t||t.secret||t.message||t.value)&&!\/[^a-zA-Z0-9]\/.test(t.secret)){for(var s,r,n,a=l.querySelectorAll('iframe[data-secret=\"'+t.secret+'\"]'),o=l.querySelectorAll('blockquote[data-secret=\"'+t.secret+'\"]'),c=new RegExp(\"^https?:$\",\"i\"),i=0;i<o.length;i++)o[i].style.display=\"none\";for(i=0;i<a.length;i++)s=a[i],e.source===s.contentWindow&&(s.removeAttribute(\"style\"),\"height\"===t.message?(1e3<(r=parseInt(t.value,10))?r=1e3:~~r<200&&(r=200),s.height=r):\"link\"===t.message&&(r=new URL(s.getAttribute(\"src\")),n=new URL(t.value),c.test(n.protocol))&&n.host===r.host&&l.activeElement===s&&(d.top.location.href=t.value))}},d.addEventListener(\"message\",d.wp.receiveEmbedMessage,!1),l.addEventListener(\"DOMContentLoaded\",function(){for(var e,t,s=l.querySelectorAll(\"iframe.wp-embedded-content\"),r=0;r<s.length;r++)(t=(e=s[r]).getAttribute(\"data-secret\"))||(t=Math.random().toString(36).substring(2,12),e.src+=\"#?secret=\"+t,e.setAttribute(\"data-secret\",t)),e.contentWindow.postMessage({message:\"ready\",secret:t},\"*\")},!1)))}(window,document);\n\/\/# sourceURL=https:\/\/www.steveelkas.com\/wp-includes\/js\/wp-embed.min.js\n\/* ]]> *\/\n<\/script>\n","thumbnail_url":"https:\/\/www.steveelkas.com\/wp-content\/uploads\/2022\/08\/1-denis-vachon.jpg","thumbnail_width":543,"thumbnail_height":691,"description":"M. Denis Vachon\u00a0 \u00a0 \u00a0(1946 \u2013 2022 ) Le 2 ao\u00fbt 2022, \u00e0 La Maison Aube-Lumi\u00e8re de Sherbrooke, entour\u00e9 des siens et de ses tournesols ador\u00e9s, s\u2019est paisiblement \u00e9teint Monsieur Denis Vachon \u00e2g\u00e9 de 76 ans.\u00a0 Il \u00e9tait le fils de feu Blanche Veilleux et de feu Phil\u00e9mon Vachon.\u00a0 Il \u00e9tait l\u2019\u00e9poux aimant de Madame [&hellip;]"}

M. Denis Vachon     (1946 – 2022 ) Le 2 août 2022, à La Maison Aube-Lumière de Sherbrooke, entouré des siens et de ses tournesols adorés, s’est paisiblement éteint Monsieur Denis Vachon âgé de 76 ans.  Il était le fils de feu Blanche Veilleux et de feu Philémon Vachon.  Il était l’époux aimant de Madame [&hellip;]
