{"version":"1.0","provider_name":"Steve L. Elkas Funeral Home","provider_url":"https:\/\/www.steveelkas.com\/en\/","title":"M. Donald Asselin &#8212; Steve L. Elkas Funeral Home","type":"rich","width":600,"height":338,"html":"<blockquote class=\"wp-embedded-content\" data-secret=\"Cim0isFztc\"><a href=\"https:\/\/www.steveelkas.com\/en\/obituaries\/m-donald-asselin\/\">M. Donald Asselin<\/a><\/blockquote><iframe sandbox=\"allow-scripts\" security=\"restricted\" src=\"https:\/\/www.steveelkas.com\/en\/obituaries\/m-donald-asselin\/embed\/#?secret=Cim0isFztc\" width=\"600\" height=\"338\" title=\"&#8220;M. Donald Asselin&#8221; &#8212; Steve L. Elkas Funeral Home\" data-secret=\"Cim0isFztc\" frameborder=\"0\" marginwidth=\"0\" marginheight=\"0\" scrolling=\"no\" class=\"wp-embedded-content\"><\/iframe><script type=\"text\/javascript\">\n\/* <![CDATA[ *\/\n\/*! This file is auto-generated *\/\n!function(d,l){\"use strict\";l.querySelector&&d.addEventListener&&\"undefined\"!=typeof URL&&(d.wp=d.wp||{},d.wp.receiveEmbedMessage||(d.wp.receiveEmbedMessage=function(e){var t=e.data;if((t||t.secret||t.message||t.value)&&!\/[^a-zA-Z0-9]\/.test(t.secret)){for(var s,r,n,a=l.querySelectorAll('iframe[data-secret=\"'+t.secret+'\"]'),o=l.querySelectorAll('blockquote[data-secret=\"'+t.secret+'\"]'),c=new RegExp(\"^https?:$\",\"i\"),i=0;i<o.length;i++)o[i].style.display=\"none\";for(i=0;i<a.length;i++)s=a[i],e.source===s.contentWindow&&(s.removeAttribute(\"style\"),\"height\"===t.message?(1e3<(r=parseInt(t.value,10))?r=1e3:~~r<200&&(r=200),s.height=r):\"link\"===t.message&&(r=new URL(s.getAttribute(\"src\")),n=new URL(t.value),c.test(n.protocol))&&n.host===r.host&&l.activeElement===s&&(d.top.location.href=t.value))}},d.addEventListener(\"message\",d.wp.receiveEmbedMessage,!1),l.addEventListener(\"DOMContentLoaded\",function(){for(var e,t,s=l.querySelectorAll(\"iframe.wp-embedded-content\"),r=0;r<s.length;r++)(t=(e=s[r]).getAttribute(\"data-secret\"))||(t=Math.random().toString(36).substring(2,12),e.src+=\"#?secret=\"+t,e.setAttribute(\"data-secret\",t)),e.contentWindow.postMessage({message:\"ready\",secret:t},\"*\")},!1)))}(window,document);\n\/\/# sourceURL=https:\/\/www.steveelkas.com\/wp-includes\/js\/wp-embed.min.js\n\/* ]]> *\/\n<\/script>\n","thumbnail_url":"https:\/\/www.steveelkas.com\/wp-content\/uploads\/2021\/07\/3355asselin.jpg","thumbnail_width":315,"thumbnail_height":330,"description":"\u00c0 l\u2019H\u00f4tel-Dieu de Qu\u00e9bec, le 15 juin 2021, est d\u00e9c\u00e9d\u00e9 monsieur Donald Asselin, \u00e0 l\u2019\u00e2ge de 66 ans. Il \u00e9tait le fils de feu Rosario Asselin et de feu Ir\u00e8ne Chainey. Il demeurait \u00e0 Sherbrooke. M. Asselin laisse dans le deuil ses enfants : Dominic (Marie-Pierre Pelletier), Jean-Fran\u00e7ois et Mil\u00e8ne; ses petits-enfants : Maxim, Olivier [&hellip;]"}

À l’Hôtel-Dieu de Québec, le 15 juin 2021, est décédé monsieur Donald Asselin, à l’âge de 66 ans. Il était le fils de feu Rosario Asselin et de feu Irène Chainey. Il demeurait à Sherbrooke. M. Asselin laisse dans le deuil ses enfants : Dominic (Marie-Pierre Pelletier), Jean-François et Milène; ses petits-enfants : Maxim, Olivier [&hellip;]
