{"version":"1.0","provider_name":"Steve L. Elkas Funeral Home","provider_url":"https:\/\/www.steveelkas.com\/en\/","title":"M. Gary Denault &#8212; Steve L. Elkas Funeral Home","type":"rich","width":600,"height":338,"html":"<blockquote class=\"wp-embedded-content\" data-secret=\"4F96Blpr75\"><a href=\"https:\/\/www.steveelkas.com\/en\/obituaries\/m-gary-denault\/\">M. Gary Denault<\/a><\/blockquote><iframe sandbox=\"allow-scripts\" security=\"restricted\" src=\"https:\/\/www.steveelkas.com\/en\/obituaries\/m-gary-denault\/embed\/#?secret=4F96Blpr75\" width=\"600\" height=\"338\" title=\"&#8220;M. Gary Denault&#8221; &#8212; Steve L. Elkas Funeral Home\" data-secret=\"4F96Blpr75\" frameborder=\"0\" marginwidth=\"0\" marginheight=\"0\" scrolling=\"no\" class=\"wp-embedded-content\"><\/iframe><script type=\"text\/javascript\">\n\/* <![CDATA[ *\/\n\/*! This file is auto-generated *\/\n!function(d,l){\"use strict\";l.querySelector&&d.addEventListener&&\"undefined\"!=typeof URL&&(d.wp=d.wp||{},d.wp.receiveEmbedMessage||(d.wp.receiveEmbedMessage=function(e){var t=e.data;if((t||t.secret||t.message||t.value)&&!\/[^a-zA-Z0-9]\/.test(t.secret)){for(var s,r,n,a=l.querySelectorAll('iframe[data-secret=\"'+t.secret+'\"]'),o=l.querySelectorAll('blockquote[data-secret=\"'+t.secret+'\"]'),c=new RegExp(\"^https?:$\",\"i\"),i=0;i<o.length;i++)o[i].style.display=\"none\";for(i=0;i<a.length;i++)s=a[i],e.source===s.contentWindow&&(s.removeAttribute(\"style\"),\"height\"===t.message?(1e3<(r=parseInt(t.value,10))?r=1e3:~~r<200&&(r=200),s.height=r):\"link\"===t.message&&(r=new URL(s.getAttribute(\"src\")),n=new URL(t.value),c.test(n.protocol))&&n.host===r.host&&l.activeElement===s&&(d.top.location.href=t.value))}},d.addEventListener(\"message\",d.wp.receiveEmbedMessage,!1),l.addEventListener(\"DOMContentLoaded\",function(){for(var e,t,s=l.querySelectorAll(\"iframe.wp-embedded-content\"),r=0;r<s.length;r++)(t=(e=s[r]).getAttribute(\"data-secret\"))||(t=Math.random().toString(36).substring(2,12),e.src+=\"#?secret=\"+t,e.setAttribute(\"data-secret\",t)),e.contentWindow.postMessage({message:\"ready\",secret:t},\"*\")},!1)))}(window,document);\n\/\/# sourceURL=https:\/\/www.steveelkas.com\/wp-includes\/js\/wp-embed.min.js\n\/* ]]> *\/\n<\/script>\n","thumbnail_url":"https:\/\/www.steveelkas.com\/wp-content\/uploads\/2022\/10\/Gary-Denault-156X237.jpg","thumbnail_width":156,"thumbnail_height":237,"description":"Gary Denault (1969-2022) 30 juin 1969 \u2013 26 septembre 2022 \u00a0 \u00a0 \u00c0 Sherbrooke, le 26 septembre 2022 est d\u00e9c\u00e9d\u00e9 monsieur Gary Denault, conjoint de M\u00e9lanie Perrault et fils de feu Jacques Denault et de Carol Parsons. Outre sa m\u00e8re et sa conjointe, Gary laisse dans le deuil ses deux fils James Andrew et Jake [&hellip;]"}

Gary Denault (1969-2022) 30 juin 1969 – 26 septembre 2022     À Sherbrooke, le 26 septembre 2022 est décédé monsieur Gary Denault, conjoint de Mélanie Perrault et fils de feu Jacques Denault et de Carol Parsons. Outre sa mère et sa conjointe, Gary laisse dans le deuil ses deux fils James Andrew et Jake [&hellip;]
