{"version":"1.0","provider_name":"Steve L. Elkas Funeral Home","provider_url":"https:\/\/www.steveelkas.com\/en\/","title":"M. Gaston Grenier &#8212; Steve L. Elkas Funeral Home","type":"rich","width":600,"height":338,"html":"<blockquote class=\"wp-embedded-content\" data-secret=\"ngK1nwV5Lv\"><a href=\"https:\/\/www.steveelkas.com\/en\/obituaries\/m-gaston-grenier-1941-2020\/\">M. Gaston Grenier<\/a><\/blockquote><iframe sandbox=\"allow-scripts\" security=\"restricted\" src=\"https:\/\/www.steveelkas.com\/en\/obituaries\/m-gaston-grenier-1941-2020\/embed\/#?secret=ngK1nwV5Lv\" width=\"600\" height=\"338\" title=\"&#8220;M. Gaston Grenier&#8221; &#8212; Steve L. Elkas Funeral Home\" data-secret=\"ngK1nwV5Lv\" frameborder=\"0\" marginwidth=\"0\" marginheight=\"0\" scrolling=\"no\" class=\"wp-embedded-content\"><\/iframe><script type=\"text\/javascript\">\n\/* <![CDATA[ *\/\n\/*! This file is auto-generated *\/\n!function(d,l){\"use strict\";l.querySelector&&d.addEventListener&&\"undefined\"!=typeof URL&&(d.wp=d.wp||{},d.wp.receiveEmbedMessage||(d.wp.receiveEmbedMessage=function(e){var t=e.data;if((t||t.secret||t.message||t.value)&&!\/[^a-zA-Z0-9]\/.test(t.secret)){for(var s,r,n,a=l.querySelectorAll('iframe[data-secret=\"'+t.secret+'\"]'),o=l.querySelectorAll('blockquote[data-secret=\"'+t.secret+'\"]'),c=new RegExp(\"^https?:$\",\"i\"),i=0;i<o.length;i++)o[i].style.display=\"none\";for(i=0;i<a.length;i++)s=a[i],e.source===s.contentWindow&&(s.removeAttribute(\"style\"),\"height\"===t.message?(1e3<(r=parseInt(t.value,10))?r=1e3:~~r<200&&(r=200),s.height=r):\"link\"===t.message&&(r=new URL(s.getAttribute(\"src\")),n=new URL(t.value),c.test(n.protocol))&&n.host===r.host&&l.activeElement===s&&(d.top.location.href=t.value))}},d.addEventListener(\"message\",d.wp.receiveEmbedMessage,!1),l.addEventListener(\"DOMContentLoaded\",function(){for(var e,t,s=l.querySelectorAll(\"iframe.wp-embedded-content\"),r=0;r<s.length;r++)(t=(e=s[r]).getAttribute(\"data-secret\"))||(t=Math.random().toString(36).substring(2,12),e.src+=\"#?secret=\"+t,e.setAttribute(\"data-secret\",t)),e.contentWindow.postMessage({message:\"ready\",secret:t},\"*\")},!1)))}(window,document);\n\/\/# sourceURL=https:\/\/www.steveelkas.com\/wp-includes\/js\/wp-embed.min.js\n\/* ]]> *\/\n<\/script>\n","thumbnail_url":"https:\/\/www.steveelkas.com\/wp-content\/uploads\/2020\/05\/Gaston-Grenier.jpg","thumbnail_width":2048,"thumbnail_height":1536,"description":"Le 14 mai 2020, au CHUS de Fleurimont de Sherbrooke, est d\u00e9c\u00e9d\u00e9 \u00e0 l\u2019\u00e2ge de 79 ans, monsieur Gaston Grenier.Il \u00e9tait le fils de feu Raymond Grenier et de feu \u00c9lauria Blais. Il \u00e9tait l\u2019\u00e9poux de feu Lise Drapeau Grenier. Il laisse dans le deuil sa fille France (Antoine), son petit-fils Samuel; ses fr\u00e8res et [&hellip;]"}

Le 14 mai 2020, au CHUS de Fleurimont de Sherbrooke, est décédé à l’âge de 79 ans, monsieur Gaston Grenier.Il était le fils de feu Raymond Grenier et de feu Élauria Blais. Il était l’époux de feu Lise Drapeau Grenier. Il laisse dans le deuil sa fille France (Antoine), son petit-fils Samuel; ses frères et [&hellip;]
