{"version":"1.0","provider_name":"Steve L. Elkas Funeral Home","provider_url":"https:\/\/www.steveelkas.com\/en\/","title":"M. Ghislain Caron &#8212; Steve L. Elkas Funeral Home","type":"rich","width":600,"height":338,"html":"<blockquote class=\"wp-embedded-content\" data-secret=\"xp0T1d8HQy\"><a href=\"https:\/\/www.steveelkas.com\/en\/obituaries\/m-ghislain-caron\/\">M. Ghislain Caron<\/a><\/blockquote><iframe sandbox=\"allow-scripts\" security=\"restricted\" src=\"https:\/\/www.steveelkas.com\/en\/obituaries\/m-ghislain-caron\/embed\/#?secret=xp0T1d8HQy\" width=\"600\" height=\"338\" title=\"&#8220;M. Ghislain Caron&#8221; &#8212; Steve L. Elkas Funeral Home\" data-secret=\"xp0T1d8HQy\" frameborder=\"0\" marginwidth=\"0\" marginheight=\"0\" scrolling=\"no\" class=\"wp-embedded-content\"><\/iframe><script type=\"text\/javascript\">\n\/* <![CDATA[ *\/\n\/*! This file is auto-generated *\/\n!function(d,l){\"use strict\";l.querySelector&&d.addEventListener&&\"undefined\"!=typeof URL&&(d.wp=d.wp||{},d.wp.receiveEmbedMessage||(d.wp.receiveEmbedMessage=function(e){var t=e.data;if((t||t.secret||t.message||t.value)&&!\/[^a-zA-Z0-9]\/.test(t.secret)){for(var s,r,n,a=l.querySelectorAll('iframe[data-secret=\"'+t.secret+'\"]'),o=l.querySelectorAll('blockquote[data-secret=\"'+t.secret+'\"]'),c=new RegExp(\"^https?:$\",\"i\"),i=0;i<o.length;i++)o[i].style.display=\"none\";for(i=0;i<a.length;i++)s=a[i],e.source===s.contentWindow&&(s.removeAttribute(\"style\"),\"height\"===t.message?(1e3<(r=parseInt(t.value,10))?r=1e3:~~r<200&&(r=200),s.height=r):\"link\"===t.message&&(r=new URL(s.getAttribute(\"src\")),n=new URL(t.value),c.test(n.protocol))&&n.host===r.host&&l.activeElement===s&&(d.top.location.href=t.value))}},d.addEventListener(\"message\",d.wp.receiveEmbedMessage,!1),l.addEventListener(\"DOMContentLoaded\",function(){for(var e,t,s=l.querySelectorAll(\"iframe.wp-embedded-content\"),r=0;r<s.length;r++)(t=(e=s[r]).getAttribute(\"data-secret\"))||(t=Math.random().toString(36).substring(2,12),e.src+=\"#?secret=\"+t,e.setAttribute(\"data-secret\",t)),e.contentWindow.postMessage({message:\"ready\",secret:t},\"*\")},!1)))}(window,document);\n\/\/# sourceURL=https:\/\/www.steveelkas.com\/wp-includes\/js\/wp-embed.min.js\n\/* ]]> *\/\n<\/script>\n","thumbnail_url":"https:\/\/www.steveelkas.com\/wp-content\/uploads\/2023\/04\/Ghislain-Caron.jpg","thumbnail_width":404,"thumbnail_height":591,"description":"M. Ghislain Caron\u00a0 ( \u00a01934 \u2013\u00a0 2023 ) Le 13 avril 2023, \u00e0 son domicile de Sherbrooke et entour\u00e9 de l\u2019amour des siens, s\u2019est \u00e9teint monsieur Ghislain (Jeff) Caron \u00e0 l\u2019\u00e2ge de 88 ans. Il \u00e9tait le fils de feu G\u00e9d\u00e9on Caron et de feu Claire Lessard ainsi que l\u2019\u00e9poux bien-aim\u00e9 de madame Donna Paquette. [&hellip;]"}

M. Ghislain Caron  (  1934 –  2023 ) Le 13 avril 2023, à son domicile de Sherbrooke et entouré de l’amour des siens, s’est éteint monsieur Ghislain (Jeff) Caron à l’âge de 88 ans. Il était le fils de feu Gédéon Caron et de feu Claire Lessard ainsi que l’époux bien-aimé de madame Donna Paquette. [&hellip;]
