{"version":"1.0","provider_name":"Steve L. Elkas Funeral Home","provider_url":"https:\/\/www.steveelkas.com\/en\/","title":"M. Guy Boucher &#8212; Steve L. Elkas Funeral Home","type":"rich","width":600,"height":338,"html":"<blockquote class=\"wp-embedded-content\" data-secret=\"1NCy4Fn7C1\"><a href=\"https:\/\/www.steveelkas.com\/en\/obituaries\/m-guy-boucher\/\">M. Guy Boucher<\/a><\/blockquote><iframe sandbox=\"allow-scripts\" security=\"restricted\" src=\"https:\/\/www.steveelkas.com\/en\/obituaries\/m-guy-boucher\/embed\/#?secret=1NCy4Fn7C1\" width=\"600\" height=\"338\" title=\"&#8220;M. Guy Boucher&#8221; &#8212; Steve L. Elkas Funeral Home\" data-secret=\"1NCy4Fn7C1\" frameborder=\"0\" marginwidth=\"0\" marginheight=\"0\" scrolling=\"no\" class=\"wp-embedded-content\"><\/iframe><script type=\"text\/javascript\">\n\/* <![CDATA[ *\/\n\/*! This file is auto-generated *\/\n!function(d,l){\"use strict\";l.querySelector&&d.addEventListener&&\"undefined\"!=typeof URL&&(d.wp=d.wp||{},d.wp.receiveEmbedMessage||(d.wp.receiveEmbedMessage=function(e){var t=e.data;if((t||t.secret||t.message||t.value)&&!\/[^a-zA-Z0-9]\/.test(t.secret)){for(var s,r,n,a=l.querySelectorAll('iframe[data-secret=\"'+t.secret+'\"]'),o=l.querySelectorAll('blockquote[data-secret=\"'+t.secret+'\"]'),c=new RegExp(\"^https?:$\",\"i\"),i=0;i<o.length;i++)o[i].style.display=\"none\";for(i=0;i<a.length;i++)s=a[i],e.source===s.contentWindow&&(s.removeAttribute(\"style\"),\"height\"===t.message?(1e3<(r=parseInt(t.value,10))?r=1e3:~~r<200&&(r=200),s.height=r):\"link\"===t.message&&(r=new URL(s.getAttribute(\"src\")),n=new URL(t.value),c.test(n.protocol))&&n.host===r.host&&l.activeElement===s&&(d.top.location.href=t.value))}},d.addEventListener(\"message\",d.wp.receiveEmbedMessage,!1),l.addEventListener(\"DOMContentLoaded\",function(){for(var e,t,s=l.querySelectorAll(\"iframe.wp-embedded-content\"),r=0;r<s.length;r++)(t=(e=s[r]).getAttribute(\"data-secret\"))||(t=Math.random().toString(36).substring(2,12),e.src+=\"#?secret=\"+t,e.setAttribute(\"data-secret\",t)),e.contentWindow.postMessage({message:\"ready\",secret:t},\"*\")},!1)))}(window,document);\n\/\/# sourceURL=https:\/\/www.steveelkas.com\/wp-includes\/js\/wp-embed.min.js\n\/* ]]> *\/\n<\/script>\n","thumbnail_url":"https:\/\/www.steveelkas.com\/wp-content\/uploads\/2022\/05\/Guy-Boucher.jpg","thumbnail_width":1619,"thumbnail_height":2275,"description":"\u00c0 Sherbrooke, le 17 mai 2022 est d\u00e9c\u00e9d\u00e9 monsieur Guy Boucher \u00e0 l\u2019\u00e2ge de 90 ans. Il \u00e9tait le fils de feu Rosario Boucher, de feue Germaine Tardif et l\u2019\u00e9poux de madame Annette Bernier. Outre son \u00e9pouse, il laisse dans le deuil ses enfants\u00a0: Alain, Line, Christian et St\u00e9phane; sa s\u0153ur Michelle; les enfants de [&hellip;]"}

À Sherbrooke, le 17 mai 2022 est décédé monsieur Guy Boucher à l’âge de 90 ans. Il était le fils de feu Rosario Boucher, de feue Germaine Tardif et l’époux de madame Annette Bernier. Outre son épouse, il laisse dans le deuil ses enfants : Alain, Line, Christian et Stéphane; sa sœur Michelle; les enfants de [&hellip;]
