{"version":"1.0","provider_name":"Steve L. Elkas Funeral Home","provider_url":"https:\/\/www.steveelkas.com\/en\/","title":"M. Guy Denis Bellavance &#8212; Steve L. Elkas Funeral Home","type":"rich","width":600,"height":338,"html":"<blockquote class=\"wp-embedded-content\" data-secret=\"kjbw5FrTUd\"><a href=\"https:\/\/www.steveelkas.com\/en\/obituaries\/m-guy-denis-bellavance\/\">M. Guy Denis Bellavance<\/a><\/blockquote><iframe sandbox=\"allow-scripts\" security=\"restricted\" src=\"https:\/\/www.steveelkas.com\/en\/obituaries\/m-guy-denis-bellavance\/embed\/#?secret=kjbw5FrTUd\" width=\"600\" height=\"338\" title=\"&#8220;M. Guy Denis Bellavance&#8221; &#8212; Steve L. Elkas Funeral Home\" data-secret=\"kjbw5FrTUd\" frameborder=\"0\" marginwidth=\"0\" marginheight=\"0\" scrolling=\"no\" class=\"wp-embedded-content\"><\/iframe><script type=\"text\/javascript\">\n\/* <![CDATA[ *\/\n\/*! This file is auto-generated *\/\n!function(d,l){\"use strict\";l.querySelector&&d.addEventListener&&\"undefined\"!=typeof URL&&(d.wp=d.wp||{},d.wp.receiveEmbedMessage||(d.wp.receiveEmbedMessage=function(e){var t=e.data;if((t||t.secret||t.message||t.value)&&!\/[^a-zA-Z0-9]\/.test(t.secret)){for(var s,r,n,a=l.querySelectorAll('iframe[data-secret=\"'+t.secret+'\"]'),o=l.querySelectorAll('blockquote[data-secret=\"'+t.secret+'\"]'),c=new RegExp(\"^https?:$\",\"i\"),i=0;i<o.length;i++)o[i].style.display=\"none\";for(i=0;i<a.length;i++)s=a[i],e.source===s.contentWindow&&(s.removeAttribute(\"style\"),\"height\"===t.message?(1e3<(r=parseInt(t.value,10))?r=1e3:~~r<200&&(r=200),s.height=r):\"link\"===t.message&&(r=new URL(s.getAttribute(\"src\")),n=new URL(t.value),c.test(n.protocol))&&n.host===r.host&&l.activeElement===s&&(d.top.location.href=t.value))}},d.addEventListener(\"message\",d.wp.receiveEmbedMessage,!1),l.addEventListener(\"DOMContentLoaded\",function(){for(var e,t,s=l.querySelectorAll(\"iframe.wp-embedded-content\"),r=0;r<s.length;r++)(t=(e=s[r]).getAttribute(\"data-secret\"))||(t=Math.random().toString(36).substring(2,12),e.src+=\"#?secret=\"+t,e.setAttribute(\"data-secret\",t)),e.contentWindow.postMessage({message:\"ready\",secret:t},\"*\")},!1)))}(window,document);\n\/\/# sourceURL=https:\/\/www.steveelkas.com\/wp-includes\/js\/wp-embed.min.js\n\/* ]]> *\/\n<\/script>\n","thumbnail_url":"https:\/\/www.steveelkas.com\/wp-content\/uploads\/2019\/12\/Guy-Denis-Bellavance.jpg","thumbnail_width":623,"thumbnail_height":779,"description":"Le 5 d\u00e9cembre 2019, est d\u00e9c\u00e9d\u00e9 M. Guy Denis Bellavance. Il laisse dans le deuil son \u00e9pouse Charlotte Lemire. Outre son \u00e9pouse il laisse dans le deuil sa filleule Catherine Boisvert (Francis Lacharit\u00e9); ses belles-soeurs : Marie Lemire (Jean Boisvert), Lucille Lemire. Il laisse aussi dans le deuil ses beaux-fr\u00e8res : Paul Lemire (Sarah Boss\u00e9), [&hellip;]"}

Le 5 décembre 2019, est décédé M. Guy Denis Bellavance. Il laisse dans le deuil son épouse Charlotte Lemire. Outre son épouse il laisse dans le deuil sa filleule Catherine Boisvert (Francis Lacharité); ses belles-soeurs : Marie Lemire (Jean Boisvert), Lucille Lemire. Il laisse aussi dans le deuil ses beaux-frères : Paul Lemire (Sarah Bossé), [&hellip;]
