{"version":"1.0","provider_name":"Steve L. Elkas Funeral Home","provider_url":"https:\/\/www.steveelkas.com\/en\/","title":"M. Jacques Marcoux &#8212; Steve L. Elkas Funeral Home","type":"rich","width":600,"height":338,"html":"<blockquote class=\"wp-embedded-content\" data-secret=\"wtgM1zlwZ8\"><a href=\"https:\/\/www.steveelkas.com\/en\/obituaries\/m-jacques-marcoux\/\">M. Jacques Marcoux<\/a><\/blockquote><iframe sandbox=\"allow-scripts\" security=\"restricted\" src=\"https:\/\/www.steveelkas.com\/en\/obituaries\/m-jacques-marcoux\/embed\/#?secret=wtgM1zlwZ8\" width=\"600\" height=\"338\" title=\"&#8220;M. Jacques Marcoux&#8221; &#8212; Steve L. Elkas Funeral Home\" data-secret=\"wtgM1zlwZ8\" frameborder=\"0\" marginwidth=\"0\" marginheight=\"0\" scrolling=\"no\" class=\"wp-embedded-content\"><\/iframe><script type=\"text\/javascript\">\n\/* <![CDATA[ *\/\n\/*! This file is auto-generated *\/\n!function(d,l){\"use strict\";l.querySelector&&d.addEventListener&&\"undefined\"!=typeof URL&&(d.wp=d.wp||{},d.wp.receiveEmbedMessage||(d.wp.receiveEmbedMessage=function(e){var t=e.data;if((t||t.secret||t.message||t.value)&&!\/[^a-zA-Z0-9]\/.test(t.secret)){for(var s,r,n,a=l.querySelectorAll('iframe[data-secret=\"'+t.secret+'\"]'),o=l.querySelectorAll('blockquote[data-secret=\"'+t.secret+'\"]'),c=new RegExp(\"^https?:$\",\"i\"),i=0;i<o.length;i++)o[i].style.display=\"none\";for(i=0;i<a.length;i++)s=a[i],e.source===s.contentWindow&&(s.removeAttribute(\"style\"),\"height\"===t.message?(1e3<(r=parseInt(t.value,10))?r=1e3:~~r<200&&(r=200),s.height=r):\"link\"===t.message&&(r=new URL(s.getAttribute(\"src\")),n=new URL(t.value),c.test(n.protocol))&&n.host===r.host&&l.activeElement===s&&(d.top.location.href=t.value))}},d.addEventListener(\"message\",d.wp.receiveEmbedMessage,!1),l.addEventListener(\"DOMContentLoaded\",function(){for(var e,t,s=l.querySelectorAll(\"iframe.wp-embedded-content\"),r=0;r<s.length;r++)(t=(e=s[r]).getAttribute(\"data-secret\"))||(t=Math.random().toString(36).substring(2,12),e.src+=\"#?secret=\"+t,e.setAttribute(\"data-secret\",t)),e.contentWindow.postMessage({message:\"ready\",secret:t},\"*\")},!1)))}(window,document);\n\/\/# sourceURL=https:\/\/www.steveelkas.com\/wp-includes\/js\/wp-embed.min.js\n\/* ]]> *\/\n<\/script>\n","thumbnail_url":"https:\/\/www.steveelkas.com\/wp-content\/uploads\/2022\/08\/colombe-550x550-1.png","thumbnail_width":550,"thumbnail_height":550,"description":"M.\u00a0 Jacques Marcoux\u00a0 ( 1950 &#8211; 2022 ) Le 26 septembre 2022, s\u2019est \u00e9teint Monsieur Jacques Marcoux \u00e0 l\u2019\u00e2ge de 72 ans.\u00a0 Il \u00e9tait le fils de feu Lucien Marcoux et de feu C\u00e9cile Fecteau. Il laisse dans le deuil son fils Steve (St\u00e9phanie), ses petits-enfants\u00a0: Charles, F\u00e9lix, Thomas et Alicia. Sa s\u0153ur Gis\u00e8le, ses [&hellip;]"}

M.  Jacques Marcoux  ( 1950 &#8211; 2022 ) Le 26 septembre 2022, s’est éteint Monsieur Jacques Marcoux à l’âge de 72 ans.  Il était le fils de feu Lucien Marcoux et de feu Cécile Fecteau. Il laisse dans le deuil son fils Steve (Stéphanie), ses petits-enfants : Charles, Félix, Thomas et Alicia. Sa sœur Gisèle, ses [&hellip;]
