{"version":"1.0","provider_name":"Steve L. Elkas Funeral Home","provider_url":"https:\/\/www.steveelkas.com\/en\/","title":"M. Jayson Andrew Steiche &#8212; Steve L. Elkas Funeral Home","type":"rich","width":600,"height":338,"html":"<blockquote class=\"wp-embedded-content\" data-secret=\"aSjJZALRnD\"><a href=\"https:\/\/www.steveelkas.com\/en\/obituaries\/m-jayson-andrew-steiche\/\">M. Jayson Andrew Steiche<\/a><\/blockquote><iframe sandbox=\"allow-scripts\" security=\"restricted\" src=\"https:\/\/www.steveelkas.com\/en\/obituaries\/m-jayson-andrew-steiche\/embed\/#?secret=aSjJZALRnD\" width=\"600\" height=\"338\" title=\"&#8220;M. Jayson Andrew Steiche&#8221; &#8212; Steve L. Elkas Funeral Home\" data-secret=\"aSjJZALRnD\" frameborder=\"0\" marginwidth=\"0\" marginheight=\"0\" scrolling=\"no\" class=\"wp-embedded-content\"><\/iframe><script type=\"text\/javascript\">\n\/* <![CDATA[ *\/\n\/*! This file is auto-generated *\/\n!function(d,l){\"use strict\";l.querySelector&&d.addEventListener&&\"undefined\"!=typeof URL&&(d.wp=d.wp||{},d.wp.receiveEmbedMessage||(d.wp.receiveEmbedMessage=function(e){var t=e.data;if((t||t.secret||t.message||t.value)&&!\/[^a-zA-Z0-9]\/.test(t.secret)){for(var s,r,n,a=l.querySelectorAll('iframe[data-secret=\"'+t.secret+'\"]'),o=l.querySelectorAll('blockquote[data-secret=\"'+t.secret+'\"]'),c=new RegExp(\"^https?:$\",\"i\"),i=0;i<o.length;i++)o[i].style.display=\"none\";for(i=0;i<a.length;i++)s=a[i],e.source===s.contentWindow&&(s.removeAttribute(\"style\"),\"height\"===t.message?(1e3<(r=parseInt(t.value,10))?r=1e3:~~r<200&&(r=200),s.height=r):\"link\"===t.message&&(r=new URL(s.getAttribute(\"src\")),n=new URL(t.value),c.test(n.protocol))&&n.host===r.host&&l.activeElement===s&&(d.top.location.href=t.value))}},d.addEventListener(\"message\",d.wp.receiveEmbedMessage,!1),l.addEventListener(\"DOMContentLoaded\",function(){for(var e,t,s=l.querySelectorAll(\"iframe.wp-embedded-content\"),r=0;r<s.length;r++)(t=(e=s[r]).getAttribute(\"data-secret\"))||(t=Math.random().toString(36).substring(2,12),e.src+=\"#?secret=\"+t,e.setAttribute(\"data-secret\",t)),e.contentWindow.postMessage({message:\"ready\",secret:t},\"*\")},!1)))}(window,document);\n\/\/# sourceURL=https:\/\/www.steveelkas.com\/wp-includes\/js\/wp-embed.min.js\n\/* ]]> *\/\n<\/script>\n","thumbnail_url":"https:\/\/www.steveelkas.com\/wp-content\/uploads\/2022\/08\/colombe-550x550-1.png","thumbnail_width":550,"thumbnail_height":550,"description":"M. Jayson Andrew Steiche\u00a0 \u00a0( 1977- 2022 ) \u00c0 Sherbrooke, le 18 ao\u00fbt 2022 est d\u00e9c\u00e9d\u00e9 monsieur Jayson Andrew Steiche \u00e0 l\u2019\u00e2ge de 44 ans. Il \u00e9tait le fils de Siegfried Steiche et Caroll Soly (Jacques Leroux). Outre ses parents, il laisse dans le deuil ses s\u0153urs Robyn-Liane Steiche et \u00c9dith Leroux ainsi que plusieurs [&hellip;]"}

M. Jayson Andrew Steiche   ( 1977- 2022 ) À Sherbrooke, le 18 août 2022 est décédé monsieur Jayson Andrew Steiche à l’âge de 44 ans. Il était le fils de Siegfried Steiche et Caroll Soly (Jacques Leroux). Outre ses parents, il laisse dans le deuil ses sœurs Robyn-Liane Steiche et Édith Leroux ainsi que plusieurs [&hellip;]
