{"version":"1.0","provider_name":"Steve L. Elkas Funeral Home","provider_url":"https:\/\/www.steveelkas.com\/en\/","title":"M. Jean Guy Belleville &#8212; Steve L. Elkas Funeral Home","type":"rich","width":600,"height":338,"html":"<blockquote class=\"wp-embedded-content\" data-secret=\"ud6V7zKpfi\"><a href=\"https:\/\/www.steveelkas.com\/en\/obituaries\/m-jean-guy-belleville\/\">M. Jean Guy Belleville<\/a><\/blockquote><iframe sandbox=\"allow-scripts\" security=\"restricted\" src=\"https:\/\/www.steveelkas.com\/en\/obituaries\/m-jean-guy-belleville\/embed\/#?secret=ud6V7zKpfi\" width=\"600\" height=\"338\" title=\"&#8220;M. Jean Guy Belleville&#8221; &#8212; Steve L. Elkas Funeral Home\" data-secret=\"ud6V7zKpfi\" frameborder=\"0\" marginwidth=\"0\" marginheight=\"0\" scrolling=\"no\" class=\"wp-embedded-content\"><\/iframe><script type=\"text\/javascript\">\n\/* <![CDATA[ *\/\n\/*! This file is auto-generated *\/\n!function(d,l){\"use strict\";l.querySelector&&d.addEventListener&&\"undefined\"!=typeof URL&&(d.wp=d.wp||{},d.wp.receiveEmbedMessage||(d.wp.receiveEmbedMessage=function(e){var t=e.data;if((t||t.secret||t.message||t.value)&&!\/[^a-zA-Z0-9]\/.test(t.secret)){for(var s,r,n,a=l.querySelectorAll('iframe[data-secret=\"'+t.secret+'\"]'),o=l.querySelectorAll('blockquote[data-secret=\"'+t.secret+'\"]'),c=new RegExp(\"^https?:$\",\"i\"),i=0;i<o.length;i++)o[i].style.display=\"none\";for(i=0;i<a.length;i++)s=a[i],e.source===s.contentWindow&&(s.removeAttribute(\"style\"),\"height\"===t.message?(1e3<(r=parseInt(t.value,10))?r=1e3:~~r<200&&(r=200),s.height=r):\"link\"===t.message&&(r=new URL(s.getAttribute(\"src\")),n=new URL(t.value),c.test(n.protocol))&&n.host===r.host&&l.activeElement===s&&(d.top.location.href=t.value))}},d.addEventListener(\"message\",d.wp.receiveEmbedMessage,!1),l.addEventListener(\"DOMContentLoaded\",function(){for(var e,t,s=l.querySelectorAll(\"iframe.wp-embedded-content\"),r=0;r<s.length;r++)(t=(e=s[r]).getAttribute(\"data-secret\"))||(t=Math.random().toString(36).substring(2,12),e.src+=\"#?secret=\"+t,e.setAttribute(\"data-secret\",t)),e.contentWindow.postMessage({message:\"ready\",secret:t},\"*\")},!1)))}(window,document);\n\/\/# sourceURL=https:\/\/www.steveelkas.com\/wp-includes\/js\/wp-embed.min.js\n\/* ]]> *\/\n<\/script>\n","thumbnail_url":"https:\/\/www.steveelkas.com\/wp-content\/uploads\/2023\/08\/Jean-Guy-Belleville-002.jpg","thumbnail_width":472,"thumbnail_height":522,"description":"1943 &#8211; 2023 \u00c0 Sherbrooke, le 8 ao\u00fbt 2023 \u00e0 l&#8217;\u00e2ge de 80 ans, est d\u00e9c\u00e9d\u00e9 M. Jean Guy Belleville, fils de feu Henri Belleville et de feu Rosa Dubois.\u00a0 Il demeurait \u00e0 Sherbrooke. Afin de respecter les derni\u00e8res volont\u00e9s de M. Belleville, il n\u2019y aura pas d\u2019exposition. Une c\u00e9r\u00e9monie aura lieu lors de la [&hellip;]"}

1943 &#8211; 2023 À Sherbrooke, le 8 août 2023 à l&#8217;âge de 80 ans, est décédé M. Jean Guy Belleville, fils de feu Henri Belleville et de feu Rosa Dubois.  Il demeurait à Sherbrooke. Afin de respecter les dernières volontés de M. Belleville, il n’y aura pas d’exposition. Une cérémonie aura lieu lors de la [&hellip;]
