{"version":"1.0","provider_name":"Steve L. Elkas Funeral Home","provider_url":"https:\/\/www.steveelkas.com\/en\/","title":"M. Jean-Guy Champigny &#8212; Steve L. Elkas Funeral Home","type":"rich","width":600,"height":338,"html":"<blockquote class=\"wp-embedded-content\" data-secret=\"eZn0LLyt6Q\"><a href=\"https:\/\/www.steveelkas.com\/en\/obituaries\/m-jean-guy-champigny\/\">M. Jean-Guy Champigny<\/a><\/blockquote><iframe sandbox=\"allow-scripts\" security=\"restricted\" src=\"https:\/\/www.steveelkas.com\/en\/obituaries\/m-jean-guy-champigny\/embed\/#?secret=eZn0LLyt6Q\" width=\"600\" height=\"338\" title=\"&#8220;M. Jean-Guy Champigny&#8221; &#8212; Steve L. Elkas Funeral Home\" data-secret=\"eZn0LLyt6Q\" frameborder=\"0\" marginwidth=\"0\" marginheight=\"0\" scrolling=\"no\" class=\"wp-embedded-content\"><\/iframe><script type=\"text\/javascript\">\n\/* <![CDATA[ *\/\n\/*! This file is auto-generated *\/\n!function(d,l){\"use strict\";l.querySelector&&d.addEventListener&&\"undefined\"!=typeof URL&&(d.wp=d.wp||{},d.wp.receiveEmbedMessage||(d.wp.receiveEmbedMessage=function(e){var t=e.data;if((t||t.secret||t.message||t.value)&&!\/[^a-zA-Z0-9]\/.test(t.secret)){for(var s,r,n,a=l.querySelectorAll('iframe[data-secret=\"'+t.secret+'\"]'),o=l.querySelectorAll('blockquote[data-secret=\"'+t.secret+'\"]'),c=new RegExp(\"^https?:$\",\"i\"),i=0;i<o.length;i++)o[i].style.display=\"none\";for(i=0;i<a.length;i++)s=a[i],e.source===s.contentWindow&&(s.removeAttribute(\"style\"),\"height\"===t.message?(1e3<(r=parseInt(t.value,10))?r=1e3:~~r<200&&(r=200),s.height=r):\"link\"===t.message&&(r=new URL(s.getAttribute(\"src\")),n=new URL(t.value),c.test(n.protocol))&&n.host===r.host&&l.activeElement===s&&(d.top.location.href=t.value))}},d.addEventListener(\"message\",d.wp.receiveEmbedMessage,!1),l.addEventListener(\"DOMContentLoaded\",function(){for(var e,t,s=l.querySelectorAll(\"iframe.wp-embedded-content\"),r=0;r<s.length;r++)(t=(e=s[r]).getAttribute(\"data-secret\"))||(t=Math.random().toString(36).substring(2,12),e.src+=\"#?secret=\"+t,e.setAttribute(\"data-secret\",t)),e.contentWindow.postMessage({message:\"ready\",secret:t},\"*\")},!1)))}(window,document);\n\/\/# sourceURL=https:\/\/www.steveelkas.com\/wp-includes\/js\/wp-embed.min.js\n\/* ]]> *\/\n<\/script>\n","thumbnail_url":"https:\/\/www.steveelkas.com\/wp-content\/uploads\/2023\/05\/Jean-Guy-Champigny-002.jpg","thumbnail_width":395,"thumbnail_height":443,"description":"1945- 2023 Au CHUS Fleurimont, le 18 mai 2023 est d\u00e9c\u00e9d\u00e9, entour\u00e9 par l\u2019amour des siens, monsieur Jean-Guy Champigny \u00e0 l\u2019\u00e2ge de 77 ans. Il \u00e9tait fils de feu, L\u00e9o Champigny, feu L\u00e9onie Parent. Monsieur Champigny laisse dans le deuil, son ami Claude, ses filles Christiane (Paul), Marie-Claude (Pierre), ses petites-filles \u00c9lyse (Alexandre), Vicky, Josianne, [&hellip;]"}

1945- 2023 Au CHUS Fleurimont, le 18 mai 2023 est décédé, entouré par l’amour des siens, monsieur Jean-Guy Champigny à l’âge de 77 ans. Il était fils de feu, Léo Champigny, feu Léonie Parent. Monsieur Champigny laisse dans le deuil, son ami Claude, ses filles Christiane (Paul), Marie-Claude (Pierre), ses petites-filles Élyse (Alexandre), Vicky, Josianne, [&hellip;]
