{"version":"1.0","provider_name":"Steve L. Elkas Funeral Home","provider_url":"https:\/\/www.steveelkas.com\/en\/","title":"M. Jean-Louis Lambert &#8212; Steve L. Elkas Funeral Home","type":"rich","width":600,"height":338,"html":"<blockquote class=\"wp-embedded-content\" data-secret=\"DQooJpG7eM\"><a href=\"https:\/\/www.steveelkas.com\/en\/obituaries\/m-jean-louis-lambert\/\">M. Jean-Louis Lambert<\/a><\/blockquote><iframe sandbox=\"allow-scripts\" security=\"restricted\" src=\"https:\/\/www.steveelkas.com\/en\/obituaries\/m-jean-louis-lambert\/embed\/#?secret=DQooJpG7eM\" width=\"600\" height=\"338\" title=\"&#8220;M. Jean-Louis Lambert&#8221; &#8212; Steve L. Elkas Funeral Home\" data-secret=\"DQooJpG7eM\" frameborder=\"0\" marginwidth=\"0\" marginheight=\"0\" scrolling=\"no\" class=\"wp-embedded-content\"><\/iframe><script type=\"text\/javascript\">\n\/* <![CDATA[ *\/\n\/*! This file is auto-generated *\/\n!function(d,l){\"use strict\";l.querySelector&&d.addEventListener&&\"undefined\"!=typeof URL&&(d.wp=d.wp||{},d.wp.receiveEmbedMessage||(d.wp.receiveEmbedMessage=function(e){var t=e.data;if((t||t.secret||t.message||t.value)&&!\/[^a-zA-Z0-9]\/.test(t.secret)){for(var s,r,n,a=l.querySelectorAll('iframe[data-secret=\"'+t.secret+'\"]'),o=l.querySelectorAll('blockquote[data-secret=\"'+t.secret+'\"]'),c=new RegExp(\"^https?:$\",\"i\"),i=0;i<o.length;i++)o[i].style.display=\"none\";for(i=0;i<a.length;i++)s=a[i],e.source===s.contentWindow&&(s.removeAttribute(\"style\"),\"height\"===t.message?(1e3<(r=parseInt(t.value,10))?r=1e3:~~r<200&&(r=200),s.height=r):\"link\"===t.message&&(r=new URL(s.getAttribute(\"src\")),n=new URL(t.value),c.test(n.protocol))&&n.host===r.host&&l.activeElement===s&&(d.top.location.href=t.value))}},d.addEventListener(\"message\",d.wp.receiveEmbedMessage,!1),l.addEventListener(\"DOMContentLoaded\",function(){for(var e,t,s=l.querySelectorAll(\"iframe.wp-embedded-content\"),r=0;r<s.length;r++)(t=(e=s[r]).getAttribute(\"data-secret\"))||(t=Math.random().toString(36).substring(2,12),e.src+=\"#?secret=\"+t,e.setAttribute(\"data-secret\",t)),e.contentWindow.postMessage({message:\"ready\",secret:t},\"*\")},!1)))}(window,document);\n\/\/# sourceURL=https:\/\/www.steveelkas.com\/wp-includes\/js\/wp-embed.min.js\n\/* ]]> *\/\n<\/script>\n","thumbnail_url":"https:\/\/www.steveelkas.com\/wp-content\/uploads\/2022\/06\/Jean-Louis-Lambert.jpg","thumbnail_width":429,"thumbnail_height":546,"description":"\u00c0 Sherbrooke, le 15 juin 2022, s\u2019est \u00e9teint paisiblement Monsieur Jean-Louis Lambert \u00e0 l\u2019\u00e2ge de 72 ans.\u00a0 Il \u00e9tait le fils de feu Ex\u00e9n\u00e9pha Lambert et de feu Adrienne P\u00e9pin. Il laisse dans le deuil son \u00e9pouse Jacinthe Inkel, sa fille Lucie Lambert, ses petits-fils\u00a0: Louis-Maxim et C\u00e9drick Tremblay ainsi que leur p\u00e8re Hugo Tremblay.\u00a0 [&hellip;]"}

À Sherbrooke, le 15 juin 2022, s’est éteint paisiblement Monsieur Jean-Louis Lambert à l’âge de 72 ans.  Il était le fils de feu Exénépha Lambert et de feu Adrienne Pépin. Il laisse dans le deuil son épouse Jacinthe Inkel, sa fille Lucie Lambert, ses petits-fils : Louis-Maxim et Cédrick Tremblay ainsi que leur père Hugo Tremblay.  [&hellip;]
