{"version":"1.0","provider_name":"Steve L. Elkas Funeral Home","provider_url":"https:\/\/www.steveelkas.com\/en\/","title":"M. Jocelyn Pinard &#8212; Steve L. Elkas Funeral Home","type":"rich","width":600,"height":338,"html":"<blockquote class=\"wp-embedded-content\" data-secret=\"4E7ETLgHWS\"><a href=\"https:\/\/www.steveelkas.com\/en\/obituaries\/m-jocelyn-pinard\/\">M. Jocelyn Pinard<\/a><\/blockquote><iframe sandbox=\"allow-scripts\" security=\"restricted\" src=\"https:\/\/www.steveelkas.com\/en\/obituaries\/m-jocelyn-pinard\/embed\/#?secret=4E7ETLgHWS\" width=\"600\" height=\"338\" title=\"&#8220;M. Jocelyn Pinard&#8221; &#8212; Steve L. Elkas Funeral Home\" data-secret=\"4E7ETLgHWS\" frameborder=\"0\" marginwidth=\"0\" marginheight=\"0\" scrolling=\"no\" class=\"wp-embedded-content\"><\/iframe><script type=\"text\/javascript\">\n\/* <![CDATA[ *\/\n\/*! This file is auto-generated *\/\n!function(d,l){\"use strict\";l.querySelector&&d.addEventListener&&\"undefined\"!=typeof URL&&(d.wp=d.wp||{},d.wp.receiveEmbedMessage||(d.wp.receiveEmbedMessage=function(e){var t=e.data;if((t||t.secret||t.message||t.value)&&!\/[^a-zA-Z0-9]\/.test(t.secret)){for(var s,r,n,a=l.querySelectorAll('iframe[data-secret=\"'+t.secret+'\"]'),o=l.querySelectorAll('blockquote[data-secret=\"'+t.secret+'\"]'),c=new RegExp(\"^https?:$\",\"i\"),i=0;i<o.length;i++)o[i].style.display=\"none\";for(i=0;i<a.length;i++)s=a[i],e.source===s.contentWindow&&(s.removeAttribute(\"style\"),\"height\"===t.message?(1e3<(r=parseInt(t.value,10))?r=1e3:~~r<200&&(r=200),s.height=r):\"link\"===t.message&&(r=new URL(s.getAttribute(\"src\")),n=new URL(t.value),c.test(n.protocol))&&n.host===r.host&&l.activeElement===s&&(d.top.location.href=t.value))}},d.addEventListener(\"message\",d.wp.receiveEmbedMessage,!1),l.addEventListener(\"DOMContentLoaded\",function(){for(var e,t,s=l.querySelectorAll(\"iframe.wp-embedded-content\"),r=0;r<s.length;r++)(t=(e=s[r]).getAttribute(\"data-secret\"))||(t=Math.random().toString(36).substring(2,12),e.src+=\"#?secret=\"+t,e.setAttribute(\"data-secret\",t)),e.contentWindow.postMessage({message:\"ready\",secret:t},\"*\")},!1)))}(window,document);\n\/\/# sourceURL=https:\/\/www.steveelkas.com\/wp-includes\/js\/wp-embed.min.js\n\/* ]]> *\/\n<\/script>\n","thumbnail_url":"https:\/\/www.steveelkas.com\/wp-content\/uploads\/2022\/03\/jocelyn-pinard3.jpg","thumbnail_width":240,"thumbnail_height":320,"description":"Le 7 mars 20222, \u00e0 l\u2019\u00e2ge de 74 ans, est d\u00e9c\u00e9d\u00e9 M. Jocelyn Pinard aux soins palliatifs de L\u2019H\u00f4tel Dieu de Sherbrooke, fils de feu de Rita B\u00e9langer et de feu d\u2019Alfred Pinard. Il demeurait \u00e0 Sherbrooke, autrefois \u00e0 Bury. Il laisse dans le deuil ses filles, Marie-Claude (Martin), Karine (Yvon Jr), son filleul Jasmin [&hellip;]"}

Le 7 mars 20222, à l’âge de 74 ans, est décédé M. Jocelyn Pinard aux soins palliatifs de L’Hôtel Dieu de Sherbrooke, fils de feu de Rita Bélanger et de feu d’Alfred Pinard. Il demeurait à Sherbrooke, autrefois à Bury. Il laisse dans le deuil ses filles, Marie-Claude (Martin), Karine (Yvon Jr), son filleul Jasmin [&hellip;]
