{"version":"1.0","provider_name":"Steve L. Elkas Funeral Home","provider_url":"https:\/\/www.steveelkas.com\/en\/","title":"M. Jules Chapdelaine &#8212; Steve L. Elkas Funeral Home","type":"rich","width":600,"height":338,"html":"<blockquote class=\"wp-embedded-content\" data-secret=\"sJkambDIr5\"><a href=\"https:\/\/www.steveelkas.com\/en\/obituaries\/m-jules-chapdelaine\/\">M. Jules Chapdelaine<\/a><\/blockquote><iframe sandbox=\"allow-scripts\" security=\"restricted\" src=\"https:\/\/www.steveelkas.com\/en\/obituaries\/m-jules-chapdelaine\/embed\/#?secret=sJkambDIr5\" width=\"600\" height=\"338\" title=\"&#8220;M. Jules Chapdelaine&#8221; &#8212; Steve L. Elkas Funeral Home\" data-secret=\"sJkambDIr5\" frameborder=\"0\" marginwidth=\"0\" marginheight=\"0\" scrolling=\"no\" class=\"wp-embedded-content\"><\/iframe><script type=\"text\/javascript\">\n\/* <![CDATA[ *\/\n\/*! This file is auto-generated *\/\n!function(d,l){\"use strict\";l.querySelector&&d.addEventListener&&\"undefined\"!=typeof URL&&(d.wp=d.wp||{},d.wp.receiveEmbedMessage||(d.wp.receiveEmbedMessage=function(e){var t=e.data;if((t||t.secret||t.message||t.value)&&!\/[^a-zA-Z0-9]\/.test(t.secret)){for(var s,r,n,a=l.querySelectorAll('iframe[data-secret=\"'+t.secret+'\"]'),o=l.querySelectorAll('blockquote[data-secret=\"'+t.secret+'\"]'),c=new RegExp(\"^https?:$\",\"i\"),i=0;i<o.length;i++)o[i].style.display=\"none\";for(i=0;i<a.length;i++)s=a[i],e.source===s.contentWindow&&(s.removeAttribute(\"style\"),\"height\"===t.message?(1e3<(r=parseInt(t.value,10))?r=1e3:~~r<200&&(r=200),s.height=r):\"link\"===t.message&&(r=new URL(s.getAttribute(\"src\")),n=new URL(t.value),c.test(n.protocol))&&n.host===r.host&&l.activeElement===s&&(d.top.location.href=t.value))}},d.addEventListener(\"message\",d.wp.receiveEmbedMessage,!1),l.addEventListener(\"DOMContentLoaded\",function(){for(var e,t,s=l.querySelectorAll(\"iframe.wp-embedded-content\"),r=0;r<s.length;r++)(t=(e=s[r]).getAttribute(\"data-secret\"))||(t=Math.random().toString(36).substring(2,12),e.src+=\"#?secret=\"+t,e.setAttribute(\"data-secret\",t)),e.contentWindow.postMessage({message:\"ready\",secret:t},\"*\")},!1)))}(window,document);\n\/\/# sourceURL=https:\/\/www.steveelkas.com\/wp-includes\/js\/wp-embed.min.js\n\/* ]]> *\/\n<\/script>\n","thumbnail_url":"https:\/\/www.steveelkas.com\/wp-content\/uploads\/2023\/05\/Jules-Chapdelaine.jpg","thumbnail_width":480,"thumbnail_height":600,"description":"1932 &#8211; 2023 \u00c0 l\u2019H\u00f4tel-Dieu de Sherbrooke le 30 avril, \u00e0 l\u2019\u00e2ge de 91 ans, M. Jules Chapdelaine, fils de feu Narcisse Chapdelaine et de feu Annette Picard, est parti rejoindre sa douce moiti\u00e9 feu Mme Jacqueline C\u00f4t\u00e9, partie deux mois auparavant. Durant les derni\u00e8res ann\u00e9es, Jules a aim\u00e9 \u00eatre entour\u00e9 de ses petits-enfants et [&hellip;]"}

1932 &#8211; 2023 À l’Hôtel-Dieu de Sherbrooke le 30 avril, à l’âge de 91 ans, M. Jules Chapdelaine, fils de feu Narcisse Chapdelaine et de feu Annette Picard, est parti rejoindre sa douce moitié feu Mme Jacqueline Côté, partie deux mois auparavant. Durant les dernières années, Jules a aimé être entouré de ses petits-enfants et [&hellip;]
