{"version":"1.0","provider_name":"Steve L. Elkas Funeral Home","provider_url":"https:\/\/www.steveelkas.com\/en\/","title":"M. Laurier Gendron &#8212; Steve L. Elkas Funeral Home","type":"rich","width":600,"height":338,"html":"<blockquote class=\"wp-embedded-content\" data-secret=\"JMamt5X7Ck\"><a href=\"https:\/\/www.steveelkas.com\/en\/obituaries\/m-laurier-gendron\/\">M. Laurier Gendron<\/a><\/blockquote><iframe sandbox=\"allow-scripts\" security=\"restricted\" src=\"https:\/\/www.steveelkas.com\/en\/obituaries\/m-laurier-gendron\/embed\/#?secret=JMamt5X7Ck\" width=\"600\" height=\"338\" title=\"&#8220;M. Laurier Gendron&#8221; &#8212; Steve L. Elkas Funeral Home\" data-secret=\"JMamt5X7Ck\" frameborder=\"0\" marginwidth=\"0\" marginheight=\"0\" scrolling=\"no\" class=\"wp-embedded-content\"><\/iframe><script type=\"text\/javascript\">\n\/* <![CDATA[ *\/\n\/*! This file is auto-generated *\/\n!function(d,l){\"use strict\";l.querySelector&&d.addEventListener&&\"undefined\"!=typeof URL&&(d.wp=d.wp||{},d.wp.receiveEmbedMessage||(d.wp.receiveEmbedMessage=function(e){var t=e.data;if((t||t.secret||t.message||t.value)&&!\/[^a-zA-Z0-9]\/.test(t.secret)){for(var s,r,n,a=l.querySelectorAll('iframe[data-secret=\"'+t.secret+'\"]'),o=l.querySelectorAll('blockquote[data-secret=\"'+t.secret+'\"]'),c=new RegExp(\"^https?:$\",\"i\"),i=0;i<o.length;i++)o[i].style.display=\"none\";for(i=0;i<a.length;i++)s=a[i],e.source===s.contentWindow&&(s.removeAttribute(\"style\"),\"height\"===t.message?(1e3<(r=parseInt(t.value,10))?r=1e3:~~r<200&&(r=200),s.height=r):\"link\"===t.message&&(r=new URL(s.getAttribute(\"src\")),n=new URL(t.value),c.test(n.protocol))&&n.host===r.host&&l.activeElement===s&&(d.top.location.href=t.value))}},d.addEventListener(\"message\",d.wp.receiveEmbedMessage,!1),l.addEventListener(\"DOMContentLoaded\",function(){for(var e,t,s=l.querySelectorAll(\"iframe.wp-embedded-content\"),r=0;r<s.length;r++)(t=(e=s[r]).getAttribute(\"data-secret\"))||(t=Math.random().toString(36).substring(2,12),e.src+=\"#?secret=\"+t,e.setAttribute(\"data-secret\",t)),e.contentWindow.postMessage({message:\"ready\",secret:t},\"*\")},!1)))}(window,document);\n\/\/# sourceURL=https:\/\/www.steveelkas.com\/wp-includes\/js\/wp-embed.min.js\n\/* ]]> *\/\n<\/script>\n","thumbnail_url":"https:\/\/www.steveelkas.com\/wp-content\/uploads\/2022\/10\/Photo-1-003.jpg","thumbnail_width":313,"thumbnail_height":389,"description":"Au CHUS-Fleurimont, le 13 octobre 2022, s\u2019est \u00e9teint Monsieur Laurier Gendron \u00e0 l\u2019\u00e2ge de 73 ans.\u00a0 Il \u00e9tait le fils de feu Joachim Gendron et de feu C\u00e9cile Patry. Monsieur Gendron laisse dans le deuil sa conjointe Madame C\u00e9line Pelletier ainsi que ses enfants Martin et M\u00e9lanie qu\u2019il consid\u00e9rait comme les siens, ses petits-enfants\u00a0: Saskia, [&hellip;]"}

Au CHUS-Fleurimont, le 13 octobre 2022, s’est éteint Monsieur Laurier Gendron à l’âge de 73 ans.  Il était le fils de feu Joachim Gendron et de feu Cécile Patry. Monsieur Gendron laisse dans le deuil sa conjointe Madame Céline Pelletier ainsi que ses enfants Martin et Mélanie qu’il considérait comme les siens, ses petits-enfants : Saskia, [&hellip;]
