{"version":"1.0","provider_name":"Steve L. Elkas Funeral Home","provider_url":"https:\/\/www.steveelkas.com\/en\/","title":"M. L\u00e9on Deschamps &#8212; Steve L. Elkas Funeral Home","type":"rich","width":600,"height":338,"html":"<blockquote class=\"wp-embedded-content\" data-secret=\"N2mTlMrZKz\"><a href=\"https:\/\/www.steveelkas.com\/en\/obituaries\/m-leon-deschamps\/\">M. L\u00e9on Deschamps<\/a><\/blockquote><iframe sandbox=\"allow-scripts\" security=\"restricted\" src=\"https:\/\/www.steveelkas.com\/en\/obituaries\/m-leon-deschamps\/embed\/#?secret=N2mTlMrZKz\" width=\"600\" height=\"338\" title=\"&#8220;M. L\u00e9on Deschamps&#8221; &#8212; Steve L. Elkas Funeral Home\" data-secret=\"N2mTlMrZKz\" frameborder=\"0\" marginwidth=\"0\" marginheight=\"0\" scrolling=\"no\" class=\"wp-embedded-content\"><\/iframe><script type=\"text\/javascript\">\n\/* <![CDATA[ *\/\n\/*! This file is auto-generated *\/\n!function(d,l){\"use strict\";l.querySelector&&d.addEventListener&&\"undefined\"!=typeof URL&&(d.wp=d.wp||{},d.wp.receiveEmbedMessage||(d.wp.receiveEmbedMessage=function(e){var t=e.data;if((t||t.secret||t.message||t.value)&&!\/[^a-zA-Z0-9]\/.test(t.secret)){for(var s,r,n,a=l.querySelectorAll('iframe[data-secret=\"'+t.secret+'\"]'),o=l.querySelectorAll('blockquote[data-secret=\"'+t.secret+'\"]'),c=new RegExp(\"^https?:$\",\"i\"),i=0;i<o.length;i++)o[i].style.display=\"none\";for(i=0;i<a.length;i++)s=a[i],e.source===s.contentWindow&&(s.removeAttribute(\"style\"),\"height\"===t.message?(1e3<(r=parseInt(t.value,10))?r=1e3:~~r<200&&(r=200),s.height=r):\"link\"===t.message&&(r=new URL(s.getAttribute(\"src\")),n=new URL(t.value),c.test(n.protocol))&&n.host===r.host&&l.activeElement===s&&(d.top.location.href=t.value))}},d.addEventListener(\"message\",d.wp.receiveEmbedMessage,!1),l.addEventListener(\"DOMContentLoaded\",function(){for(var e,t,s=l.querySelectorAll(\"iframe.wp-embedded-content\"),r=0;r<s.length;r++)(t=(e=s[r]).getAttribute(\"data-secret\"))||(t=Math.random().toString(36).substring(2,12),e.src+=\"#?secret=\"+t,e.setAttribute(\"data-secret\",t)),e.contentWindow.postMessage({message:\"ready\",secret:t},\"*\")},!1)))}(window,document);\n\/\/# sourceURL=https:\/\/www.steveelkas.com\/wp-includes\/js\/wp-embed.min.js\n\/* ]]> *\/\n<\/script>\n","thumbnail_url":"https:\/\/www.steveelkas.com\/wp-content\/uploads\/2022\/08\/Leon-Deschamps.png","thumbnail_width":380,"thumbnail_height":476,"description":"M. L\u00e9on Deschamps\u00a0 ( 1941-2022 ) Le 4 ao\u00fbt 2022 est d\u00e9c\u00e9d\u00e9 \u00e0 l\u2019\u00e2ge de 81 ans monsieur L\u00e9on Deschamps, fils de feu Fernande Rajotte et de feu Lucien Deschamps. Il r\u00e9sidait \u00e0 Sherbrooke. Il laisse dans le deuil sa conjointe Jo-Anne Dostie, ses enfants\u00a0: Nathalie, feu Mario, feu Marie-France, Mathieu (Marie-Claude Pelletier), Eug\u00e9nie (Patrick [&hellip;]"}

M. Léon Deschamps &#8212; Steve L. Elkas Funeral Home

<blockquote class="wp-embedded-content" data-secret="N2mTlMrZKz"><a href="https://www.steveelkas.com/en/obituaries/m-leon-deschamps/">M. Léon Deschamps</a></blockquote><iframe sandbox="allow-scripts" security="restricted" src="https://www.steveelkas.com/en/obituaries/m-leon-deschamps/embed/#?secret=N2mTlMrZKz" width="600" height="338" title="&#8220;M. Léon Deschamps&#8221; &#8212; Steve L. Elkas Funeral Home" data-secret="N2mTlMrZKz" frameborder="0" marginwidth="0" marginheight="0" scrolling="no" class="wp-embedded-content"></iframe><script type="text/javascript">
/* <![CDATA[ */
/*! This file is auto-generated */
!function(d,l){"use strict";l.querySelector&&d.addEventListener&&"undefined"!=typeof URL&&(d.wp=d.wp||{},d.wp.receiveEmbedMessage||(d.wp.receiveEmbedMessage=function(e){var t=e.data;if((t||t.secret||t.message||t.value)&&!/[^a-zA-Z0-9]/.test(t.secret)){for(var s,r,n,a=l.querySelectorAll('iframe[data-secret="'+t.secret+'"]'),o=l.querySelectorAll('blockquote[data-secret="'+t.secret+'"]'),c=new RegExp("^https?:$","i"),i=0;i<o.length;i++)o[i].style.display="none";for(i=0;i<a.length;i++)s=a[i],e.source===s.contentWindow&&(s.removeAttribute("style"),"height"===t.message?(1e3<(r=parseInt(t.value,10))?r=1e3:~~r<200&&(r=200),s.height=r):"link"===t.message&&(r=new URL(s.getAttribute("src")),n=new URL(t.value),c.test(n.protocol))&&n.host===r.host&&l.activeElement===s&&(d.top.location.href=t.value))}},d.addEventListener("message",d.wp.receiveEmbedMessage,!1),l.addEventListener("DOMContentLoaded",function(){for(var e,t,s=l.querySelectorAll("iframe.wp-embedded-content"),r=0;r<s.length;r++)(t=(e=s[r]).getAttribute("data-secret"))||(t=Math.random().toString(36).substring(2,12),e.src+="#?secret="+t,e.setAttribute("data-secret",t)),e.contentWindow.postMessage({message:"ready",secret:t},"*")},!1)))}(window,document);
//# sourceURL=https://www.steveelkas.com/wp-includes/js/wp-embed.min.js
/* ]]> */
</script>

M. Léon Deschamps  ( 1941-2022 ) Le 4 août 2022 est décédé à l’âge de 81 ans monsieur Léon Deschamps, fils de feu Fernande Rajotte et de feu Lucien Deschamps. Il résidait à Sherbrooke. Il laisse dans le deuil sa conjointe Jo-Anne Dostie, ses enfants : Nathalie, feu Mario, feu Marie-France, Mathieu (Marie-Claude Pelletier), Eugénie (Patrick [&hellip;]
