{"version":"1.0","provider_name":"Steve L. Elkas Funeral Home","provider_url":"https:\/\/www.steveelkas.com\/en\/","title":"M. Lionel Gravel &#8212; Steve L. Elkas Funeral Home","type":"rich","width":600,"height":338,"html":"<blockquote class=\"wp-embedded-content\" data-secret=\"F0s9riZ8ZM\"><a href=\"https:\/\/www.steveelkas.com\/en\/obituaries\/m-lionel-gravel\/\">M. Lionel Gravel<\/a><\/blockquote><iframe sandbox=\"allow-scripts\" security=\"restricted\" src=\"https:\/\/www.steveelkas.com\/en\/obituaries\/m-lionel-gravel\/embed\/#?secret=F0s9riZ8ZM\" width=\"600\" height=\"338\" title=\"&#8220;M. Lionel Gravel&#8221; &#8212; Steve L. Elkas Funeral Home\" data-secret=\"F0s9riZ8ZM\" frameborder=\"0\" marginwidth=\"0\" marginheight=\"0\" scrolling=\"no\" class=\"wp-embedded-content\"><\/iframe><script type=\"text\/javascript\">\n\/* <![CDATA[ *\/\n\/*! This file is auto-generated *\/\n!function(d,l){\"use strict\";l.querySelector&&d.addEventListener&&\"undefined\"!=typeof URL&&(d.wp=d.wp||{},d.wp.receiveEmbedMessage||(d.wp.receiveEmbedMessage=function(e){var t=e.data;if((t||t.secret||t.message||t.value)&&!\/[^a-zA-Z0-9]\/.test(t.secret)){for(var s,r,n,a=l.querySelectorAll('iframe[data-secret=\"'+t.secret+'\"]'),o=l.querySelectorAll('blockquote[data-secret=\"'+t.secret+'\"]'),c=new RegExp(\"^https?:$\",\"i\"),i=0;i<o.length;i++)o[i].style.display=\"none\";for(i=0;i<a.length;i++)s=a[i],e.source===s.contentWindow&&(s.removeAttribute(\"style\"),\"height\"===t.message?(1e3<(r=parseInt(t.value,10))?r=1e3:~~r<200&&(r=200),s.height=r):\"link\"===t.message&&(r=new URL(s.getAttribute(\"src\")),n=new URL(t.value),c.test(n.protocol))&&n.host===r.host&&l.activeElement===s&&(d.top.location.href=t.value))}},d.addEventListener(\"message\",d.wp.receiveEmbedMessage,!1),l.addEventListener(\"DOMContentLoaded\",function(){for(var e,t,s=l.querySelectorAll(\"iframe.wp-embedded-content\"),r=0;r<s.length;r++)(t=(e=s[r]).getAttribute(\"data-secret\"))||(t=Math.random().toString(36).substring(2,12),e.src+=\"#?secret=\"+t,e.setAttribute(\"data-secret\",t)),e.contentWindow.postMessage({message:\"ready\",secret:t},\"*\")},!1)))}(window,document);\n\/\/# sourceURL=https:\/\/www.steveelkas.com\/wp-includes\/js\/wp-embed.min.js\n\/* ]]> *\/\n<\/script>\n","thumbnail_url":"https:\/\/www.steveelkas.com\/wp-content\/uploads\/2023\/03\/Lionel-Gravel.png-33-576x1024.png","thumbnail_width":576,"thumbnail_height":1024,"description":"&nbsp; \u00c0 Sherbrooke, le 21 mars 2023, \u00e0 l\u2019\u00e2ge de 84 ans, est d\u00e9c\u00e9d\u00e9 monsieur Lionel Gravel, conjoint de madame Florence Audet, fils de feu Eva L\u00e9vesque et de feu Alphonse Gravel. Il laisse dans le deuil, outre sa conjointe, sa fille Susan (Denis) et son petit-fils Alexandre (Chlo\u00e9); sa s\u0153ur Lucille (feu Denis) et [&hellip;]"}

&nbsp; À Sherbrooke, le 21 mars 2023, à l’âge de 84 ans, est décédé monsieur Lionel Gravel, conjoint de madame Florence Audet, fils de feu Eva Lévesque et de feu Alphonse Gravel. Il laisse dans le deuil, outre sa conjointe, sa fille Susan (Denis) et son petit-fils Alexandre (Chloé); sa sœur Lucille (feu Denis) et [&hellip;]
