{"version":"1.0","provider_name":"Steve L. Elkas Funeral Home","provider_url":"https:\/\/www.steveelkas.com\/en\/","title":"M. Louis Cloutier &#8212; Steve L. Elkas Funeral Home","type":"rich","width":600,"height":338,"html":"<blockquote class=\"wp-embedded-content\" data-secret=\"85T6lN79h5\"><a href=\"https:\/\/www.steveelkas.com\/en\/obituaries\/m-louis-cloutier\/\">M. Louis Cloutier<\/a><\/blockquote><iframe sandbox=\"allow-scripts\" security=\"restricted\" src=\"https:\/\/www.steveelkas.com\/en\/obituaries\/m-louis-cloutier\/embed\/#?secret=85T6lN79h5\" width=\"600\" height=\"338\" title=\"&#8220;M. Louis Cloutier&#8221; &#8212; Steve L. Elkas Funeral Home\" data-secret=\"85T6lN79h5\" frameborder=\"0\" marginwidth=\"0\" marginheight=\"0\" scrolling=\"no\" class=\"wp-embedded-content\"><\/iframe><script type=\"text\/javascript\">\n\/* <![CDATA[ *\/\n\/*! This file is auto-generated *\/\n!function(d,l){\"use strict\";l.querySelector&&d.addEventListener&&\"undefined\"!=typeof URL&&(d.wp=d.wp||{},d.wp.receiveEmbedMessage||(d.wp.receiveEmbedMessage=function(e){var t=e.data;if((t||t.secret||t.message||t.value)&&!\/[^a-zA-Z0-9]\/.test(t.secret)){for(var s,r,n,a=l.querySelectorAll('iframe[data-secret=\"'+t.secret+'\"]'),o=l.querySelectorAll('blockquote[data-secret=\"'+t.secret+'\"]'),c=new RegExp(\"^https?:$\",\"i\"),i=0;i<o.length;i++)o[i].style.display=\"none\";for(i=0;i<a.length;i++)s=a[i],e.source===s.contentWindow&&(s.removeAttribute(\"style\"),\"height\"===t.message?(1e3<(r=parseInt(t.value,10))?r=1e3:~~r<200&&(r=200),s.height=r):\"link\"===t.message&&(r=new URL(s.getAttribute(\"src\")),n=new URL(t.value),c.test(n.protocol))&&n.host===r.host&&l.activeElement===s&&(d.top.location.href=t.value))}},d.addEventListener(\"message\",d.wp.receiveEmbedMessage,!1),l.addEventListener(\"DOMContentLoaded\",function(){for(var e,t,s=l.querySelectorAll(\"iframe.wp-embedded-content\"),r=0;r<s.length;r++)(t=(e=s[r]).getAttribute(\"data-secret\"))||(t=Math.random().toString(36).substring(2,12),e.src+=\"#?secret=\"+t,e.setAttribute(\"data-secret\",t)),e.contentWindow.postMessage({message:\"ready\",secret:t},\"*\")},!1)))}(window,document);\n\/\/# sourceURL=https:\/\/www.steveelkas.com\/wp-includes\/js\/wp-embed.min.js\n\/* ]]> *\/\n<\/script>\n","thumbnail_url":"https:\/\/www.steveelkas.com\/wp-content\/uploads\/2022\/07\/louis.jpg","thumbnail_width":325,"thumbnail_height":454,"description":"C\u2019est avec une immense tristesse que nous vous faisons part du d\u00e9c\u00e8s de Louis Cloutier, le 25 juillet 2022 \u00e0 Sherbrooke. Nous nous souviendrons d\u2019un homme combatif, d\u00e9vou\u00e9 envers son entourage et dot\u00e9 d\u2019une g\u00e9n\u00e9rosit\u00e9 et d\u2019un in\u00e9branlable courage! Il laisse dans le deuil son \u00e9pouse, Lucie Fr\u00e9geau, ses deux filles, Genevi\u00e8ve et Andr\u00e9anne (Jean-Philippe [&hellip;]"}

C’est avec une immense tristesse que nous vous faisons part du décès de Louis Cloutier, le 25 juillet 2022 à Sherbrooke. Nous nous souviendrons d’un homme combatif, dévoué envers son entourage et doté d’une générosité et d’un inébranlable courage! Il laisse dans le deuil son épouse, Lucie Frégeau, ses deux filles, Geneviève et Andréanne (Jean-Philippe [&hellip;]
