{"version":"1.0","provider_name":"Steve L. Elkas Funeral Home","provider_url":"https:\/\/www.steveelkas.com\/en\/","title":"M. Louis Rousseau &#8212; Steve L. Elkas Funeral Home","type":"rich","width":600,"height":338,"html":"<blockquote class=\"wp-embedded-content\" data-secret=\"8MLXcUyMrr\"><a href=\"https:\/\/www.steveelkas.com\/en\/obituaries\/m-louis-rousseau\/\">M. Louis Rousseau<\/a><\/blockquote><iframe sandbox=\"allow-scripts\" security=\"restricted\" src=\"https:\/\/www.steveelkas.com\/en\/obituaries\/m-louis-rousseau\/embed\/#?secret=8MLXcUyMrr\" width=\"600\" height=\"338\" title=\"&#8220;M. Louis Rousseau&#8221; &#8212; Steve L. Elkas Funeral Home\" data-secret=\"8MLXcUyMrr\" frameborder=\"0\" marginwidth=\"0\" marginheight=\"0\" scrolling=\"no\" class=\"wp-embedded-content\"><\/iframe><script type=\"text\/javascript\">\n\/* <![CDATA[ *\/\n\/*! This file is auto-generated *\/\n!function(d,l){\"use strict\";l.querySelector&&d.addEventListener&&\"undefined\"!=typeof URL&&(d.wp=d.wp||{},d.wp.receiveEmbedMessage||(d.wp.receiveEmbedMessage=function(e){var t=e.data;if((t||t.secret||t.message||t.value)&&!\/[^a-zA-Z0-9]\/.test(t.secret)){for(var s,r,n,a=l.querySelectorAll('iframe[data-secret=\"'+t.secret+'\"]'),o=l.querySelectorAll('blockquote[data-secret=\"'+t.secret+'\"]'),c=new RegExp(\"^https?:$\",\"i\"),i=0;i<o.length;i++)o[i].style.display=\"none\";for(i=0;i<a.length;i++)s=a[i],e.source===s.contentWindow&&(s.removeAttribute(\"style\"),\"height\"===t.message?(1e3<(r=parseInt(t.value,10))?r=1e3:~~r<200&&(r=200),s.height=r):\"link\"===t.message&&(r=new URL(s.getAttribute(\"src\")),n=new URL(t.value),c.test(n.protocol))&&n.host===r.host&&l.activeElement===s&&(d.top.location.href=t.value))}},d.addEventListener(\"message\",d.wp.receiveEmbedMessage,!1),l.addEventListener(\"DOMContentLoaded\",function(){for(var e,t,s=l.querySelectorAll(\"iframe.wp-embedded-content\"),r=0;r<s.length;r++)(t=(e=s[r]).getAttribute(\"data-secret\"))||(t=Math.random().toString(36).substring(2,12),e.src+=\"#?secret=\"+t,e.setAttribute(\"data-secret\",t)),e.contentWindow.postMessage({message:\"ready\",secret:t},\"*\")},!1)))}(window,document);\n\/\/# sourceURL=https:\/\/www.steveelkas.com\/wp-includes\/js\/wp-embed.min.js\n\/* ]]> *\/\n<\/script>\n","thumbnail_url":"https:\/\/www.steveelkas.com\/wp-content\/uploads\/2023\/01\/Louis-Rousseau226-002.jpg","thumbnail_width":1779,"thumbnail_height":1505,"description":"Au CHSLD d\u2019Youville, le 21 janvier 2023, \u00e0 l\u2019\u00e2ge de 99 ans et 11 mois, est d\u00e9c\u00e9d\u00e9 M. Louis Rousseau, \u00e9poux de feu Mme No\u00eblla Bilodeau, demeurant \u00e0 Sherbrooke. Il \u00e9tait le fils de feu M. Fortunat Rousseau et de feu Mme Sara Doyon. Il laisse dans le deuil ses enfants; Louise (feu Paul Labb\u00e9), [&hellip;]"}

Au CHSLD d’Youville, le 21 janvier 2023, à l’âge de 99 ans et 11 mois, est décédé M. Louis Rousseau, époux de feu Mme Noëlla Bilodeau, demeurant à Sherbrooke. Il était le fils de feu M. Fortunat Rousseau et de feu Mme Sara Doyon. Il laisse dans le deuil ses enfants; Louise (feu Paul Labbé), [&hellip;]
