{"version":"1.0","provider_name":"Steve L. Elkas Funeral Home","provider_url":"https:\/\/www.steveelkas.com\/en\/","title":"M. Luc Forest &#8212; Steve L. Elkas Funeral Home","type":"rich","width":600,"height":338,"html":"<blockquote class=\"wp-embedded-content\" data-secret=\"3ve5T0SH0v\"><a href=\"https:\/\/www.steveelkas.com\/en\/obituaries\/m-luc-forest\/\">M. Luc Forest<\/a><\/blockquote><iframe sandbox=\"allow-scripts\" security=\"restricted\" src=\"https:\/\/www.steveelkas.com\/en\/obituaries\/m-luc-forest\/embed\/#?secret=3ve5T0SH0v\" width=\"600\" height=\"338\" title=\"&#8220;M. Luc Forest&#8221; &#8212; Steve L. Elkas Funeral Home\" data-secret=\"3ve5T0SH0v\" frameborder=\"0\" marginwidth=\"0\" marginheight=\"0\" scrolling=\"no\" class=\"wp-embedded-content\"><\/iframe><script type=\"text\/javascript\">\n\/* <![CDATA[ *\/\n\/*! This file is auto-generated *\/\n!function(d,l){\"use strict\";l.querySelector&&d.addEventListener&&\"undefined\"!=typeof URL&&(d.wp=d.wp||{},d.wp.receiveEmbedMessage||(d.wp.receiveEmbedMessage=function(e){var t=e.data;if((t||t.secret||t.message||t.value)&&!\/[^a-zA-Z0-9]\/.test(t.secret)){for(var s,r,n,a=l.querySelectorAll('iframe[data-secret=\"'+t.secret+'\"]'),o=l.querySelectorAll('blockquote[data-secret=\"'+t.secret+'\"]'),c=new RegExp(\"^https?:$\",\"i\"),i=0;i<o.length;i++)o[i].style.display=\"none\";for(i=0;i<a.length;i++)s=a[i],e.source===s.contentWindow&&(s.removeAttribute(\"style\"),\"height\"===t.message?(1e3<(r=parseInt(t.value,10))?r=1e3:~~r<200&&(r=200),s.height=r):\"link\"===t.message&&(r=new URL(s.getAttribute(\"src\")),n=new URL(t.value),c.test(n.protocol))&&n.host===r.host&&l.activeElement===s&&(d.top.location.href=t.value))}},d.addEventListener(\"message\",d.wp.receiveEmbedMessage,!1),l.addEventListener(\"DOMContentLoaded\",function(){for(var e,t,s=l.querySelectorAll(\"iframe.wp-embedded-content\"),r=0;r<s.length;r++)(t=(e=s[r]).getAttribute(\"data-secret\"))||(t=Math.random().toString(36).substring(2,12),e.src+=\"#?secret=\"+t,e.setAttribute(\"data-secret\",t)),e.contentWindow.postMessage({message:\"ready\",secret:t},\"*\")},!1)))}(window,document);\n\/\/# sourceURL=https:\/\/www.steveelkas.com\/wp-includes\/js\/wp-embed.min.js\n\/* ]]> *\/\n<\/script>\n","thumbnail_url":"https:\/\/www.steveelkas.com\/wp-content\/uploads\/2026\/03\/Luc-Forest-MOD.jpg","thumbnail_width":408,"thumbnail_height":550,"description":"C\u2019est avec une profonde tristesse que nous vous annon\u00e7ons le d\u00e9c\u00e8s de M. Luc Forest, survenu le 26 f\u00e9vrier 2026 \u00e0 l\u2019\u00e2ge de 89 ans et 10 mois. Il \u00e9tait le fils de feu Joseph Forest et de feu L\u00e9ontine Bourrassa Auger. Il laisse dans le deuil sa conjointe Lynda C\u00f4t\u00e9, ses enfants\u00a0: Diane (Raymond) [&hellip;]"}

C’est avec une profonde tristesse que nous vous annonçons le décès de M. Luc Forest, survenu le 26 février 2026 à l’âge de 89 ans et 10 mois. Il était le fils de feu Joseph Forest et de feu Léontine Bourrassa Auger. Il laisse dans le deuil sa conjointe Lynda Côté, ses enfants : Diane (Raymond) [&hellip;]
