{"version":"1.0","provider_name":"Steve L. Elkas Funeral Home","provider_url":"https:\/\/www.steveelkas.com\/en\/","title":"M. Lucien Marois &#8212; Steve L. Elkas Funeral Home","type":"rich","width":600,"height":338,"html":"<blockquote class=\"wp-embedded-content\" data-secret=\"JaNs55lgHG\"><a href=\"https:\/\/www.steveelkas.com\/en\/obituaries\/m-lucien-marois\/\">M. Lucien Marois<\/a><\/blockquote><iframe sandbox=\"allow-scripts\" security=\"restricted\" src=\"https:\/\/www.steveelkas.com\/en\/obituaries\/m-lucien-marois\/embed\/#?secret=JaNs55lgHG\" width=\"600\" height=\"338\" title=\"&#8220;M. Lucien Marois&#8221; &#8212; Steve L. Elkas Funeral Home\" data-secret=\"JaNs55lgHG\" frameborder=\"0\" marginwidth=\"0\" marginheight=\"0\" scrolling=\"no\" class=\"wp-embedded-content\"><\/iframe><script type=\"text\/javascript\">\n\/* <![CDATA[ *\/\n\/*! This file is auto-generated *\/\n!function(d,l){\"use strict\";l.querySelector&&d.addEventListener&&\"undefined\"!=typeof URL&&(d.wp=d.wp||{},d.wp.receiveEmbedMessage||(d.wp.receiveEmbedMessage=function(e){var t=e.data;if((t||t.secret||t.message||t.value)&&!\/[^a-zA-Z0-9]\/.test(t.secret)){for(var s,r,n,a=l.querySelectorAll('iframe[data-secret=\"'+t.secret+'\"]'),o=l.querySelectorAll('blockquote[data-secret=\"'+t.secret+'\"]'),c=new RegExp(\"^https?:$\",\"i\"),i=0;i<o.length;i++)o[i].style.display=\"none\";for(i=0;i<a.length;i++)s=a[i],e.source===s.contentWindow&&(s.removeAttribute(\"style\"),\"height\"===t.message?(1e3<(r=parseInt(t.value,10))?r=1e3:~~r<200&&(r=200),s.height=r):\"link\"===t.message&&(r=new URL(s.getAttribute(\"src\")),n=new URL(t.value),c.test(n.protocol))&&n.host===r.host&&l.activeElement===s&&(d.top.location.href=t.value))}},d.addEventListener(\"message\",d.wp.receiveEmbedMessage,!1),l.addEventListener(\"DOMContentLoaded\",function(){for(var e,t,s=l.querySelectorAll(\"iframe.wp-embedded-content\"),r=0;r<s.length;r++)(t=(e=s[r]).getAttribute(\"data-secret\"))||(t=Math.random().toString(36).substring(2,12),e.src+=\"#?secret=\"+t,e.setAttribute(\"data-secret\",t)),e.contentWindow.postMessage({message:\"ready\",secret:t},\"*\")},!1)))}(window,document);\n\/\/# sourceURL=https:\/\/www.steveelkas.com\/wp-includes\/js\/wp-embed.min.js\n\/* ]]> *\/\n<\/script>\n","thumbnail_url":"https:\/\/www.steveelkas.com\/wp-content\/uploads\/2022\/08\/1-lucien-marois150.jpg","thumbnail_width":1174,"thumbnail_height":1630,"description":"Au CHSLD Argyll de Sherbrooke, entour\u00e9 des siens, est d\u00e9c\u00e9d\u00e9, le 12 ao\u00fbt 2022, M. Lucien Marois \u00e9poux de Rita Foley, fils de feu Ephrem Marois et de feu Antoinette Sheink. Il laisse dans le deuil, ses enfants : Nancy, Andr\u00e9 (Carole) et Lena Dionne ainsi que Nathalie (Luc Lepage), ses petits-enfants : Luke, Miranda, [&hellip;]"}

Au CHSLD Argyll de Sherbrooke, entouré des siens, est décédé, le 12 août 2022, M. Lucien Marois époux de Rita Foley, fils de feu Ephrem Marois et de feu Antoinette Sheink. Il laisse dans le deuil, ses enfants : Nancy, André (Carole) et Lena Dionne ainsi que Nathalie (Luc Lepage), ses petits-enfants : Luke, Miranda, [&hellip;]
