{"version":"1.0","provider_name":"Steve L. Elkas Funeral Home","provider_url":"https:\/\/www.steveelkas.com\/en\/","title":"M. Marc Jolin &#8212; Steve L. Elkas Funeral Home","type":"rich","width":600,"height":338,"html":"<blockquote class=\"wp-embedded-content\" data-secret=\"oKXg8bmFvX\"><a href=\"https:\/\/www.steveelkas.com\/en\/obituaries\/m-marc-jolin\/\">M. Marc Jolin<\/a><\/blockquote><iframe sandbox=\"allow-scripts\" security=\"restricted\" src=\"https:\/\/www.steveelkas.com\/en\/obituaries\/m-marc-jolin\/embed\/#?secret=oKXg8bmFvX\" width=\"600\" height=\"338\" title=\"&#8220;M. Marc Jolin&#8221; &#8212; Steve L. Elkas Funeral Home\" data-secret=\"oKXg8bmFvX\" frameborder=\"0\" marginwidth=\"0\" marginheight=\"0\" scrolling=\"no\" class=\"wp-embedded-content\"><\/iframe><script type=\"text\/javascript\">\n\/* <![CDATA[ *\/\n\/*! This file is auto-generated *\/\n!function(d,l){\"use strict\";l.querySelector&&d.addEventListener&&\"undefined\"!=typeof URL&&(d.wp=d.wp||{},d.wp.receiveEmbedMessage||(d.wp.receiveEmbedMessage=function(e){var t=e.data;if((t||t.secret||t.message||t.value)&&!\/[^a-zA-Z0-9]\/.test(t.secret)){for(var s,r,n,a=l.querySelectorAll('iframe[data-secret=\"'+t.secret+'\"]'),o=l.querySelectorAll('blockquote[data-secret=\"'+t.secret+'\"]'),c=new RegExp(\"^https?:$\",\"i\"),i=0;i<o.length;i++)o[i].style.display=\"none\";for(i=0;i<a.length;i++)s=a[i],e.source===s.contentWindow&&(s.removeAttribute(\"style\"),\"height\"===t.message?(1e3<(r=parseInt(t.value,10))?r=1e3:~~r<200&&(r=200),s.height=r):\"link\"===t.message&&(r=new URL(s.getAttribute(\"src\")),n=new URL(t.value),c.test(n.protocol))&&n.host===r.host&&l.activeElement===s&&(d.top.location.href=t.value))}},d.addEventListener(\"message\",d.wp.receiveEmbedMessage,!1),l.addEventListener(\"DOMContentLoaded\",function(){for(var e,t,s=l.querySelectorAll(\"iframe.wp-embedded-content\"),r=0;r<s.length;r++)(t=(e=s[r]).getAttribute(\"data-secret\"))||(t=Math.random().toString(36).substring(2,12),e.src+=\"#?secret=\"+t,e.setAttribute(\"data-secret\",t)),e.contentWindow.postMessage({message:\"ready\",secret:t},\"*\")},!1)))}(window,document);\n\/\/# sourceURL=https:\/\/www.steveelkas.com\/wp-includes\/js\/wp-embed.min.js\n\/* ]]> *\/\n<\/script>\n","thumbnail_url":"https:\/\/www.steveelkas.com\/wp-content\/uploads\/2023\/08\/Marc-Jolin.jpg","thumbnail_width":481,"thumbnail_height":597,"description":"1938 \u2013 2023 Au CHSLD St-Vincent de Sherbrooke, le 29 juillet 2023, s\u2019est \u00e9teint monsieur Marc Jolin \u00e0 l\u2019\u00e2ge de 84 ans. Il \u00e9tait le fils de feu Alcide Jolin et de feu D\u00e9lima Gagnon. Monsieur Jolin laisse dans le deuil son fr\u00e8re et ses s\u0153urs\u00a0: Gilles (Huguette), Gis\u00e8le (feu Roger Lef\u00e8bvre), Yolande (feu G\u00e9rard [&hellip;]"}

1938 – 2023 Au CHSLD St-Vincent de Sherbrooke, le 29 juillet 2023, s’est éteint monsieur Marc Jolin à l’âge de 84 ans. Il était le fils de feu Alcide Jolin et de feu Délima Gagnon. Monsieur Jolin laisse dans le deuil son frère et ses sœurs : Gilles (Huguette), Gisèle (feu Roger Lefèbvre), Yolande (feu Gérard [&hellip;]
