{"version":"1.0","provider_name":"Steve L. Elkas Funeral Home","provider_url":"https:\/\/www.steveelkas.com\/en\/","title":"M. Marc Tardif &#8212; Steve L. Elkas Funeral Home","type":"rich","width":600,"height":338,"html":"<blockquote class=\"wp-embedded-content\" data-secret=\"dBw1j9CTHI\"><a href=\"https:\/\/www.steveelkas.com\/en\/obituaries\/m-marc-tardif\/\">M. Marc Tardif<\/a><\/blockquote><iframe sandbox=\"allow-scripts\" security=\"restricted\" src=\"https:\/\/www.steveelkas.com\/en\/obituaries\/m-marc-tardif\/embed\/#?secret=dBw1j9CTHI\" width=\"600\" height=\"338\" title=\"&#8220;M. Marc Tardif&#8221; &#8212; Steve L. Elkas Funeral Home\" data-secret=\"dBw1j9CTHI\" frameborder=\"0\" marginwidth=\"0\" marginheight=\"0\" scrolling=\"no\" class=\"wp-embedded-content\"><\/iframe><script type=\"text\/javascript\">\n\/* <![CDATA[ *\/\n\/*! This file is auto-generated *\/\n!function(d,l){\"use strict\";l.querySelector&&d.addEventListener&&\"undefined\"!=typeof URL&&(d.wp=d.wp||{},d.wp.receiveEmbedMessage||(d.wp.receiveEmbedMessage=function(e){var t=e.data;if((t||t.secret||t.message||t.value)&&!\/[^a-zA-Z0-9]\/.test(t.secret)){for(var s,r,n,a=l.querySelectorAll('iframe[data-secret=\"'+t.secret+'\"]'),o=l.querySelectorAll('blockquote[data-secret=\"'+t.secret+'\"]'),c=new RegExp(\"^https?:$\",\"i\"),i=0;i<o.length;i++)o[i].style.display=\"none\";for(i=0;i<a.length;i++)s=a[i],e.source===s.contentWindow&&(s.removeAttribute(\"style\"),\"height\"===t.message?(1e3<(r=parseInt(t.value,10))?r=1e3:~~r<200&&(r=200),s.height=r):\"link\"===t.message&&(r=new URL(s.getAttribute(\"src\")),n=new URL(t.value),c.test(n.protocol))&&n.host===r.host&&l.activeElement===s&&(d.top.location.href=t.value))}},d.addEventListener(\"message\",d.wp.receiveEmbedMessage,!1),l.addEventListener(\"DOMContentLoaded\",function(){for(var e,t,s=l.querySelectorAll(\"iframe.wp-embedded-content\"),r=0;r<s.length;r++)(t=(e=s[r]).getAttribute(\"data-secret\"))||(t=Math.random().toString(36).substring(2,12),e.src+=\"#?secret=\"+t,e.setAttribute(\"data-secret\",t)),e.contentWindow.postMessage({message:\"ready\",secret:t},\"*\")},!1)))}(window,document);\n\/\/# sourceURL=https:\/\/www.steveelkas.com\/wp-includes\/js\/wp-embed.min.js\n\/* ]]> *\/\n<\/script>\n","thumbnail_url":"https:\/\/www.steveelkas.com\/wp-content\/uploads\/2022\/10\/Marc-Tardif.jpg","thumbnail_width":386,"thumbnail_height":485,"description":"M.\u00a0 Marc Tardif\u00a0 \u00a0( 1963 \u2013 2022 ) C\u2019est avec une profonde tristesse qu\u2019Alexandre (Julie Parker), David et Marie-Sarah Tardif (Jacob Desrochers) vous font part du d\u00e9c\u00e8s de leur p\u00e8re Marc Tardif, d\u00e9c\u00e9d\u00e9 le 20 octobre 2022 \u00e0 l\u2019\u00e2ge de 59 ans. Il laisse dans le deuil ses parents Florent Tardif et H\u00e9l\u00e8ne Dubois Tardif, [&hellip;]"}

M.  Marc Tardif   ( 1963 – 2022 ) C’est avec une profonde tristesse qu’Alexandre (Julie Parker), David et Marie-Sarah Tardif (Jacob Desrochers) vous font part du décès de leur père Marc Tardif, décédé le 20 octobre 2022 à l’âge de 59 ans. Il laisse dans le deuil ses parents Florent Tardif et Hélène Dubois Tardif, [&hellip;]
