{"version":"1.0","provider_name":"Steve L. Elkas Funeral Home","provider_url":"https:\/\/www.steveelkas.com\/en\/","title":"M. Marcel Lefran\u00e7ois &#8212; Steve L. Elkas Funeral Home","type":"rich","width":600,"height":338,"html":"<blockquote class=\"wp-embedded-content\" data-secret=\"wCkfolzURJ\"><a href=\"https:\/\/www.steveelkas.com\/en\/obituaries\/m-marcel-lefrancois\/\">M. Marcel Lefran\u00e7ois<\/a><\/blockquote><iframe sandbox=\"allow-scripts\" security=\"restricted\" src=\"https:\/\/www.steveelkas.com\/en\/obituaries\/m-marcel-lefrancois\/embed\/#?secret=wCkfolzURJ\" width=\"600\" height=\"338\" title=\"&#8220;M. Marcel Lefran\u00e7ois&#8221; &#8212; Steve L. Elkas Funeral Home\" data-secret=\"wCkfolzURJ\" frameborder=\"0\" marginwidth=\"0\" marginheight=\"0\" scrolling=\"no\" class=\"wp-embedded-content\"><\/iframe><script type=\"text\/javascript\">\n\/* <![CDATA[ *\/\n\/*! This file is auto-generated *\/\n!function(d,l){\"use strict\";l.querySelector&&d.addEventListener&&\"undefined\"!=typeof URL&&(d.wp=d.wp||{},d.wp.receiveEmbedMessage||(d.wp.receiveEmbedMessage=function(e){var t=e.data;if((t||t.secret||t.message||t.value)&&!\/[^a-zA-Z0-9]\/.test(t.secret)){for(var s,r,n,a=l.querySelectorAll('iframe[data-secret=\"'+t.secret+'\"]'),o=l.querySelectorAll('blockquote[data-secret=\"'+t.secret+'\"]'),c=new RegExp(\"^https?:$\",\"i\"),i=0;i<o.length;i++)o[i].style.display=\"none\";for(i=0;i<a.length;i++)s=a[i],e.source===s.contentWindow&&(s.removeAttribute(\"style\"),\"height\"===t.message?(1e3<(r=parseInt(t.value,10))?r=1e3:~~r<200&&(r=200),s.height=r):\"link\"===t.message&&(r=new URL(s.getAttribute(\"src\")),n=new URL(t.value),c.test(n.protocol))&&n.host===r.host&&l.activeElement===s&&(d.top.location.href=t.value))}},d.addEventListener(\"message\",d.wp.receiveEmbedMessage,!1),l.addEventListener(\"DOMContentLoaded\",function(){for(var e,t,s=l.querySelectorAll(\"iframe.wp-embedded-content\"),r=0;r<s.length;r++)(t=(e=s[r]).getAttribute(\"data-secret\"))||(t=Math.random().toString(36).substring(2,12),e.src+=\"#?secret=\"+t,e.setAttribute(\"data-secret\",t)),e.contentWindow.postMessage({message:\"ready\",secret:t},\"*\")},!1)))}(window,document);\n\/\/# sourceURL=https:\/\/www.steveelkas.com\/wp-includes\/js\/wp-embed.min.js\n\/* ]]> *\/\n<\/script>\n","thumbnail_url":"https:\/\/www.steveelkas.com\/wp-content\/uploads\/2020\/02\/Marcel-Lefran\u00e7ois.png","thumbnail_width":1088,"thumbnail_height":722,"description":"Au Pavillon St-Vincent, le 31 janvier 2020 \u00e0 l\u2019\u00e2ge de 91 ans, est d\u00e9c\u00e9d\u00e9 Monsieur Marcel Lefran\u00e7ois, \u00e9poux de Mme Joncas. Outre son \u00e9pouse, il laisse dans le deuil ses enfants ainsi que plusieurs parents et amis. Selon les volont\u00e9s de M. Lefran\u00e7ois, aucune exposition n\u2019aura lieu. La famille tient \u00e0 remercier le personnel du [&hellip;]"}

M. Marcel Lefrançois &#8212; Steve L. Elkas Funeral Home

<blockquote class="wp-embedded-content" data-secret="wCkfolzURJ"><a href="https://www.steveelkas.com/en/obituaries/m-marcel-lefrancois/">M. Marcel Lefrançois</a></blockquote><iframe sandbox="allow-scripts" security="restricted" src="https://www.steveelkas.com/en/obituaries/m-marcel-lefrancois/embed/#?secret=wCkfolzURJ" width="600" height="338" title="&#8220;M. Marcel Lefrançois&#8221; &#8212; Steve L. Elkas Funeral Home" data-secret="wCkfolzURJ" frameborder="0" marginwidth="0" marginheight="0" scrolling="no" class="wp-embedded-content"></iframe><script type="text/javascript">
/* <![CDATA[ */
/*! This file is auto-generated */
!function(d,l){"use strict";l.querySelector&&d.addEventListener&&"undefined"!=typeof URL&&(d.wp=d.wp||{},d.wp.receiveEmbedMessage||(d.wp.receiveEmbedMessage=function(e){var t=e.data;if((t||t.secret||t.message||t.value)&&!/[^a-zA-Z0-9]/.test(t.secret)){for(var s,r,n,a=l.querySelectorAll('iframe[data-secret="'+t.secret+'"]'),o=l.querySelectorAll('blockquote[data-secret="'+t.secret+'"]'),c=new RegExp("^https?:$","i"),i=0;i<o.length;i++)o[i].style.display="none";for(i=0;i<a.length;i++)s=a[i],e.source===s.contentWindow&&(s.removeAttribute("style"),"height"===t.message?(1e3<(r=parseInt(t.value,10))?r=1e3:~~r<200&&(r=200),s.height=r):"link"===t.message&&(r=new URL(s.getAttribute("src")),n=new URL(t.value),c.test(n.protocol))&&n.host===r.host&&l.activeElement===s&&(d.top.location.href=t.value))}},d.addEventListener("message",d.wp.receiveEmbedMessage,!1),l.addEventListener("DOMContentLoaded",function(){for(var e,t,s=l.querySelectorAll("iframe.wp-embedded-content"),r=0;r<s.length;r++)(t=(e=s[r]).getAttribute("data-secret"))||(t=Math.random().toString(36).substring(2,12),e.src+="#?secret="+t,e.setAttribute("data-secret",t)),e.contentWindow.postMessage({message:"ready",secret:t},"*")},!1)))}(window,document);
//# sourceURL=https://www.steveelkas.com/wp-includes/js/wp-embed.min.js
/* ]]> */
</script>

https://www.steveelkas.com/wp-content/uploads/2020/02/Marcel-Lefrançois.png

Au Pavillon St-Vincent, le 31 janvier 2020 à l’âge de 91 ans, est décédé Monsieur Marcel Lefrançois, époux de Mme Joncas. Outre son épouse, il laisse dans le deuil ses enfants ainsi que plusieurs parents et amis. Selon les volontés de M. Lefrançois, aucune exposition n’aura lieu. La famille tient à remercier le personnel du [&hellip;]
