{"version":"1.0","provider_name":"Steve L. Elkas Funeral Home","provider_url":"https:\/\/www.steveelkas.com\/en\/","title":"M. Mathieu Roux &#8212; Steve L. Elkas Funeral Home","type":"rich","width":600,"height":338,"html":"<blockquote class=\"wp-embedded-content\" data-secret=\"6lrTQb1DC7\"><a href=\"https:\/\/www.steveelkas.com\/en\/obituaries\/m-mathieu-roux\/\">M. Mathieu Roux<\/a><\/blockquote><iframe sandbox=\"allow-scripts\" security=\"restricted\" src=\"https:\/\/www.steveelkas.com\/en\/obituaries\/m-mathieu-roux\/embed\/#?secret=6lrTQb1DC7\" width=\"600\" height=\"338\" title=\"&#8220;M. Mathieu Roux&#8221; &#8212; Steve L. Elkas Funeral Home\" data-secret=\"6lrTQb1DC7\" frameborder=\"0\" marginwidth=\"0\" marginheight=\"0\" scrolling=\"no\" class=\"wp-embedded-content\"><\/iframe><script type=\"text\/javascript\">\n\/* <![CDATA[ *\/\n\/*! This file is auto-generated *\/\n!function(d,l){\"use strict\";l.querySelector&&d.addEventListener&&\"undefined\"!=typeof URL&&(d.wp=d.wp||{},d.wp.receiveEmbedMessage||(d.wp.receiveEmbedMessage=function(e){var t=e.data;if((t||t.secret||t.message||t.value)&&!\/[^a-zA-Z0-9]\/.test(t.secret)){for(var s,r,n,a=l.querySelectorAll('iframe[data-secret=\"'+t.secret+'\"]'),o=l.querySelectorAll('blockquote[data-secret=\"'+t.secret+'\"]'),c=new RegExp(\"^https?:$\",\"i\"),i=0;i<o.length;i++)o[i].style.display=\"none\";for(i=0;i<a.length;i++)s=a[i],e.source===s.contentWindow&&(s.removeAttribute(\"style\"),\"height\"===t.message?(1e3<(r=parseInt(t.value,10))?r=1e3:~~r<200&&(r=200),s.height=r):\"link\"===t.message&&(r=new URL(s.getAttribute(\"src\")),n=new URL(t.value),c.test(n.protocol))&&n.host===r.host&&l.activeElement===s&&(d.top.location.href=t.value))}},d.addEventListener(\"message\",d.wp.receiveEmbedMessage,!1),l.addEventListener(\"DOMContentLoaded\",function(){for(var e,t,s=l.querySelectorAll(\"iframe.wp-embedded-content\"),r=0;r<s.length;r++)(t=(e=s[r]).getAttribute(\"data-secret\"))||(t=Math.random().toString(36).substring(2,12),e.src+=\"#?secret=\"+t,e.setAttribute(\"data-secret\",t)),e.contentWindow.postMessage({message:\"ready\",secret:t},\"*\")},!1)))}(window,document);\n\/\/# sourceURL=https:\/\/www.steveelkas.com\/wp-includes\/js\/wp-embed.min.js\n\/* ]]> *\/\n<\/script>\n","thumbnail_url":"https:\/\/www.steveelkas.com\/wp-content\/uploads\/2023\/04\/Mathieu-Roux-1.jpg","thumbnail_width":768,"thumbnail_height":1187,"description":"M.\u00a0 Mathieu Roux\u00a0 ( 1975 \u2013 2023 ) Le 31 mars 2023, est d\u00e9c\u00e9d\u00e9 subitement Mathieu Roux \u00e2g\u00e9 de 48 ans. Ses fun\u00e9railles ont \u00e9t\u00e9 c\u00e9l\u00e9br\u00e9es le 14 avril 2023 \u00e0 Amarillo au Texas o\u00f9 il vivait avec son \u00e9pouse Samantha Chandler et sa fille Sophie. Outre ces derni\u00e8res, sa belle-famille, ses amis et coll\u00e8gues [&hellip;]"}

M.  Mathieu Roux  ( 1975 – 2023 ) Le 31 mars 2023, est décédé subitement Mathieu Roux âgé de 48 ans. Ses funérailles ont été célébrées le 14 avril 2023 à Amarillo au Texas où il vivait avec son épouse Samantha Chandler et sa fille Sophie. Outre ces dernières, sa belle-famille, ses amis et collègues [&hellip;]
