{"version":"1.0","provider_name":"Steve L. Elkas Funeral Home","provider_url":"https:\/\/www.steveelkas.com\/en\/","title":"M. Michel Charest &#8212; Steve L. Elkas Funeral Home","type":"rich","width":600,"height":338,"html":"<blockquote class=\"wp-embedded-content\" data-secret=\"0f7hx4mytQ\"><a href=\"https:\/\/www.steveelkas.com\/en\/obituaries\/m-michel-charest\/\">M. Michel Charest<\/a><\/blockquote><iframe sandbox=\"allow-scripts\" security=\"restricted\" src=\"https:\/\/www.steveelkas.com\/en\/obituaries\/m-michel-charest\/embed\/#?secret=0f7hx4mytQ\" width=\"600\" height=\"338\" title=\"&#8220;M. Michel Charest&#8221; &#8212; Steve L. Elkas Funeral Home\" data-secret=\"0f7hx4mytQ\" frameborder=\"0\" marginwidth=\"0\" marginheight=\"0\" scrolling=\"no\" class=\"wp-embedded-content\"><\/iframe><script type=\"text\/javascript\">\n\/* <![CDATA[ *\/\n\/*! This file is auto-generated *\/\n!function(d,l){\"use strict\";l.querySelector&&d.addEventListener&&\"undefined\"!=typeof URL&&(d.wp=d.wp||{},d.wp.receiveEmbedMessage||(d.wp.receiveEmbedMessage=function(e){var t=e.data;if((t||t.secret||t.message||t.value)&&!\/[^a-zA-Z0-9]\/.test(t.secret)){for(var s,r,n,a=l.querySelectorAll('iframe[data-secret=\"'+t.secret+'\"]'),o=l.querySelectorAll('blockquote[data-secret=\"'+t.secret+'\"]'),c=new RegExp(\"^https?:$\",\"i\"),i=0;i<o.length;i++)o[i].style.display=\"none\";for(i=0;i<a.length;i++)s=a[i],e.source===s.contentWindow&&(s.removeAttribute(\"style\"),\"height\"===t.message?(1e3<(r=parseInt(t.value,10))?r=1e3:~~r<200&&(r=200),s.height=r):\"link\"===t.message&&(r=new URL(s.getAttribute(\"src\")),n=new URL(t.value),c.test(n.protocol))&&n.host===r.host&&l.activeElement===s&&(d.top.location.href=t.value))}},d.addEventListener(\"message\",d.wp.receiveEmbedMessage,!1),l.addEventListener(\"DOMContentLoaded\",function(){for(var e,t,s=l.querySelectorAll(\"iframe.wp-embedded-content\"),r=0;r<s.length;r++)(t=(e=s[r]).getAttribute(\"data-secret\"))||(t=Math.random().toString(36).substring(2,12),e.src+=\"#?secret=\"+t,e.setAttribute(\"data-secret\",t)),e.contentWindow.postMessage({message:\"ready\",secret:t},\"*\")},!1)))}(window,document);\n\/\/# sourceURL=https:\/\/www.steveelkas.com\/wp-includes\/js\/wp-embed.min.js\n\/* ]]> *\/\n<\/script>\n","thumbnail_url":"https:\/\/www.steveelkas.com\/wp-content\/uploads\/2023\/02\/Michel-Charest-Site-web-1.jpg","thumbnail_width":336,"thumbnail_height":354,"description":"\u00c0 la Maison Aube-Lumi\u00e8re, le 6 f\u00e9vrier 2023, \u00e0 l\u2019\u00e2ge de 77 ans, monsieur Michel Charest, demeurant \u00e0 Sherbrooke. Monsieur Charest est all\u00e9 rejoindre son p\u00e8re feu Charles Charest, sa m\u00e8re feu Fernande Tessier Charest, ses fr\u00e8res feu Jean-Marc et feu Jean-Luc et laisse dans le deuil sa conjointe Mme Madeleine Lemire; ses enfants, Lucie [&hellip;]"}

À la Maison Aube-Lumière, le 6 février 2023, à l’âge de 77 ans, monsieur Michel Charest, demeurant à Sherbrooke. Monsieur Charest est allé rejoindre son père feu Charles Charest, sa mère feu Fernande Tessier Charest, ses frères feu Jean-Marc et feu Jean-Luc et laisse dans le deuil sa conjointe Mme Madeleine Lemire; ses enfants, Lucie [&hellip;]
