{"version":"1.0","provider_name":"Steve L. Elkas Funeral Home","provider_url":"https:\/\/www.steveelkas.com\/en\/","title":"M. Patrick Ferland &#8212; Steve L. Elkas Funeral Home","type":"rich","width":600,"height":338,"html":"<blockquote class=\"wp-embedded-content\" data-secret=\"7F00bhButW\"><a href=\"https:\/\/www.steveelkas.com\/en\/obituaries\/m-patrick-ferland\/\">M. Patrick Ferland<\/a><\/blockquote><iframe sandbox=\"allow-scripts\" security=\"restricted\" src=\"https:\/\/www.steveelkas.com\/en\/obituaries\/m-patrick-ferland\/embed\/#?secret=7F00bhButW\" width=\"600\" height=\"338\" title=\"&#8220;M. Patrick Ferland&#8221; &#8212; Steve L. Elkas Funeral Home\" data-secret=\"7F00bhButW\" frameborder=\"0\" marginwidth=\"0\" marginheight=\"0\" scrolling=\"no\" class=\"wp-embedded-content\"><\/iframe><script type=\"text\/javascript\">\n\/* <![CDATA[ *\/\n\/*! This file is auto-generated *\/\n!function(d,l){\"use strict\";l.querySelector&&d.addEventListener&&\"undefined\"!=typeof URL&&(d.wp=d.wp||{},d.wp.receiveEmbedMessage||(d.wp.receiveEmbedMessage=function(e){var t=e.data;if((t||t.secret||t.message||t.value)&&!\/[^a-zA-Z0-9]\/.test(t.secret)){for(var s,r,n,a=l.querySelectorAll('iframe[data-secret=\"'+t.secret+'\"]'),o=l.querySelectorAll('blockquote[data-secret=\"'+t.secret+'\"]'),c=new RegExp(\"^https?:$\",\"i\"),i=0;i<o.length;i++)o[i].style.display=\"none\";for(i=0;i<a.length;i++)s=a[i],e.source===s.contentWindow&&(s.removeAttribute(\"style\"),\"height\"===t.message?(1e3<(r=parseInt(t.value,10))?r=1e3:~~r<200&&(r=200),s.height=r):\"link\"===t.message&&(r=new URL(s.getAttribute(\"src\")),n=new URL(t.value),c.test(n.protocol))&&n.host===r.host&&l.activeElement===s&&(d.top.location.href=t.value))}},d.addEventListener(\"message\",d.wp.receiveEmbedMessage,!1),l.addEventListener(\"DOMContentLoaded\",function(){for(var e,t,s=l.querySelectorAll(\"iframe.wp-embedded-content\"),r=0;r<s.length;r++)(t=(e=s[r]).getAttribute(\"data-secret\"))||(t=Math.random().toString(36).substring(2,12),e.src+=\"#?secret=\"+t,e.setAttribute(\"data-secret\",t)),e.contentWindow.postMessage({message:\"ready\",secret:t},\"*\")},!1)))}(window,document);\n\/\/# sourceURL=https:\/\/www.steveelkas.com\/wp-includes\/js\/wp-embed.min.js\n\/* ]]> *\/\n<\/script>\n","thumbnail_url":"https:\/\/www.steveelkas.com\/wp-content\/uploads\/2026\/03\/Patrick-Ferland-1.jpg","thumbnail_width":408,"thumbnail_height":550,"description":"C\u2019est avec une profonde tristesse que nous vous annon\u00e7ons le d\u00e9c\u00e8s de M. Patrick Ferland. Il s\u2019est \u00e9teint le 1er mars 2026, \u00e0 l\u2019h\u00f4pital des Sources, \u00e0 l\u2019\u00e2ge de 51 ans. Il \u00e9tait le fils de Mme Louise Lemay et de feu Richard Ferland. Outre sa m\u00e8re, il laisse dans le deuil son fr\u00e8re Daniel, [&hellip;]"}

C’est avec une profonde tristesse que nous vous annonçons le décès de M. Patrick Ferland. Il s’est éteint le 1er mars 2026, à l’hôpital des Sources, à l’âge de 51 ans. Il était le fils de Mme Louise Lemay et de feu Richard Ferland. Outre sa mère, il laisse dans le deuil son frère Daniel, [&hellip;]
